-- https://www.phpmyadmin.net/
--

START TRANSACTION;



--
-- Database: `payroll_scs`
--

-- --------------------------------------------------------

--
-- Table structure for table `attendance_rules`
--

CREATE TABLE `attendance_rules` (
  `atte_rule_id` int(11) NOT NULL,
  `in_time` varchar(11) NOT NULL,
  `out_time` varchar(11) NOT NULL,
  `allowed_in_time` varchar(11) NOT NULL,
  `allowed_out_time` varchar(11) NOT NULL,
  `latemark_allowed_time` varchar(11) NOT NULL,
  `latemark_allowed_in_month` int(11) NOT NULL,
  `pl_allowed_per_month` int(11) NOT NULL,
  `cl_allowed_per_month` int(11) NOT NULL,
  `lop_allowed_per_month` int(11) NOT NULL,
  `emp_ids` varchar(250) NOT NULL,
  `dept_id` int(11) NOT NULL,
  `is_active` int(11) NOT NULL DEFAULT '1',
  `added_by` int(11) NOT NULL,
  `added_date` datetime NOT NULL,
  `modified_by` int(11) DEFAULT NULL,
  `modified_date` timestamp NULL DEFAULT CURRENT_TIMESTAMP,
  `insertion_type` varchar(15) NOT NULL
) ENGINE=InnoDB DEFAULT CHARSET=utf8mb4;

-- --------------------------------------------------------

--
-- Table structure for table `company`
--

CREATE TABLE `company` (
  `cmp_id` int(11) NOT NULL,
  `cmp_name` varchar(250) NOT NULL,
  `cmp_address` varchar(250) NOT NULL,
  `country` varchar(250) NOT NULL,
  `state` varchar(250) NOT NULL,
  `city` varchar(250) NOT NULL,
  `is_active` int(1) NOT NULL,
  `pincode` int(10) NOT NULL,
  `created_by` int(11) NOT NULL,
  `created_on` datetime NOT NULL,
  `updated_by` int(11) NOT NULL,
  `updated_on` datetime NOT NULL
) ENGINE=InnoDB DEFAULT CHARSET=utf8mb4;

-- --------------------------------------------------------

--
-- Table structure for table `company_branches`
--

CREATE TABLE `company_branches` (
  `branch_id` int(11) NOT NULL,
  `branch_name` varchar(50) NOT NULL,
  `is_active` int(1) NOT NULL DEFAULT '0',
  `created_by` int(11) NOT NULL,
  `created_on` datetime NOT NULL,
  `updated_by` int(11) NOT NULL,
  `updated_on` timestamp NOT NULL DEFAULT CURRENT_TIMESTAMP ON UPDATE CURRENT_TIMESTAMP
) ENGINE=InnoDB DEFAULT CHARSET=utf8mb4;

--
-- Dumping data for table `company_branches`
--

INSERT INTO `company_branches` (`branch_id`, `branch_name`, `is_active`, `created_by`, `created_on`, `updated_by`, `updated_on`) VALUES
(1, 'Mumbai', 1, 0, '2023-10-20 09:49:17', 0, '2023-10-20 09:49:17'),
(2, 'Delhi', 1, 0, '2023-10-20 10:46:35', 0, '2023-10-20 10:46:35'),
(3, 'Thane', 1, 1, '2023-11-21 04:53:44', 1, '2024-02-02 01:35:10'),
(4, 'Airoli', 1, 1, '2023-12-22 07:08:28', 1, '2024-02-02 01:36:29'),
(5, 'test', 1, 1, '2023-12-22 07:09:08', 1, '2024-02-02 01:38:32');

-- --------------------------------------------------------

--
-- Table structure for table `contact_us`
--

CREATE TABLE `contact_us` (
  `contact_us_id` int(11) NOT NULL,
  `c_name` varchar(250) NOT NULL,
  `c_mail` varchar(250) NOT NULL,
  `c_ph` int(15) NOT NULL,
  `msg` text NOT NULL,
  `created_by` int(11) NOT NULL,
  `created_on` datetime NOT NULL
) ENGINE=InnoDB DEFAULT CHARSET=utf8mb4;

-- --------------------------------------------------------

--
-- Table structure for table `department`
--

CREATE TABLE `department` (
  `dept_id` int(11) NOT NULL,
  `branch_id` int(11) NOT NULL,
  `dept_name` varchar(250) NOT NULL,
  `is_active` int(1) NOT NULL,
  `created_by` int(11) NOT NULL,
  `created_on` datetime NOT NULL,
  `updated_by` int(11) NOT NULL,
  `updated_on` timestamp NOT NULL DEFAULT CURRENT_TIMESTAMP ON UPDATE CURRENT_TIMESTAMP
) ENGINE=InnoDB DEFAULT CHARSET=utf8mb4;

--
-- Dumping data for table `department`
--

INSERT INTO `department` (`dept_id`, `branch_id`, `dept_name`, `is_active`, `created_by`, `created_on`, `updated_by`, `updated_on`) VALUES
(1, 2, 'IT', 1, 0, '2023-10-20 09:56:11', 1, '2023-10-20 23:10:46'),
(2, 1, 'OPS', 1, 0, '2023-10-20 10:51:28', 1, '2023-10-20 23:10:45'),
(3, 1, 'BDE', 0, 0, '2023-10-20 10:51:49', 1, '2024-01-21 23:20:49'),
(4, 1, 'IT', 1, 1, '2023-11-21 04:54:04', 0, '2023-11-21 04:54:04'),
(5, 2, 'Operation', 1, 1, '2023-12-22 07:11:13', 1, '2024-01-25 06:08:01'),
(6, 3, 'BDE', 1, 1, '2024-02-02 07:05:21', 0, '2024-02-02 07:05:21'),
(7, 3, 'IT', 1, 1, '2024-02-02 07:05:27', 0, '2024-02-02 07:05:27'),
(8, 3, 'Operation', 1, 1, '2024-02-02 07:05:35', 0, '2024-02-02 07:05:35'),
(9, 4, 'BDE', 1, 1, '2024-02-02 07:07:01', 0, '2024-02-02 07:07:01'),
(10, 4, 'IT', 1, 1, '2024-02-02 07:07:08', 0, '2024-02-02 07:07:08'),
(11, 4, 'Operation', 1, 1, '2024-02-02 07:07:17', 0, '2024-02-02 07:07:17'),
(12, 5, 'BDE', 1, 1, '2024-02-02 07:08:47', 0, '2024-02-02 07:08:47'),
(13, 5, 'IT', 1, 1, '2024-02-02 07:08:53', 0, '2024-02-02 07:08:53'),
(14, 5, 'Operation', 1, 1, '2024-02-02 07:09:03', 0, '2024-02-02 07:09:03');

-- --------------------------------------------------------

--
-- Table structure for table `email_logs`
--

CREATE TABLE `email_logs` (
  `id` int(11) NOT NULL,
  `to` varchar(200) DEFAULT NULL,
  `cc` varchar(200) DEFAULT NULL,
  `bcc` varchar(200) DEFAULT NULL,
  `subject` varchar(200) DEFAULT NULL,
  `attachment` text,
  `msg` longtext,
  `sent_on` timestamp NULL DEFAULT CURRENT_TIMESTAMP ON UPDATE CURRENT_TIMESTAMP,
  `status` int(1) DEFAULT '1',
  `error_log` text NOT NULL,
  `sent_by` varchar(100) DEFAULT NULL
) ENGINE=InnoDB DEFAULT CHARSET=utf8mb4;

-- --------------------------------------------------------

--
-- Table structure for table `employee_attendence`
--

CREATE TABLE `employee_attendence` (
  `atte_id` int(11) NOT NULL,
  `emp_id` int(11) NOT NULL,
  `attendance` varchar(1) NOT NULL,
  `in_time` time NOT NULL,
  `out_time` time NOT NULL,
  `attendence_date` date NOT NULL,
  `logout_reason` varchar(300) NOT NULL
) ENGINE=InnoDB DEFAULT CHARSET=utf8mb4;

--
-- Dumping data for table `employee_attendence`
--

INSERT INTO `employee_attendence` (`atte_id`, `emp_id`, `attendance`, `in_time`, `out_time`, `attendence_date`, `logout_reason`) VALUES
(1, 1, 'P', '12:30:05', '12:36:56', '2023-11-21', ''),
(2, 1, 'P', '06:33:40', '00:00:00', '2023-11-22', ''),
(3, 1, 'P', '10:26:06', '00:00:00', '2023-12-13', ''),
(4, 1, 'P', '07:07:46', '00:00:00', '2023-12-22', ''),
(5, 1, 'P', '04:20:26', '18:35:00', '2023-12-29', 'testing purpose'),
(6, 1, 'P', '08:23:39', '18:35:00', '2023-12-30', 'testing'),
(7, 1, 'P', '07:47:19', '08:39:07', '2024-01-04', ''),
(8, 1, 'P', '06:36:08', '00:00:00', '2024-01-05', ''),
(9, 1, 'P', '07:33:23', '00:00:00', '2024-01-12', ''),
(10, 1, 'P', '10:43:16', '10:45:25', '2024-01-16', ''),
(11, 1, 'P', '07:14:07', '08:28:10', '2024-01-17', ''),
(12, 1, 'P', '04:50:16', '05:27:25', '2024-01-22', ''),
(13, 1, 'P', '04:55:31', '00:00:00', '2024-01-24', ''),
(14, 1, 'P', '11:37:31', '11:39:38', '2024-01-25', ''),
(15, 1, 'P', '06:26:44', '10:16:52', '2024-02-02', ''),
(16, 1, 'P', '06:26:27', '08:17:46', '2024-02-15', ''),
(17, 1, 'P', '06:50:26', '00:00:00', '2024-02-21', ''),
(18, 1, 'P', '04:18:55', '04:24:59', '2024-06-17', ''),
(19, 1, 'P', '11:12:01', '00:00:00', '2024-07-19', ''),
(20, 1, 'P', '05:30:58', '00:00:00', '2024-10-22', '');

-- --------------------------------------------------------

--
-- Table structure for table `employee_bank_master`
--

CREATE TABLE `employee_bank_master` (
  `id` int(11) NOT NULL,
  `emp_id` int(11) NOT NULL,
  `emp_code` varchar(250) NOT NULL,
  `acc_hol_name` varchar(400) NOT NULL,
  `bank_name` varchar(400) NOT NULL,
  `branch_name` varchar(400) NOT NULL,
  `acc_no` varchar(50) NOT NULL,
  `ifsc_code` varchar(50) NOT NULL,
  `is_active` int(1) NOT NULL,
  `created_by` int(11) NOT NULL,
  `created_on` datetime NOT NULL,
  `updated_by` int(11) NOT NULL,
  `updated_on` timestamp NOT NULL DEFAULT CURRENT_TIMESTAMP ON UPDATE CURRENT_TIMESTAMP
) ENGINE=InnoDB DEFAULT CHARSET=utf8mb4;

--
-- Dumping data for table `employee_bank_master`
--

INSERT INTO `employee_bank_master` (`id`, `emp_id`, `emp_code`, `acc_hol_name`, `bank_name`, `branch_name`, `acc_no`, `ifsc_code`, `is_active`, `created_by`, `created_on`, `updated_by`, `updated_on`) VALUES
(1, 4, 'A/71/E-004', 'Pallavi', 'HDFC Bank', 'Mumbai', '190087007852', 'HDCF000121', 1, 1, '2023-10-21 04:45:36', 0, '2023-10-21 04:45:36'),
(2, 5, 'A/71/E-002', 'priyanka', 'SBI', 'Mumbai', '123456897', 'SBI00001234', 1, 1, '2023-11-21 04:59:31', 0, '2023-11-21 04:59:31');

-- --------------------------------------------------------

--
-- Table structure for table `employee_code_setting`
--

CREATE TABLE `employee_code_setting` (
  `set_id` int(11) NOT NULL,
  `org_nm` varchar(25) NOT NULL,
  `dept` varchar(25) NOT NULL,
  `is_active` int(11) NOT NULL,
  `created_by` int(11) NOT NULL,
  `created_on` date NOT NULL,
  `updated_by` int(11) NOT NULL,
  `updated_on` timestamp NOT NULL DEFAULT CURRENT_TIMESTAMP ON UPDATE CURRENT_TIMESTAMP
) ENGINE=InnoDB DEFAULT CHARSET=utf8mb4;

-- --------------------------------------------------------

--
-- Table structure for table `emp_leaves_transaction`
--

CREATE TABLE `emp_leaves_transaction` (
  `id` int(11) NOT NULL,
  `emp_id` int(11) NOT NULL,
  `leave_type` int(11) NOT NULL,
  `credit_leaves` decimal(10,2) NOT NULL,
  `debit_leaves` decimal(10,2) NOT NULL,
  `trans_date` date NOT NULL,
  `fin_yr` varchar(20) NOT NULL,
  `remark` text NOT NULL,
  `credit_frm_system` varchar(1) NOT NULL,
  `leave_id` int(11) NOT NULL
) ENGINE=InnoDB DEFAULT CHARSET=utf8mb4;

-- --------------------------------------------------------

--
-- Table structure for table `emp_leave_calculation_log`
--

CREATE TABLE `emp_leave_calculation_log` (
  `id` int(11) NOT NULL,
  `emp_id` int(11) NOT NULL,
  `total_no_of_leave` int(11) NOT NULL,
  `leave_type` int(11) NOT NULL,
  `used_leave` decimal(10,2) NOT NULL,
  `from_date` date NOT NULL,
  `to_date` date NOT NULL,
  `leave_id` int(11) NOT NULL
) ENGINE=InnoDB DEFAULT CHARSET=utf8mb4;

-- --------------------------------------------------------

--
-- Table structure for table `emp_sal_breakup`
--

CREATE TABLE `emp_sal_breakup` (
  `id` int(11) NOT NULL,
  `term_name` varchar(50) NOT NULL,
  `is_active` int(1) NOT NULL,
  `ded_type` varchar(1) NOT NULL,
  `is_usable` int(1) NOT NULL,
  `created_by` int(11) NOT NULL,
  `created_on` datetime NOT NULL,
  `updated_by` int(11) NOT NULL,
  `updated_on` timestamp NOT NULL DEFAULT CURRENT_TIMESTAMP ON UPDATE CURRENT_TIMESTAMP
) ENGINE=InnoDB DEFAULT CHARSET=utf8mb4;

--
-- Dumping data for table `emp_sal_breakup`
--

INSERT INTO `emp_sal_breakup` (`id`, `term_name`, `is_active`, `ded_type`, `is_usable`, `created_by`, `created_on`, `updated_by`, `updated_on`) VALUES
(1, 'Employee Code', 1, 'U', 1, 3, '2023-10-03 11:15:52', 3, '2023-10-04 15:38:35'),
(2, 'Employee Name', 1, 'U', 1, 3, '2023-10-03 11:16:12', 0, '2023-10-03 00:16:12'),
(3, 'Days Worked', 1, 'U', 1, 3, '2023-10-03 11:16:30', 0, '2023-10-03 00:16:30'),
(4, 'Week Off', 1, 'U', 1, 3, '2023-10-03 11:16:46', 0, '2023-10-03 00:16:46'),
(5, 'CL', 1, 'U', 1, 3, '2023-10-03 11:17:28', 1, '2023-12-10 23:53:53'),
(6, 'PL', 1, 'U', 1, 3, '2023-10-03 11:17:46', 1, '2023-12-10 23:54:27'),
(7, 'LOP', 1, 'U', 1, 3, '2023-10-03 11:18:07', 1, '2023-12-10 23:54:57'),
(8, 'Parking Charges', 1, 'D', 1, 3, '2023-10-03 11:20:17', 0, '2023-10-03 00:20:17'),
(9, 'Arrears', 1, 'N', 1, 3, '2023-10-03 11:20:37', 0, '2023-10-03 00:20:37'),
(10, 'Bonus Ex-Gratia', 1, 'N', 0, 3, '2023-10-03 11:20:56', 1, '2023-10-30 20:27:29'),
(11, 'Advance', 1, 'D', 1, 3, '2023-10-05 08:34:57', 0, '2023-10-04 21:34:57'),
(12, 'Increment', 1, 'N', 1, 3, '2023-10-05 08:35:23', 1, '2023-10-06 20:43:04'),
(13, 'Other Reimbursement', 1, 'N', 1, 1, '2023-10-07 07:43:21', 1, '2023-11-01 20:02:40'),
(14, 'Other Allowence', 1, 'N', 1, 1, '2023-11-02 07:03:33', 0, '2023-11-02 01:33:33'),
(15, 'Incentives', 1, 'N', 1, 1, '2023-11-02 07:04:23', 0, '2023-11-02 01:34:23'),
(16, 'Security Deposit', 1, 'D', 1, 1, '2023-11-02 07:42:52', 0, '2023-11-02 02:12:52'),
(17, 'TDS', 1, 'D', 1, 1, '2023-11-02 07:43:15', 0, '2023-11-02 02:13:15'),
(18, 'Holidays', 1, 'U', 1, 1, '2023-12-11 10:58:43', 0, '2023-12-11 05:28:43');

-- --------------------------------------------------------

--
-- Table structure for table `holiday_master`
--

CREATE TABLE `holiday_master` (
  `id` int(11) NOT NULL,
  `holiday_desc` varchar(100) NOT NULL,
  `holiday_date` date NOT NULL,
  `holiday_type` varchar(1) NOT NULL,
  `is_active` int(1) NOT NULL DEFAULT '1',
  `created_by` int(11) NOT NULL,
  `created_on` datetime NOT NULL,
  `updated_by` int(11) NOT NULL,
  `updated_on` timestamp NOT NULL DEFAULT CURRENT_TIMESTAMP ON UPDATE CURRENT_TIMESTAMP
) ENGINE=InnoDB DEFAULT CHARSET=utf8mb4;

--
-- Dumping data for table `holiday_master`
--

INSERT INTO `holiday_master` (`id`, `holiday_desc`, `holiday_date`, `holiday_type`, `is_active`, `created_by`, `created_on`, `updated_by`, `updated_on`) VALUES
(1, 'Republic Day ', '2024-01-26', 'F', 1, 1, '2023-11-21 12:30:37', 0, '2023-11-21 12:30:37'),
(2, 'Holi', '2024-03-07', 'F', 1, 1, '2023-11-21 12:31:07', 0, '2023-11-21 12:31:07'),
(3, 'Maharashtra Day', '2024-05-01', 'F', 1, 1, '2023-11-21 12:31:36', 0, '2023-11-21 12:31:36'),
(4, 'Independence Day ', '2024-08-15', 'F', 1, 1, '2023-11-21 12:32:16', 0, '2023-11-21 12:32:16');

-- --------------------------------------------------------

--
-- Table structure for table `itr_master`
--

CREATE TABLE `itr_master` (
  `itr_id` int(11) NOT NULL,
  `gross_amt_from` decimal(10,2) NOT NULL,
  `gross_amt_to` decimal(10,2) NOT NULL,
  `percentage` decimal(10,2) NOT NULL,
  `is_active` int(1) NOT NULL,
  `created_by` int(11) NOT NULL,
  `created_on` datetime NOT NULL,
  `updated_by` int(11) NOT NULL,
  `updated_on` timestamp NOT NULL DEFAULT CURRENT_TIMESTAMP ON UPDATE CURRENT_TIMESTAMP
) ENGINE=InnoDB DEFAULT CHARSET=utf8mb4;

--
-- Dumping data for table `itr_master`
--

INSERT INTO `itr_master` (`itr_id`, `gross_amt_from`, `gross_amt_to`, `percentage`, `is_active`, `created_by`, `created_on`, `updated_by`, `updated_on`) VALUES
(1, 10.00, 50.00, 30.00, 1, 0, '2023-10-20 11:01:12', 0, '2023-10-20 11:01:12');

-- --------------------------------------------------------

--
-- Table structure for table `leave_application`
--

CREATE TABLE `leave_application` (
  `id` int(11) NOT NULL,
  `leave_type` varchar(10) NOT NULL,
  `emp_id` int(11) NOT NULL,
  `from_date` date NOT NULL,
  `to_date` date NOT NULL,
  `leave_form` int(11) NOT NULL,
  `no_of_days` varchar(11) NOT NULL,
  `reason_for_leave` varchar(250) NOT NULL,
  `comment` varchar(250) NOT NULL,
  `approval` int(11) NOT NULL,
  `final_approval` int(11) NOT NULL,
  `approval_status` varchar(1) NOT NULL DEFAULT 'P',
  `appr_rmk` varchar(500) NOT NULL,
  `final_approval_status` varchar(1) NOT NULL DEFAULT 'P',
  `fin_appr_rmk` varchar(500) NOT NULL,
  `status` int(11) NOT NULL,
  `applied_on_date` varchar(10) NOT NULL,
  `created_on` datetime NOT NULL,
  `updated_on` timestamp NOT NULL DEFAULT CURRENT_TIMESTAMP ON UPDATE CURRENT_TIMESTAMP
) ENGINE=InnoDB DEFAULT CHARSET=utf8mb4;

-- --------------------------------------------------------

--
-- Table structure for table `leave_application_approval`
--

CREATE TABLE `leave_application_approval` (
  `id` int(11) NOT NULL,
  `app_id` int(11) NOT NULL,
  `leave_id` int(11) NOT NULL,
  `approval_by` int(11) NOT NULL,
  `level` int(11) NOT NULL,
  `dept_id` int(11) NOT NULL,
  `approval_status` varchar(1) NOT NULL,
  `remark` text NOT NULL,
  `created_on` date NOT NULL,
  `updated_on` timestamp NOT NULL DEFAULT CURRENT_TIMESTAMP ON UPDATE CURRENT_TIMESTAMP
) ENGINE=InnoDB DEFAULT CHARSET=utf8mb4;

-- --------------------------------------------------------

--
-- Table structure for table `leave_approval_setting`
--

CREATE TABLE `leave_approval_setting` (
  `id` int(11) NOT NULL,
  `dept_id` int(11) NOT NULL,
  `emp_id` int(11) NOT NULL,
  `level` int(11) NOT NULL,
  `is_active` int(1) NOT NULL,
  `created_by` int(11) NOT NULL,
  `created_on` date NOT NULL,
  `updated_by` int(11) NOT NULL,
  `updated_on` timestamp NOT NULL DEFAULT CURRENT_TIMESTAMP ON UPDATE CURRENT_TIMESTAMP
) ENGINE=InnoDB DEFAULT CHARSET=utf8mb4;

-- --------------------------------------------------------

--
-- Table structure for table `leave_type`
--

CREATE TABLE `leave_type` (
  `id` int(11) NOT NULL,
  `leave_type` varchar(50) NOT NULL,
  `no_of_days` int(11) NOT NULL,
  `applied_before_days` int(11) NOT NULL,
  `monthly_allowed` int(11) NOT NULL,
  `total_no_of_days` int(11) NOT NULL,
  `active` int(1) NOT NULL,
  `created_by` int(11) NOT NULL,
  `updated_by` int(11) NOT NULL,
  `updated_on` timestamp NOT NULL DEFAULT CURRENT_TIMESTAMP ON UPDATE CURRENT_TIMESTAMP
) ENGINE=InnoDB DEFAULT CHARSET=utf8mb4;

--
-- Dumping data for table `leave_type`
--

INSERT INTO `leave_type` (`id`, `leave_type`, `no_of_days`, `applied_before_days`, `monthly_allowed`, `total_no_of_days`, `active`, `created_by`, `updated_by`, `updated_on`) VALUES
(1, 'CL', 8, 2, 2, 77, 1, 1, 0, '2023-11-04 01:17:08'),
(2, 'PL', 18, 2, 1, 20, 1, 1, 0, '2023-11-04 01:17:49'),
(3, 'LOP', 0, 0, 0, 0, 1, 1, 0, '2023-11-04 01:18:05');

-- --------------------------------------------------------

--
-- Table structure for table `maintain_daily_leave_count`
--

CREATE TABLE `maintain_daily_leave_count` (
  `id` int(11) NOT NULL,
  `count` int(11) NOT NULL,
  `leave_type` int(11) NOT NULL,
  `emp_id` int(11) NOT NULL,
  `att_date` date NOT NULL
) ENGINE=InnoDB DEFAULT CHARSET=utf8mb4;

-- --------------------------------------------------------

--
-- Table structure for table `monthly_salary_details`
--

CREATE TABLE `monthly_salary_details` (
  `id` int(11) NOT NULL,
  `emp_code` varchar(255) NOT NULL,
  `salary_month` varchar(100) NOT NULL,
  `term_name` varchar(255) NOT NULL,
  `term_value` varchar(255) NOT NULL,
  `created_by` int(11) NOT NULL,
  `created_on` timestamp(6) NOT NULL DEFAULT CURRENT_TIMESTAMP(6) ON UPDATE CURRENT_TIMESTAMP(6),
  `updated_by` int(11) NOT NULL,
  `updated_on` timestamp NOT NULL DEFAULT CURRENT_TIMESTAMP
) ENGINE=InnoDB DEFAULT CHARSET=utf8mb4;

--
-- Dumping data for table `monthly_salary_details`
--

INSERT INTO `monthly_salary_details` (`id`, `emp_code`, `salary_month`, `term_name`, `term_value`, `created_by`, `created_on`, `updated_by`, `updated_on`) VALUES
(1, 'A/71/E-006', 'October 2023', 'Employee Code', 'A/71/E-006', 1, '2023-10-30 04:25:20.000000', 0, '2023-10-30 09:55:20'),
(2, 'A/71/E-006', 'October 2023', 'Employee Name', 'Pooja  sharma', 1, '2023-10-30 04:25:20.000000', 0, '2023-10-30 09:55:20'),
(3, 'A/71/E-006', 'October 2023', 'Days Worked', '23', 1, '2023-10-30 04:25:20.000000', 0, '2023-10-30 09:55:20'),
(4, 'A/71/E-006', 'October 2023', 'Week Off', '4', 1, '2023-10-30 04:25:20.000000', 0, '2023-10-30 09:55:20'),
(5, 'A/71/E-006', 'October 2023', 'Full Day Leaves', '3', 1, '2023-10-30 04:25:20.000000', 0, '2023-10-30 09:55:20'),
(6, 'A/71/E-006', 'October 2023', 'Half Day Leaves', '2', 1, '2023-10-30 04:25:20.000000', 0, '2023-10-30 09:55:20'),
(7, 'A/71/E-006', 'October 2023', 'Paid Leaves', '2', 1, '2023-10-30 04:25:20.000000', 0, '2023-10-30 09:55:20'),
(8, 'A/71/E-006', 'October 2023', 'Arrears', '100', 1, '2023-10-30 04:25:20.000000', 0, '2023-10-30 09:55:20'),
(9, 'A/71/E-006', 'October 2023', 'Bonus Ex-Gratia', '1500', 1, '2023-10-30 04:25:20.000000', 0, '2023-10-30 09:55:20'),
(10, 'A/71/E-006', 'October 2023', 'Increment', '2500', 1, '2023-10-30 04:25:20.000000', 0, '2023-10-30 09:55:20'),
(11, 'A/71/E-006', 'October 2023', 'Parking Charges', '250', 1, '2023-10-30 04:25:20.000000', 0, '2023-10-30 09:55:20'),
(12, 'A/71/E-006', 'October 2023', 'Advance', '1500', 1, '2023-10-30 04:25:20.000000', 0, '2023-10-30 09:55:20'),
(13, 'A/71/E-006', 'October 2023', 'Test', '100', 1, '2023-10-30 04:25:20.000000', 0, '2023-10-30 09:55:20'),
(14, 'A/71/E-007', 'October 2023', 'Employee Code', 'A/71/E-007', 1, '2023-10-30 04:32:51.000000', 0, '2023-10-30 10:02:51'),
(15, 'A/71/E-007', 'October 2023', 'Employee Name', 'yogesh  yadav', 1, '2023-10-30 04:32:51.000000', 0, '2023-10-30 10:02:51'),
(16, 'A/71/E-007', 'October 2023', 'Days Worked', '21', 1, '2023-10-30 04:32:51.000000', 0, '2023-10-30 10:02:51'),
(17, 'A/71/E-007', 'October 2023', 'Week Off', '6', 1, '2023-10-30 04:32:51.000000', 0, '2023-10-30 10:02:51'),
(18, 'A/71/E-007', 'October 2023', 'Full Day Leaves', '3', 1, '2023-10-30 04:32:51.000000', 0, '2023-10-30 10:02:51'),
(19, 'A/71/E-007', 'October 2023', 'Half Day Leaves', '2', 1, '2023-10-30 04:32:51.000000', 0, '2023-10-30 10:02:51'),
(20, 'A/71/E-007', 'October 2023', 'Paid Leaves', '2', 1, '2023-10-30 04:32:51.000000', 0, '2023-10-30 10:02:51'),
(21, 'A/71/E-007', 'October 2023', 'Arrears', '1200', 1, '2023-10-30 04:32:51.000000', 0, '2023-10-30 10:02:51'),
(22, 'A/71/E-007', 'October 2023', 'Bonus Ex-Gratia', '2000', 1, '2023-10-30 04:32:51.000000', 0, '2023-10-30 10:02:51'),
(23, 'A/71/E-007', 'October 2023', 'Increment', '250', 1, '2023-10-30 04:32:51.000000', 0, '2023-10-30 10:02:51'),
(24, 'A/71/E-007', 'October 2023', 'Parking Charges', '350', 1, '2023-10-30 04:32:51.000000', 0, '2023-10-30 10:02:51'),
(25, 'A/71/E-007', 'October 2023', 'Advance', '100', 1, '2023-10-30 04:32:51.000000', 0, '2023-10-30 10:02:51'),
(26, 'A/71/E-007', 'October 2023', 'Test', '100', 1, '2023-10-30 04:32:51.000000', 0, '2023-10-30 10:02:51'),
(27, 'A/71/E-002', 'January 2024', 'Employee Code', 'A/71/E-002', 1, '2024-01-23 23:27:13.000000', 0, '2024-01-24 04:57:13'),
(28, 'A/71/E-002', 'January 2024', 'Employee Name', 'Priyanka Kulkarni', 1, '2024-01-23 23:27:13.000000', 0, '2024-01-24 04:57:13'),
(29, 'A/71/E-002', 'January 2024', 'Days Worked', '22', 1, '2024-01-23 23:27:13.000000', 0, '2024-01-24 04:57:13'),
(30, 'A/71/E-002', 'January 2024', 'Week Off', '4', 1, '2024-01-23 23:27:13.000000', 0, '2024-01-24 04:57:13'),
(31, 'A/71/E-002', 'January 2024', 'CL', '1', 1, '2024-01-23 23:27:13.000000', 0, '2024-01-24 04:57:13'),
(32, 'A/71/E-002', 'January 2024', 'PL', '1', 1, '2024-01-23 23:27:13.000000', 0, '2024-01-24 04:57:13'),
(33, 'A/71/E-002', 'January 2024', 'LOP', '2', 1, '2024-01-23 23:27:13.000000', 0, '2024-01-24 04:57:13'),
(34, 'A/71/E-002', 'January 2024', 'Holidays', '1', 1, '2024-01-23 23:27:13.000000', 0, '2024-01-24 04:57:13'),
(35, 'A/71/E-002', 'January 2024', 'Arrears', '0', 1, '2024-01-23 23:27:13.000000', 0, '2024-01-24 04:57:13'),
(36, 'A/71/E-002', 'January 2024', 'Increment', '0', 1, '2024-01-23 23:27:13.000000', 0, '2024-01-24 04:57:13'),
(37, 'A/71/E-002', 'January 2024', 'Other Reimbursement', '0', 1, '2024-01-23 23:27:13.000000', 0, '2024-01-24 04:57:13'),
(38, 'A/71/E-002', 'January 2024', 'Other Allowence', '0', 1, '2024-01-23 23:27:13.000000', 0, '2024-01-24 04:57:13'),
(39, 'A/71/E-002', 'January 2024', 'Incentives', '0', 1, '2024-01-23 23:27:13.000000', 0, '2024-01-24 04:57:13'),
(40, 'A/71/E-002', 'January 2024', 'Parking Charges', '0', 1, '2024-01-23 23:27:13.000000', 0, '2024-01-24 04:57:13'),
(41, 'A/71/E-002', 'January 2024', 'Advance', '0', 1, '2024-01-23 23:27:13.000000', 0, '2024-01-24 04:57:13'),
(42, 'A/71/E-002', 'January 2024', 'Security Deposit', '0', 1, '2024-01-23 23:27:13.000000', 0, '2024-01-24 04:57:13'),
(43, 'A/71/E-002', 'January 2024', 'TDS', '0', 1, '2024-01-23 23:27:13.000000', 0, '2024-01-24 04:57:13'),
(44, 'A/71/E-006', 'January 2024', 'Employee Code', 'A/71/E-006', 1, '2024-01-23 23:27:13.000000', 0, '2024-01-24 04:57:13'),
(45, 'A/71/E-006', 'January 2024', 'Employee Name', 'Pooja  sharma', 1, '2024-01-23 23:27:13.000000', 0, '2024-01-24 04:57:13'),
(46, 'A/71/E-006', 'January 2024', 'Days Worked', '20', 1, '2024-01-23 23:27:13.000000', 0, '2024-01-24 04:57:13'),
(47, 'A/71/E-006', 'January 2024', 'Week Off', '4', 1, '2024-01-23 23:27:13.000000', 0, '2024-01-24 04:57:13'),
(48, 'A/71/E-006', 'January 2024', 'CL', '0', 1, '2024-01-23 23:27:13.000000', 0, '2024-01-24 04:57:13'),
(49, 'A/71/E-006', 'January 2024', 'PL', '3', 1, '2024-01-23 23:27:13.000000', 0, '2024-01-24 04:57:13'),
(50, 'A/71/E-006', 'January 2024', 'LOP', '3', 1, '2024-01-23 23:27:13.000000', 0, '2024-01-24 04:57:13'),
(51, 'A/71/E-006', 'January 2024', 'Holidays', '1', 1, '2024-01-23 23:27:13.000000', 0, '2024-01-24 04:57:13'),
(52, 'A/71/E-006', 'January 2024', 'Arrears', '0', 1, '2024-01-23 23:27:13.000000', 0, '2024-01-24 04:57:13'),
(53, 'A/71/E-006', 'January 2024', 'Increment', '0', 1, '2024-01-23 23:27:13.000000', 0, '2024-01-24 04:57:13'),
(54, 'A/71/E-006', 'January 2024', 'Other Reimbursement', '0', 1, '2024-01-23 23:27:13.000000', 0, '2024-01-24 04:57:13'),
(55, 'A/71/E-006', 'January 2024', 'Other Allowence', '0', 1, '2024-01-23 23:27:13.000000', 0, '2024-01-24 04:57:13'),
(56, 'A/71/E-006', 'January 2024', 'Incentives', '0', 1, '2024-01-23 23:27:13.000000', 0, '2024-01-24 04:57:13'),
(57, 'A/71/E-006', 'January 2024', 'Parking Charges', '0', 1, '2024-01-23 23:27:13.000000', 0, '2024-01-24 04:57:13'),
(58, 'A/71/E-006', 'January 2024', 'Advance', '0', 1, '2024-01-23 23:27:13.000000', 0, '2024-01-24 04:57:13'),
(59, 'A/71/E-006', 'January 2024', 'Security Deposit', '0', 1, '2024-01-23 23:27:13.000000', 0, '2024-01-24 04:57:13'),
(60, 'A/71/E-006', 'January 2024', 'TDS', '0', 1, '2024-01-23 23:27:13.000000', 0, '2024-01-24 04:57:13'),
(61, 'A/71/E-007', 'January 2024', 'Employee Code', 'A/71/E-007', 1, '2024-01-23 23:27:13.000000', 0, '2024-01-24 04:57:13'),
(62, 'A/71/E-007', 'January 2024', 'Employee Name', 'yogesh  yadav', 1, '2024-01-23 23:27:13.000000', 0, '2024-01-24 04:57:13'),
(63, 'A/71/E-007', 'January 2024', 'Days Worked', '20', 1, '2024-01-23 23:27:13.000000', 0, '2024-01-24 04:57:13'),
(64, 'A/71/E-007', 'January 2024', 'Week Off', '4', 1, '2024-01-23 23:27:13.000000', 0, '2024-01-24 04:57:13'),
(65, 'A/71/E-007', 'January 2024', 'CL', '2', 1, '2024-01-23 23:27:13.000000', 0, '2024-01-24 04:57:13'),
(66, 'A/71/E-007', 'January 2024', 'PL', '0', 1, '2024-01-23 23:27:13.000000', 0, '2024-01-24 04:57:13'),
(67, 'A/71/E-007', 'January 2024', 'LOP', '4', 1, '2024-01-23 23:27:13.000000', 0, '2024-01-24 04:57:13'),
(68, 'A/71/E-007', 'January 2024', 'Holidays', '1', 1, '2024-01-23 23:27:13.000000', 0, '2024-01-24 04:57:13'),
(69, 'A/71/E-007', 'January 2024', 'Arrears', '0', 1, '2024-01-23 23:27:13.000000', 0, '2024-01-24 04:57:13'),
(70, 'A/71/E-007', 'January 2024', 'Increment', '0', 1, '2024-01-23 23:27:13.000000', 0, '2024-01-24 04:57:13'),
(71, 'A/71/E-007', 'January 2024', 'Other Reimbursement', '0', 1, '2024-01-23 23:27:13.000000', 0, '2024-01-24 04:57:13'),
(72, 'A/71/E-007', 'January 2024', 'Other Allowence', '0', 1, '2024-01-23 23:27:13.000000', 0, '2024-01-24 04:57:13'),
(73, 'A/71/E-007', 'January 2024', 'Incentives', '0', 1, '2024-01-23 23:27:13.000000', 0, '2024-01-24 04:57:13'),
(74, 'A/71/E-007', 'January 2024', 'Parking Charges', '0', 1, '2024-01-23 23:27:13.000000', 0, '2024-01-24 04:57:13'),
(75, 'A/71/E-007', 'January 2024', 'Advance', '0', 1, '2024-01-23 23:27:13.000000', 0, '2024-01-24 04:57:13'),
(76, 'A/71/E-007', 'January 2024', 'Security Deposit', '0', 1, '2024-01-23 23:27:13.000000', 0, '2024-01-24 04:57:13'),
(77, 'A/71/E-007', 'January 2024', 'TDS', '0', 1, '2024-01-23 23:27:13.000000', 0, '2024-01-24 04:57:13');

-- --------------------------------------------------------

--
-- Table structure for table `monthly_sal_data`
--

CREATE TABLE `monthly_sal_data` (
  `sal_id` int(11) NOT NULL,
  `sal_month` varchar(50) NOT NULL,
  `emp_code` varchar(250) NOT NULL,
  `paid_days` int(11) NOT NULL,
  `month_days` int(11) NOT NULL,
  `breakup_label` varchar(30) NOT NULL,
  `sal_breakup_id` int(11) NOT NULL,
  `monthly_gained_amts` varchar(250) NOT NULL,
  `created_by` int(11) NOT NULL,
  `created_on` datetime NOT NULL,
  `updated_by` int(11) NOT NULL,
  `updated_on` timestamp NOT NULL DEFAULT CURRENT_TIMESTAMP
) ENGINE=InnoDB DEFAULT CHARSET=utf8mb4;

--
-- Dumping data for table `monthly_sal_data`
--

INSERT INTO `monthly_sal_data` (`sal_id`, `sal_month`, `emp_code`, `paid_days`, `month_days`, `breakup_label`, `sal_breakup_id`, `monthly_gained_amts`, `created_by`, `created_on`, `updated_by`, `updated_on`) VALUES
(1, 'October 2023', 'A/71/E-006', 29, 31, 'Basic', 1, '6400.00', 1, '2023-10-30 09:55:22', 0, '2023-10-30 09:55:22'),
(2, 'October 2023', 'A/71/E-006', 29, 31, 'DA', 2, '1600.00', 1, '2023-10-30 09:55:22', 0, '2023-10-30 09:55:22'),
(3, 'October 2023', 'A/71/E-006', 29, 31, 'HRA', 3, '4800.00', 1, '2023-10-30 09:55:22', 0, '2023-10-30 09:55:22'),
(4, 'October 2023', 'A/71/E-006', 29, 31, 'Conveyance', 4, '1600.00', 1, '2023-10-30 09:55:22', 0, '2023-10-30 09:55:22'),
(5, 'October 2023', 'A/71/E-006', 29, 31, 'Medical Allowance', 5, '1600.00', 1, '2023-10-30 09:55:22', 0, '2023-10-30 09:55:22'),
(6, 'October 2023', 'A/71/E-006', 29, 31, 'Employer PF', 7, '1600.00', 1, '2023-10-30 09:55:22', 0, '2023-10-30 09:55:22'),
(7, 'October 2023', 'A/71/E-006', 29, 31, 'Employer ESIC', 8, '1600.00', 1, '2023-10-30 09:55:22', 0, '2023-10-30 09:55:22'),
(8, 'October 2023', 'A/71/E-006', 29, 31, 'Employee PF', 9, '960.00', 1, '2023-10-30 09:55:22', 0, '2023-10-30 09:55:22'),
(9, 'October 2023', 'A/71/E-006', 29, 31, 'Employee ESIC', 10, '120.00', 1, '2023-10-30 09:55:22', 0, '2023-10-30 09:55:22'),
(10, 'October 2023', 'A/71/E-006', 29, 31, 'Professional Tax', 11, '0.00', 1, '2023-10-30 09:55:22', 0, '2023-10-30 09:55:22'),
(11, 'October 2023', 'A/71/E-006', 29, 31, 'Bonus', 12, '0.00', 1, '2023-10-30 09:55:22', 0, '2023-10-30 09:55:22'),
(12, 'October 2023', 'A/71/E-006', 29, 31, 'Employee Code', 1, 'A/71/E-006', 1, '2023-10-30 09:55:22', 0, '2023-10-30 09:55:22'),
(13, 'October 2023', 'A/71/E-006', 29, 31, 'Employee Name', 2, 'Pooja  sharma', 1, '2023-10-30 09:55:22', 0, '2023-10-30 09:55:22'),
(14, 'October 2023', 'A/71/E-006', 29, 31, 'Days Worked', 3, '23', 1, '2023-10-30 09:55:22', 0, '2023-10-30 09:55:22'),
(15, 'October 2023', 'A/71/E-006', 29, 31, 'Week Off', 4, '4', 1, '2023-10-30 09:55:22', 0, '2023-10-30 09:55:22'),
(16, 'October 2023', 'A/71/E-006', 29, 31, 'Full Day Leaves', 5, '3', 1, '2023-10-30 09:55:22', 0, '2023-10-30 09:55:22'),
(17, 'October 2023', 'A/71/E-006', 29, 31, 'Half Day Leaves', 6, '2', 1, '2023-10-30 09:55:22', 0, '2023-10-30 09:55:22'),
(18, 'October 2023', 'A/71/E-006', 29, 31, 'Paid Leaves', 7, '2', 1, '2023-10-30 09:55:22', 0, '2023-10-30 09:55:22'),
(19, 'October 2023', 'A/71/E-006', 29, 31, 'Arrears', 8, '100', 1, '2023-10-30 09:55:22', 0, '2023-10-30 09:55:22'),
(20, 'October 2023', 'A/71/E-006', 29, 31, 'Bonus Ex-Gratia', 9, '1500', 1, '2023-10-30 09:55:22', 0, '2023-10-30 09:55:22'),
(21, 'October 2023', 'A/71/E-006', 29, 31, 'Increment', 10, '2500', 1, '2023-10-30 09:55:22', 0, '2023-10-30 09:55:22'),
(22, 'October 2023', 'A/71/E-006', 29, 31, 'Parking Charges', 11, '250', 1, '2023-10-30 09:55:22', 0, '2023-10-30 09:55:22'),
(23, 'October 2023', 'A/71/E-006', 29, 31, 'Advance', 12, '1500', 1, '2023-10-30 09:55:22', 0, '2023-10-30 09:55:22'),
(24, 'October 2023', 'A/71/E-006', 29, 31, 'Test', 13, '100', 1, '2023-10-30 09:55:22', 0, '2023-10-30 09:55:22'),
(25, 'October 2023', 'A/71/E-007', 29, 31, 'Basic', 1, '10500.00', 1, '2023-10-30 10:02:53', 0, '2023-10-30 10:02:53'),
(26, 'October 2023', 'A/71/E-007', 29, 31, 'DA', 2, '2100.00', 1, '2023-10-30 10:02:53', 0, '2023-10-30 10:02:53'),
(27, 'October 2023', 'A/71/E-007', 29, 31, 'HRA', 3, '6300.00', 1, '2023-10-30 10:02:53', 0, '2023-10-30 10:02:53'),
(28, 'October 2023', 'A/71/E-007', 29, 31, 'Conveyance', 4, '1050.00', 1, '2023-10-30 10:02:53', 0, '2023-10-30 10:02:53'),
(29, 'October 2023', 'A/71/E-007', 29, 31, 'Medical Allowance', 5, '1050.00', 1, '2023-10-30 10:02:53', 0, '2023-10-30 10:02:53'),
(30, 'October 2023', 'A/71/E-007', 29, 31, 'Employer PF', 7, '1050.00', 1, '2023-10-30 10:02:53', 0, '2023-10-30 10:02:53'),
(31, 'October 2023', 'A/71/E-007', 29, 31, 'Employer ESIC', 8, '1050.00', 1, '2023-10-30 10:02:53', 0, '2023-10-30 10:02:53'),
(32, 'October 2023', 'A/71/E-007', 29, 31, 'Employee PF', 9, '0.00', 1, '2023-10-30 10:02:53', 0, '2023-10-30 10:02:53'),
(33, 'October 2023', 'A/71/E-007', 29, 31, 'Employee ESIC', 10, '157.50', 1, '2023-10-30 10:02:53', 0, '2023-10-30 10:02:53'),
(34, 'October 2023', 'A/71/E-007', 29, 31, 'Professional Tax', 11, '0.00', 1, '2023-10-30 10:02:53', 0, '2023-10-30 10:02:53'),
(35, 'October 2023', 'A/71/E-007', 29, 31, 'Bonus', 12, '0.00', 1, '2023-10-30 10:02:53', 0, '2023-10-30 10:02:53'),
(36, 'October 2023', 'A/71/E-007', 29, 31, 'Employee Code', 14, 'A/71/E-007', 1, '2023-10-30 10:02:53', 0, '2023-10-30 10:02:53'),
(37, 'October 2023', 'A/71/E-007', 29, 31, 'Employee Name', 15, 'yogesh  yadav', 1, '2023-10-30 10:02:53', 0, '2023-10-30 10:02:53'),
(38, 'October 2023', 'A/71/E-007', 29, 31, 'Days Worked', 16, '21', 1, '2023-10-30 10:02:53', 0, '2023-10-30 10:02:53'),
(39, 'October 2023', 'A/71/E-007', 29, 31, 'Week Off', 17, '6', 1, '2023-10-30 10:02:53', 0, '2023-10-30 10:02:53'),
(40, 'October 2023', 'A/71/E-007', 29, 31, 'Full Day Leaves', 18, '3', 1, '2023-10-30 10:02:53', 0, '2023-10-30 10:02:53'),
(41, 'October 2023', 'A/71/E-007', 29, 31, 'Half Day Leaves', 19, '2', 1, '2023-10-30 10:02:53', 0, '2023-10-30 10:02:53'),
(42, 'October 2023', 'A/71/E-007', 29, 31, 'Paid Leaves', 20, '2', 1, '2023-10-30 10:02:53', 0, '2023-10-30 10:02:53'),
(43, 'October 2023', 'A/71/E-007', 29, 31, 'Arrears', 21, '1200', 1, '2023-10-30 10:02:53', 0, '2023-10-30 10:02:53'),
(44, 'October 2023', 'A/71/E-007', 29, 31, 'Bonus Ex-Gratia', 22, '2000', 1, '2023-10-30 10:02:53', 0, '2023-10-30 10:02:53'),
(45, 'October 2023', 'A/71/E-007', 29, 31, 'Increment', 23, '250', 1, '2023-10-30 10:02:53', 0, '2023-10-30 10:02:53'),
(46, 'October 2023', 'A/71/E-007', 29, 31, 'Parking Charges', 24, '350', 1, '2023-10-30 10:02:53', 0, '2023-10-30 10:02:53'),
(47, 'October 2023', 'A/71/E-007', 29, 31, 'Advance', 25, '100', 1, '2023-10-30 10:02:53', 0, '2023-10-30 10:02:53'),
(48, 'October 2023', 'A/71/E-007', 29, 31, 'Test', 26, '100', 1, '2023-10-30 10:02:53', 0, '2023-10-30 10:02:53'),
(49, 'January 2024', 'A/71/E-002', 28, 31, 'Basic', 1, '9484', 1, '2024-01-24 06:26:49', 0, '2024-01-24 06:26:49'),
(50, 'January 2024', 'A/71/E-002', 28, 31, 'DA', 2, '1897', 1, '2024-01-24 06:26:49', 0, '2024-01-24 06:26:49'),
(51, 'January 2024', 'A/71/E-002', 28, 31, 'HRA', 3, '5690', 1, '2024-01-24 06:26:49', 0, '2024-01-24 06:26:49'),
(52, 'January 2024', 'A/71/E-002', 28, 31, 'Conveyance', 4, '948', 1, '2024-01-24 06:26:49', 0, '2024-01-24 06:26:49'),
(53, 'January 2024', 'A/71/E-002', 28, 31, 'Medical Allowance', 5, '948', 1, '2024-01-24 06:26:49', 0, '2024-01-24 06:26:49'),
(54, 'January 2024', 'A/71/E-002', 28, 31, 'Employer PF', 7, '1726', 1, '2024-01-24 06:26:49', 0, '2024-01-24 06:26:49'),
(55, 'January 2024', 'A/71/E-002', 28, 31, 'Employer ESIC', 8, '586', 1, '2024-01-24 06:26:49', 0, '2024-01-24 06:26:49'),
(56, 'January 2024', 'A/71/E-002', 28, 31, 'Employee PF', 9, '1593', 1, '2024-01-24 06:26:49', 0, '2024-01-24 06:26:49'),
(57, 'January 2024', 'A/71/E-002', 28, 31, 'Employee ESIC', 10, '135', 1, '2024-01-24 06:26:49', 0, '2024-01-24 06:26:49'),
(58, 'January 2024', 'A/71/E-002', 28, 31, 'Professional Tax', 11, '200', 1, '2024-01-24 06:26:49', 0, '2024-01-24 06:26:49'),
(59, 'January 2024', 'A/71/E-002', 28, 31, 'Bonus', 12, '1749', 1, '2024-01-24 06:26:49', 0, '2024-01-24 06:26:49'),
(60, 'January 2024', 'A/71/E-002', 28, 31, 'Employee Code', 27, 'A/71/E-002', 1, '2024-01-24 06:26:49', 0, '2024-01-24 06:26:49'),
(61, 'January 2024', 'A/71/E-002', 28, 31, 'Employee Name', 28, 'Priyanka Kulkarni', 1, '2024-01-24 06:26:49', 0, '2024-01-24 06:26:49'),
(62, 'January 2024', 'A/71/E-002', 28, 31, 'Days Worked', 29, '22', 1, '2024-01-24 06:26:49', 0, '2024-01-24 06:26:49'),
(63, 'January 2024', 'A/71/E-002', 28, 31, 'Week Off', 30, '4', 1, '2024-01-24 06:26:49', 0, '2024-01-24 06:26:49'),
(64, 'January 2024', 'A/71/E-002', 28, 31, 'CL', 31, '1', 1, '2024-01-24 06:26:49', 0, '2024-01-24 06:26:49'),
(65, 'January 2024', 'A/71/E-002', 28, 31, 'PL', 32, '1', 1, '2024-01-24 06:26:49', 0, '2024-01-24 06:26:49'),
(66, 'January 2024', 'A/71/E-002', 28, 31, 'LOP', 33, '2', 1, '2024-01-24 06:26:49', 0, '2024-01-24 06:26:49'),
(67, 'January 2024', 'A/71/E-002', 28, 31, 'Holidays', 34, '1', 1, '2024-01-24 06:26:49', 0, '2024-01-24 06:26:49'),
(68, 'January 2024', 'A/71/E-002', 28, 31, 'Arrears', 35, '0', 1, '2024-01-24 06:26:49', 0, '2024-01-24 06:26:49'),
(69, 'January 2024', 'A/71/E-002', 28, 31, 'Increment', 36, '0', 1, '2024-01-24 06:26:49', 0, '2024-01-24 06:26:49'),
(70, 'January 2024', 'A/71/E-002', 28, 31, 'Other Reimbursement', 37, '0', 1, '2024-01-24 06:26:49', 0, '2024-01-24 06:26:49'),
(71, 'January 2024', 'A/71/E-002', 28, 31, 'Other Allowence', 38, '0', 1, '2024-01-24 06:26:49', 0, '2024-01-24 06:26:49'),
(72, 'January 2024', 'A/71/E-002', 28, 31, 'Incentives', 39, '0', 1, '2024-01-24 06:26:49', 0, '2024-01-24 06:26:49'),
(73, 'January 2024', 'A/71/E-002', 28, 31, 'Parking Charges', 40, '0', 1, '2024-01-24 06:26:49', 0, '2024-01-24 06:26:49'),
(74, 'January 2024', 'A/71/E-002', 28, 31, 'Advance', 41, '0', 1, '2024-01-24 06:26:49', 0, '2024-01-24 06:26:49'),
(75, 'January 2024', 'A/71/E-002', 28, 31, 'Security Deposit', 42, '0', 1, '2024-01-24 06:26:49', 0, '2024-01-24 06:26:49'),
(76, 'January 2024', 'A/71/E-002', 28, 31, 'TDS', 43, '0', 1, '2024-01-24 06:26:49', 0, '2024-01-24 06:26:49'),
(77, 'January 2024', 'A/71/E-006', 2527, 31, 'Basic', 1, '456490', 1, '2024-01-24 06:26:49', 0, '2024-01-24 06:26:49'),
(78, 'January 2024', 'A/71/E-006', 2527, 31, 'DA', 2, '114123', 1, '2024-01-24 06:26:49', 0, '2024-01-24 06:26:49'),
(79, 'January 2024', 'A/71/E-006', 2527, 31, 'HRA', 3, '342368', 1, '2024-01-24 06:26:49', 0, '2024-01-24 06:26:49'),
(80, 'January 2024', 'A/71/E-006', 2527, 31, 'Conveyance', 4, '114123', 1, '2024-01-24 06:26:49', 0, '2024-01-24 06:26:49'),
(81, 'January 2024', 'A/71/E-006', 2527, 31, 'Medical Allowance', 5, '114123', 1, '2024-01-24 06:26:49', 0, '2024-01-24 06:26:49'),
(82, 'January 2024', 'A/71/E-006', 2527, 31, 'Employer PF', 7, '1950', 1, '2024-01-24 06:26:49', 0, '2024-01-24 06:26:49'),
(83, 'January 2024', 'A/71/E-006', 2527, 31, 'Employer ESIC', 8, '33381', 1, '2024-01-24 06:26:49', 0, '2024-01-24 06:26:49'),
(84, 'January 2024', 'A/71/E-006', 2527, 31, 'Employee PF', 9, '1800', 1, '2024-01-24 06:26:49', 0, '2024-01-24 06:26:49'),
(85, 'January 2024', 'A/71/E-006', 2527, 31, 'Employee ESIC', 10, '7703', 1, '2024-01-24 06:26:49', 0, '2024-01-24 06:26:49'),
(86, 'January 2024', 'A/71/E-006', 2527, 31, 'Professional Tax', 11, '200', 1, '2024-01-24 06:26:49', 0, '2024-01-24 06:26:49'),
(87, 'January 2024', 'A/71/E-006', 2527, 31, 'Bonus', 12, '1166', 1, '2024-01-24 06:26:49', 0, '2024-01-24 06:26:49'),
(88, 'January 2024', 'A/71/E-006', 2527, 31, 'Employee Code', 1, 'A/71/E-006', 1, '2024-01-24 06:26:49', 0, '2024-01-24 06:26:49'),
(89, 'January 2024', 'A/71/E-006', 2527, 31, 'Employee Name', 2, 'Pooja  sharma', 1, '2024-01-24 06:26:49', 0, '2024-01-24 06:26:49'),
(90, 'January 2024', 'A/71/E-006', 2527, 31, 'Days Worked', 3, '23', 1, '2024-01-24 06:26:49', 0, '2024-01-24 06:26:49'),
(91, 'January 2024', 'A/71/E-006', 2527, 31, 'Week Off', 4, '4', 1, '2024-01-24 06:26:49', 0, '2024-01-24 06:26:49'),
(92, 'January 2024', 'A/71/E-006', 2527, 31, 'Arrears', 8, '100', 1, '2024-01-24 06:26:49', 0, '2024-01-24 06:26:49'),
(93, 'January 2024', 'A/71/E-006', 2527, 31, 'Bonus Ex-Gratia', 9, '1500', 1, '2024-01-24 06:26:49', 0, '2024-01-24 06:26:49'),
(94, 'January 2024', 'A/71/E-006', 2527, 31, 'Increment', 10, '2500', 1, '2024-01-24 06:26:49', 0, '2024-01-24 06:26:49'),
(95, 'January 2024', 'A/71/E-006', 2527, 31, 'Parking Charges', 11, '250', 1, '2024-01-24 06:26:49', 0, '2024-01-24 06:26:49'),
(96, 'January 2024', 'A/71/E-006', 2527, 31, 'Advance', 12, '1500', 1, '2024-01-24 06:26:49', 0, '2024-01-24 06:26:49'),
(97, 'January 2024', 'A/71/E-006', 2527, 31, 'CL', 48, '0', 1, '2024-01-24 06:26:49', 0, '2024-01-24 06:26:49'),
(98, 'January 2024', 'A/71/E-006', 2527, 31, 'PL', 49, '3', 1, '2024-01-24 06:26:49', 0, '2024-01-24 06:26:49'),
(99, 'January 2024', 'A/71/E-006', 2527, 31, 'LOP', 50, '3', 1, '2024-01-24 06:26:49', 0, '2024-01-24 06:26:49'),
(100, 'January 2024', 'A/71/E-006', 2527, 31, 'Holidays', 51, '1', 1, '2024-01-24 06:26:49', 0, '2024-01-24 06:26:49'),
(101, 'January 2024', 'A/71/E-006', 2527, 31, 'Other Reimbursement', 54, '0', 1, '2024-01-24 06:26:49', 0, '2024-01-24 06:26:49'),
(102, 'January 2024', 'A/71/E-006', 2527, 31, 'Other Allowence', 55, '0', 1, '2024-01-24 06:26:49', 0, '2024-01-24 06:26:49'),
(103, 'January 2024', 'A/71/E-006', 2527, 31, 'Incentives', 56, '0', 1, '2024-01-24 06:26:49', 0, '2024-01-24 06:26:49'),
(104, 'January 2024', 'A/71/E-006', 2527, 31, 'Security Deposit', 59, '0', 1, '2024-01-24 06:26:49', 0, '2024-01-24 06:26:49'),
(105, 'January 2024', 'A/71/E-006', 2527, 31, 'TDS', 60, '0', 1, '2024-01-24 06:26:49', 0, '2024-01-24 06:26:49'),
(106, 'January 2024', 'A/71/E-007', 277, 31, 'Basic', 1, '96056', 1, '2024-01-24 06:26:49', 0, '2024-01-24 06:26:49'),
(107, 'January 2024', 'A/71/E-007', 277, 31, 'DA', 2, '19211', 1, '2024-01-24 06:26:49', 0, '2024-01-24 06:26:49'),
(108, 'January 2024', 'A/71/E-007', 277, 31, 'HRA', 3, '57634', 1, '2024-01-24 06:26:49', 0, '2024-01-24 06:26:49'),
(109, 'January 2024', 'A/71/E-007', 277, 31, 'Conveyance', 4, '9606', 1, '2024-01-24 06:26:49', 0, '2024-01-24 06:26:49'),
(110, 'January 2024', 'A/71/E-007', 277, 31, 'Medical Allowance', 5, '9606', 1, '2024-01-24 06:26:49', 0, '2024-01-24 06:26:49'),
(111, 'January 2024', 'A/71/E-007', 277, 31, 'Employer PF', 7, '1950', 1, '2024-01-24 06:26:49', 0, '2024-01-24 06:26:49'),
(112, 'January 2024', 'A/71/E-007', 277, 31, 'Employer ESIC', 8, '5931', 1, '2024-01-24 06:26:49', 0, '2024-01-24 06:26:49'),
(113, 'January 2024', 'A/71/E-007', 277, 31, 'Employee PF', 9, '1800', 1, '2024-01-24 06:26:49', 0, '2024-01-24 06:26:49'),
(114, 'January 2024', 'A/71/E-007', 277, 31, 'Employee ESIC', 10, '1369', 1, '2024-01-24 06:26:49', 0, '2024-01-24 06:26:49'),
(115, 'January 2024', 'A/71/E-007', 277, 31, 'Professional Tax', 11, '200', 1, '2024-01-24 06:26:49', 0, '2024-01-24 06:26:49'),
(116, 'January 2024', 'A/71/E-007', 277, 31, 'Bonus', 12, '1791', 1, '2024-01-24 06:26:49', 0, '2024-01-24 06:26:49'),
(117, 'January 2024', 'A/71/E-007', 277, 31, 'Employee Code', 14, 'A/71/E-007', 1, '2024-01-24 06:26:49', 0, '2024-01-24 06:26:49'),
(118, 'January 2024', 'A/71/E-007', 277, 31, 'Employee Name', 15, 'yogesh  yadav', 1, '2024-01-24 06:26:49', 0, '2024-01-24 06:26:49'),
(119, 'January 2024', 'A/71/E-007', 277, 31, 'Days Worked', 16, '21', 1, '2024-01-24 06:26:49', 0, '2024-01-24 06:26:49'),
(120, 'January 2024', 'A/71/E-007', 277, 31, 'Week Off', 17, '6', 1, '2024-01-24 06:26:49', 0, '2024-01-24 06:26:49'),
(121, 'January 2024', 'A/71/E-007', 277, 31, 'Arrears', 21, '1200', 1, '2024-01-24 06:26:49', 0, '2024-01-24 06:26:49'),
(122, 'January 2024', 'A/71/E-007', 277, 31, 'Bonus Ex-Gratia', 22, '2000', 1, '2024-01-24 06:26:49', 0, '2024-01-24 06:26:49'),
(123, 'January 2024', 'A/71/E-007', 277, 31, 'Increment', 23, '250', 1, '2024-01-24 06:26:49', 0, '2024-01-24 06:26:49'),
(124, 'January 2024', 'A/71/E-007', 277, 31, 'Parking Charges', 24, '350', 1, '2024-01-24 06:26:49', 0, '2024-01-24 06:26:49'),
(125, 'January 2024', 'A/71/E-007', 277, 31, 'Advance', 25, '100', 1, '2024-01-24 06:26:49', 0, '2024-01-24 06:26:49'),
(126, 'January 2024', 'A/71/E-007', 277, 31, 'CL', 65, '2', 1, '2024-01-24 06:26:49', 0, '2024-01-24 06:26:49'),
(127, 'January 2024', 'A/71/E-007', 277, 31, 'PL', 66, '0', 1, '2024-01-24 06:26:49', 0, '2024-01-24 06:26:49'),
(128, 'January 2024', 'A/71/E-007', 277, 31, 'LOP', 67, '4', 1, '2024-01-24 06:26:49', 0, '2024-01-24 06:26:49'),
(129, 'January 2024', 'A/71/E-007', 277, 31, 'Holidays', 68, '1', 1, '2024-01-24 06:26:49', 0, '2024-01-24 06:26:49'),
(130, 'January 2024', 'A/71/E-007', 277, 31, 'Other Reimbursement', 71, '0', 1, '2024-01-24 06:26:49', 0, '2024-01-24 06:26:49'),
(131, 'January 2024', 'A/71/E-007', 277, 31, 'Other Allowence', 72, '0', 1, '2024-01-24 06:26:49', 0, '2024-01-24 06:26:49'),
(132, 'January 2024', 'A/71/E-007', 277, 31, 'Incentives', 73, '0', 1, '2024-01-24 06:26:49', 0, '2024-01-24 06:26:49'),
(133, 'January 2024', 'A/71/E-007', 277, 31, 'Security Deposit', 76, '0', 1, '2024-01-24 06:26:49', 0, '2024-01-24 06:26:49'),
(134, 'January 2024', 'A/71/E-007', 277, 31, 'TDS', 77, '0', 1, '2024-01-24 06:26:49', 0, '2024-01-24 06:26:49');

-- --------------------------------------------------------

--
-- Table structure for table `reports_permissoion`
--

CREATE TABLE `reports_permissoion` (
  `id` int(11) NOT NULL,
  `org_id` int(11) NOT NULL,
  `main_tbl_id` int(11) NOT NULL,
  `main_tbl_nm` varchar(50) NOT NULL,
  `main_tbl_col` text NOT NULL,
  `join_t_id` int(11) NOT NULL,
  `join_t_nm` varchar(50) NOT NULL,
  `join_t_col` text NOT NULL,
  `main_t_clause` varchar(50) NOT NULL,
  `join_t_clause` varchar(50) NOT NULL,
  `query` text NOT NULL,
  `main_t_cond_col` varchar(50) NOT NULL,
  `clause` varchar(20) NOT NULL,
  `main_condition` varchar(50) NOT NULL,
  `is_active` int(1) NOT NULL DEFAULT '1',
  `created_by` int(11) NOT NULL,
  `created_on` datetime NOT NULL,
  `updated_by` int(11) NOT NULL,
  `updated_on` timestamp NOT NULL DEFAULT CURRENT_TIMESTAMP ON UPDATE CURRENT_TIMESTAMP
) ENGINE=InnoDB DEFAULT CHARSET=utf8mb4;

-- --------------------------------------------------------

--
-- Table structure for table `salary_breakup`
--

CREATE TABLE `salary_breakup` (
  `term_id` int(11) NOT NULL,
  `term_name` varchar(250) NOT NULL,
  `term_val` decimal(10,2) NOT NULL,
  `fin_yr` varchar(10) NOT NULL,
  `is_active` int(11) NOT NULL,
  `is_deducted` int(1) NOT NULL,
  `is_usable` int(1) NOT NULL,
  `component_type` varchar(1) NOT NULL,
  `formulas` varchar(250) NOT NULL,
  `is_visible` int(1) NOT NULL,
  `pf_applicable` int(1) NOT NULL DEFAULT '0',
  `esic_aplicable` int(1) NOT NULL,
  `created_by` int(11) NOT NULL,
  `created_on` datetime NOT NULL,
  `updated_by` int(11) NOT NULL,
  `updated_on` timestamp NOT NULL DEFAULT CURRENT_TIMESTAMP ON UPDATE CURRENT_TIMESTAMP
) ENGINE=InnoDB DEFAULT CHARSET=utf8mb4;

--
-- Dumping data for table `salary_breakup`
--

INSERT INTO `salary_breakup` (`term_id`, `term_name`, `term_val`, `fin_yr`, `is_active`, `is_deducted`, `is_usable`, `component_type`, `formulas`, `is_visible`, `pf_applicable`, `esic_aplicable`, `created_by`, `created_on`, `updated_by`, `updated_on`) VALUES
(1, 'Basic', 50.00, '2023-2024', 1, 0, 1, 'F', 'a/b*c', 1, 1, 1, 1, '2023-10-17 08:10:36', 1, '2023-10-30 00:10:10'),
(2, 'DA', 10.00, '2023-2024', 1, 0, 1, 'F', 'a/b*c', 1, 1, 1, 1, '2023-10-17 08:11:14', 1, '2023-10-30 00:10:20'),
(3, 'HRA', 30.00, '2023-2024', 1, 0, 1, 'F', 'a/b*c', 1, 0, 1, 1, '2023-10-17 08:12:56', 1, '2023-10-30 00:10:27'),
(4, 'Conveyance', 5.00, '2023-2024', 1, 0, 1, 'F', 'a/b*c', 1, 1, 0, 1, '2023-10-17 08:13:17', 1, '2023-10-23 01:15:03'),
(5, 'Medical Allowance', 5.00, '2023-2024', 1, 0, 1, 'F', 'a/b*c', 1, 1, 1, 1, '2023-10-17 08:13:39', 1, '2023-10-30 00:10:43'),
(6, 'Travel Reimbersement', 0.00, '2023-2024', 0, 0, 0, 'F', '', 0, 0, 0, 1, '2023-10-17 08:14:07', 0, '2023-10-17 02:44:07'),
(7, 'Employer PF', 13.00, '2023-2024', 1, 1, 1, 'C', '', 1, 0, 0, 1, '2023-10-17 08:14:52', 1, '2023-10-30 22:09:41'),
(8, 'Employer ESIC', 3.25, '2023-2024', 1, 1, 1, 'C', '', 1, 0, 0, 1, '2023-10-17 08:15:25', 1, '2023-10-30 22:09:34'),
(9, 'Employee PF', 12.00, '2023-2024', 1, 1, 1, 'D', '', 1, 0, 0, 1, '2023-10-17 08:15:57', 0, '2023-10-17 02:45:57'),
(10, 'Employee ESIC', 0.75, '2023-2024', 1, 1, 1, 'D', '', 1, 0, 0, 1, '2023-10-17 08:16:24', 0, '2023-10-17 02:46:24'),
(11, 'Professional Tax', 200.00, '2023-2024', 1, 1, 1, 'D', '', 1, 0, 0, 1, '2023-10-17 08:16:47', 0, '2023-10-17 02:46:47'),
(12, 'Bonus', 8.33, '2023-2024', 1, 1, 1, 'C', '', 0, 0, 0, 1, '2023-10-17 08:17:24', 1, '2023-10-16 22:03:42');

-- --------------------------------------------------------

--
-- Table structure for table `salary_breakup_setting`
--

CREATE TABLE `salary_breakup_setting` (
  `id` int(11) NOT NULL,
  `setting_for_term` int(11) NOT NULL,
  `cal_by_terms` varchar(500) NOT NULL,
  `cal_by_terms_id` varchar(20) NOT NULL,
  `is_active` int(1) NOT NULL,
  `created_by` int(11) NOT NULL,
  `created_on` date NOT NULL,
  `updated_by` int(11) NOT NULL,
  `updated_on` timestamp NOT NULL DEFAULT CURRENT_TIMESTAMP ON UPDATE CURRENT_TIMESTAMP
) ENGINE=InnoDB DEFAULT CHARSET=utf8mb4;

--
-- Dumping data for table `salary_breakup_setting`
--

INSERT INTO `salary_breakup_setting` (`id`, `setting_for_term`, `cal_by_terms`, `cal_by_terms_id`, `is_active`, `created_by`, `created_on`, `updated_by`, `updated_on`) VALUES
(1, 9, 'DA, Basic, Conveyance, Medical Allowance', '1,2,4,5', 1, 1, '2023-12-04', 0, '2023-12-04 06:33:39'),
(2, 7, 'DA, Basic, Conveyance, Medical Allowance', '1,2,4,5', 1, 1, '2023-12-04', 0, '2023-12-04 06:48:59'),
(3, 8, 'DA, Basic, HRA, Medical Allowance', '1,2,3,5', 1, 1, '2023-12-05', 0, '2023-12-05 06:40:35'),
(4, 10, 'DA, Basic, HRA, Medical Allowance', '1,2,3,5', 1, 1, '2023-12-05', 0, '2023-12-05 06:40:46');

-- --------------------------------------------------------

--
-- Table structure for table `salary_details`
--

CREATE TABLE `salary_details` (
  `details_id` int(11) NOT NULL,
  `emp_code` varchar(50) NOT NULL,
  `emp_name` varchar(50) NOT NULL,
  `sal_breakup_id` int(11) NOT NULL,
  `sal_term_name` varchar(30) NOT NULL,
  `sal_breakup_perc` decimal(10,2) NOT NULL,
  `sal_breakup_amt` decimal(10,2) NOT NULL,
  `net_salary` decimal(10,2) NOT NULL,
  `gross_amt` decimal(10,2) NOT NULL,
  `ctc_amt` decimal(10,2) NOT NULL,
  `sal_rule_id` int(11) NOT NULL,
  `created_by` int(11) NOT NULL,
  `created_on` datetime NOT NULL,
  `updated_by` int(11) NOT NULL,
  `updated_on` timestamp NOT NULL DEFAULT CURRENT_TIMESTAMP ON UPDATE CURRENT_TIMESTAMP
) ENGINE=InnoDB DEFAULT CHARSET=utf8mb4;

--
-- Dumping data for table `salary_details`
--

INSERT INTO `salary_details` (`details_id`, `emp_code`, `emp_name`, `sal_breakup_id`, `sal_term_name`, `sal_breakup_perc`, `sal_breakup_amt`, `net_salary`, `gross_amt`, `ctc_amt`, `sal_rule_id`, `created_by`, `created_on`, `updated_by`, `updated_on`) VALUES
(1, 'A/71/E-0021', 'Priyanka  Kulkarni', 1, 'Basic', 50.00, 12500.00, 23200.00, 25000.00, 26950.00, 3, 0, '2023-10-20 11:56:07', 0, '2023-10-20 11:56:07'),
(2, 'A/71/E-0021', 'Priyanka  Kulkarni', 2, 'DA/SPA', 10.00, 2500.00, 23200.00, 25000.00, 26950.00, 3, 0, '2023-10-20 11:56:07', 0, '2023-10-20 11:56:07'),
(3, 'A/71/E-0021', 'Priyanka  Kulkarni', 3, 'HRA', 30.00, 7500.00, 23200.00, 25000.00, 26950.00, 3, 0, '2023-10-20 11:56:07', 0, '2023-10-20 11:56:07'),
(4, 'A/71/E-0021', 'Priyanka  Kulkarni', 4, 'Conveyance', 5.00, 1250.00, 23200.00, 25000.00, 26950.00, 3, 0, '2023-10-20 11:56:07', 0, '2023-10-20 11:56:07'),
(5, 'A/71/E-0021', 'Priyanka  Kulkarni', 5, 'Medical Allowance', 5.00, 1250.00, 23200.00, 25000.00, 26950.00, 3, 0, '2023-10-20 11:56:07', 0, '2023-10-20 11:56:07'),
(6, 'A/71/E-0021', 'Priyanka  Kulkarni', 7, 'Employer PF', 13.00, 1950.00, 23200.00, 25000.00, 26950.00, 3, 0, '2023-10-20 11:56:07', 0, '2023-10-20 11:56:07'),
(7, 'A/71/E-0021', 'Priyanka  Kulkarni', 8, 'Employer ESIC', 3.25, 0.00, 23200.00, 25000.00, 26950.00, 3, 0, '2023-10-20 11:56:07', 0, '2023-10-20 11:56:07'),
(8, 'A/71/E-0021', 'Priyanka  Kulkarni', 9, 'Employee PF', 12.00, 1800.00, 23200.00, 25000.00, 26950.00, 3, 0, '2023-10-20 11:56:07', 0, '2023-10-20 11:56:07'),
(9, 'A/71/E-0021', 'Priyanka  Kulkarni', 10, 'Employee ESIC', 0.75, 0.00, 23200.00, 25000.00, 26950.00, 3, 0, '2023-10-20 11:56:07', 0, '2023-10-20 11:56:07'),
(10, 'A/71/E-0021', 'Priyanka  Kulkarni', 11, 'Professional Tax', 0.00, 0.00, 23200.00, 25000.00, 26950.00, 3, 0, '2023-10-20 11:56:07', 0, '2023-10-20 11:56:07'),
(11, 'A/71/E-004', 'Pallavi wadekar', 1, 'Basic', 50.00, 10500.00, 19488.00, 21000.00, 22638.00, 2, 1, '2023-10-21 05:24:26', 0, '2023-10-21 05:24:26'),
(12, 'A/71/E-004', 'Pallavi wadekar', 2, 'DA/SPA', 10.00, 2100.00, 19488.00, 21000.00, 22638.00, 2, 1, '2023-10-21 05:24:26', 0, '2023-10-21 05:24:26'),
(13, 'A/71/E-004', 'Pallavi wadekar', 3, 'HRA', 30.00, 6300.00, 19488.00, 21000.00, 22638.00, 2, 1, '2023-10-21 05:24:26', 0, '2023-10-21 05:24:26'),
(14, 'A/71/E-004', 'Pallavi wadekar', 4, 'Conveyance', 5.00, 1050.00, 19488.00, 21000.00, 22638.00, 2, 1, '2023-10-21 05:24:26', 0, '2023-10-21 05:24:26'),
(15, 'A/71/E-004', 'Pallavi wadekar', 5, 'Medical Allowance', 5.00, 1050.00, 19488.00, 21000.00, 22638.00, 2, 1, '2023-10-21 05:24:26', 0, '2023-10-21 05:24:26'),
(16, 'A/71/E-004', 'Pallavi wadekar', 7, 'Employer PF', 13.00, 1638.00, 19488.00, 21000.00, 22638.00, 2, 1, '2023-10-21 05:24:26', 0, '2023-10-21 05:24:26'),
(17, 'A/71/E-004', 'Pallavi wadekar', 8, 'Employer ESIC', 3.25, 0.00, 19488.00, 21000.00, 22638.00, 2, 1, '2023-10-21 05:24:26', 0, '2023-10-21 05:24:26'),
(18, 'A/71/E-004', 'Pallavi wadekar', 9, 'Employee PF', 12.00, 1512.00, 19488.00, 21000.00, 22638.00, 2, 1, '2023-10-21 05:24:26', 0, '2023-10-21 05:24:26'),
(19, 'A/71/E-004', 'Pallavi wadekar', 10, 'Employee ESIC', 0.75, 0.00, 19488.00, 21000.00, 22638.00, 2, 1, '2023-10-21 05:24:26', 0, '2023-10-21 05:24:26'),
(20, 'A/71/E-004', 'Pallavi wadekar', 11, 'Professional Tax', 0.00, 0.00, 19488.00, 21000.00, 22638.00, 2, 1, '2023-10-21 05:24:26', 0, '2023-10-21 05:24:26'),
(21, 'A/71/E-002', 'Priyanka Kulkarni', 1, 'Basic', 50.00, 10500.00, 19488.00, 21000.00, 24387.00, 2, 1, '2023-10-21 06:34:40', 0, '2023-10-21 06:34:40'),
(22, 'A/71/E-002', 'Priyanka Kulkarni', 2, 'DA', 10.00, 2100.00, 19488.00, 21000.00, 24387.00, 2, 1, '2023-10-21 06:34:40', 0, '2023-10-21 06:34:40'),
(23, 'A/71/E-002', 'Priyanka Kulkarni', 3, 'HRA', 30.00, 6300.00, 19488.00, 21000.00, 24387.00, 2, 1, '2023-10-21 06:34:40', 0, '2023-10-21 06:34:40'),
(24, 'A/71/E-002', 'Priyanka Kulkarni', 4, 'Conveyance', 5.00, 1050.00, 19488.00, 21000.00, 24387.00, 2, 1, '2023-10-21 06:34:41', 0, '2023-10-21 06:34:41'),
(25, 'A/71/E-002', 'Priyanka Kulkarni', 5, 'Medical Allowance', 5.00, 1050.00, 19488.00, 21000.00, 24387.00, 2, 1, '2023-10-21 06:34:41', 0, '2023-10-21 06:34:41'),
(26, 'A/71/E-002', 'Priyanka Kulkarni', 7, 'Employer PF', 13.00, 1638.00, 19488.00, 21000.00, 24387.00, 2, 1, '2023-10-21 06:34:41', 0, '2023-10-21 06:34:41'),
(27, 'A/71/E-002', 'Priyanka Kulkarni', 8, 'Employer ESIC', 3.25, 0.00, 19488.00, 21000.00, 24387.00, 2, 1, '2023-10-21 06:34:41', 0, '2023-10-21 06:34:41'),
(28, 'A/71/E-002', 'Priyanka Kulkarni', 9, 'Employee PF', 12.00, 1512.00, 19488.00, 21000.00, 24387.00, 2, 1, '2023-10-21 06:34:41', 0, '2023-10-21 06:34:41'),
(29, 'A/71/E-002', 'Priyanka Kulkarni', 10, 'Employee ESIC', 0.75, 0.00, 19488.00, 21000.00, 24387.00, 2, 1, '2023-10-21 06:34:41', 0, '2023-10-21 06:34:41'),
(30, 'A/71/E-002', 'Priyanka Kulkarni', 11, 'Professional Tax', 0.00, 0.00, 19488.00, 21000.00, 24387.00, 2, 1, '2023-10-21 06:34:41', 0, '2023-10-21 06:34:41'),
(31, 'A/71/E-002', 'Priyanka Kulkarni', 12, 'Bonus', 8.33, 1749.30, 19488.00, 21000.00, 24387.00, 2, 1, '2023-10-21 06:34:41', 0, '2023-10-21 06:34:41'),
(32, 'A/71/E-006', 'Pooja  sharma', 1, 'Basic', 40.00, 5600.00, 13895.00, 14000.00, 15621.00, 3, 1, '2023-10-21 06:49:31', 1, '2023-11-16 01:51:16'),
(33, 'A/71/E-006', 'Pooja  sharma', 2, 'DA', 10.00, 1400.00, 13895.00, 14000.00, 15621.00, 3, 1, '2023-10-21 06:49:31', 1, '2023-11-16 01:51:16'),
(34, 'A/71/E-006', 'Pooja  sharma', 3, 'HRA', 30.00, 4200.00, 13895.00, 14000.00, 15621.00, 3, 1, '2023-10-21 06:49:31', 1, '2023-11-16 01:51:16'),
(35, 'A/71/E-006', 'Pooja  sharma', 4, 'Conveyance', 10.00, 1400.00, 13895.00, 14000.00, 15621.00, 3, 1, '2023-10-21 06:49:31', 1, '2023-11-16 01:51:16'),
(36, 'A/71/E-006', 'Pooja  sharma', 5, 'Medical Allowance', 10.00, 1400.00, 13895.00, 14000.00, 15621.00, 3, 1, '2023-10-21 06:49:31', 1, '2023-11-16 01:51:16'),
(37, 'A/71/E-006', 'Pooja  sharma', 7, 'Employer PF', 13.00, 0.00, 13895.00, 14000.00, 15621.00, 3, 1, '2023-10-21 06:49:31', 1, '2023-11-16 01:51:16'),
(38, 'A/71/E-006', 'Pooja  sharma', 8, 'Employer ESIC', 3.25, 455.00, 13895.00, 14000.00, 15621.00, 3, 1, '2023-10-21 06:49:31', 1, '2023-11-16 01:51:16'),
(39, 'A/71/E-006', 'Pooja  sharma', 9, 'Employee PF', 12.00, 0.00, 13895.00, 14000.00, 15621.00, 3, 1, '2023-10-21 06:49:31', 1, '2023-11-16 01:51:16'),
(40, 'A/71/E-006', 'Pooja  sharma', 10, 'Employee ESIC', 0.75, 105.00, 13895.00, 14000.00, 15621.00, 3, 1, '2023-10-21 06:49:31', 1, '2023-11-16 01:51:16'),
(41, 'A/71/E-006', 'Pooja  sharma', 11, 'Professional Tax', 0.00, 0.00, 13895.00, 14000.00, 15621.00, 3, 1, '2023-10-21 06:49:31', 1, '2023-11-16 01:51:16'),
(42, 'A/71/E-006', 'Pooja  sharma', 12, 'Bonus', 8.33, 1166.20, 13895.00, 14000.00, 15621.00, 3, 1, '2023-10-21 06:49:31', 1, '2023-11-16 01:51:16'),
(43, 'A/71/E-007', 'yogesh  yadav', 1, 'Basic', 50.00, 10750.00, 21500.00, 21500.00, 23291.00, 4, 1, '2023-10-30 10:02:06', 1, '2023-11-16 01:51:07'),
(44, 'A/71/E-007', 'yogesh  yadav', 2, 'DA', 10.00, 2150.00, 21500.00, 21500.00, 23291.00, 4, 1, '2023-10-30 10:02:06', 1, '2023-11-16 01:51:07'),
(45, 'A/71/E-007', 'yogesh  yadav', 3, 'HRA', 30.00, 6450.00, 21500.00, 21500.00, 23291.00, 4, 1, '2023-10-30 10:02:06', 1, '2023-11-16 01:51:07'),
(46, 'A/71/E-007', 'yogesh  yadav', 4, 'Conveyance', 5.00, 1075.00, 21500.00, 21500.00, 23291.00, 4, 1, '2023-10-30 10:02:06', 1, '2023-11-16 01:51:07'),
(47, 'A/71/E-007', 'yogesh  yadav', 5, 'Medical Allowance', 5.00, 1075.00, 21500.00, 21500.00, 23291.00, 4, 1, '2023-10-30 10:02:06', 1, '2023-11-16 01:51:07'),
(48, 'A/71/E-007', 'yogesh  yadav', 7, 'Employer PF', 13.00, 0.00, 21500.00, 21500.00, 23291.00, 4, 1, '2023-10-30 10:02:06', 1, '2023-11-16 01:51:07'),
(49, 'A/71/E-007', 'yogesh  yadav', 8, 'Employer ESIC', 3.25, 0.00, 21500.00, 21500.00, 23291.00, 4, 1, '2023-10-30 10:02:06', 1, '2023-11-16 01:51:07'),
(50, 'A/71/E-007', 'yogesh  yadav', 9, 'Employee PF', 12.00, 0.00, 21500.00, 21500.00, 23291.00, 4, 1, '2023-10-30 10:02:06', 1, '2023-11-16 01:51:07'),
(51, 'A/71/E-007', 'yogesh  yadav', 10, 'Employee ESIC', 0.75, 0.00, 21500.00, 21500.00, 23291.00, 4, 1, '2023-10-30 10:02:06', 1, '2023-11-16 01:51:07'),
(52, 'A/71/E-007', 'yogesh  yadav', 11, 'Professional Tax', 0.00, 0.00, 21500.00, 21500.00, 23291.00, 4, 1, '2023-10-30 10:02:06', 1, '2023-11-16 01:51:07'),
(53, 'A/71/E-007', 'yogesh  yadav', 12, 'Bonus', 8.33, 1790.95, 21500.00, 21500.00, 23291.00, 4, 1, '2023-10-30 10:02:06', 1, '2023-11-16 01:51:07');

-- --------------------------------------------------------

--
-- Table structure for table `salary_rules`
--

CREATE TABLE `salary_rules` (
  `rule_id` int(11) NOT NULL,
  `is_esic` int(1) NOT NULL,
  `is_pf` int(1) NOT NULL,
  `description` varchar(500) NOT NULL,
  `is_active` int(1) NOT NULL,
  `created_by` int(11) NOT NULL,
  `created_on` datetime NOT NULL,
  `updated_by` int(11) NOT NULL,
  `updated_on` timestamp NOT NULL DEFAULT CURRENT_TIMESTAMP ON UPDATE CURRENT_TIMESTAMP
) ENGINE=InnoDB DEFAULT CHARSET=utf8mb4;

--
-- Dumping data for table `salary_rules`
--

INSERT INTO `salary_rules` (`rule_id`, `is_esic`, `is_pf`, `description`, `is_active`, `created_by`, `created_on`, `updated_by`, `updated_on`) VALUES
(1, 0, 0, 'No PF and No ESIC', 1, 1, '2023-09-12 06:59:48', 3, '2023-09-18 00:04:32'),
(2, 0, 1, 'With PF and No ESIC', 1, 1, '2023-09-12 07:08:54', 1, '2023-09-21 02:32:58'),
(3, 1, 1, 'With PF and With ESIC', 1, 1, '2023-09-16 08:10:53', 0, '2023-09-21 02:32:21'),
(4, 1, 0, 'No PF and With ESIC', 1, 1, '2023-09-16 08:11:55', 0, '2023-09-21 02:32:41');

-- --------------------------------------------------------

--
-- Table structure for table `settings`
--

CREATE TABLE `settings` (
  `id` int(11) NOT NULL,
  `term_name` varchar(100) NOT NULL,
  `term_value` int(11) NOT NULL,
  `is_active` int(1) NOT NULL DEFAULT '1',
  `created_by` int(11) NOT NULL,
  `created_on` datetime NOT NULL,
  `updated_by` int(11) NOT NULL,
  `updated_on` timestamp NOT NULL DEFAULT CURRENT_TIMESTAMP ON UPDATE CURRENT_TIMESTAMP
) ENGINE=InnoDB DEFAULT CHARSET=utf8mb4;

--
-- Dumping data for table `settings`
--

INSERT INTO `settings` (`id`, `term_name`, `term_value`, `is_active`, `created_by`, `created_on`, `updated_by`, `updated_on`) VALUES
(1, 'EmployeePf', 1800, 1, 1, '2023-10-31 11:49:13', 0, '2023-10-31 06:19:13'),
(2, 'EmployerPf', 1950, 1, 1, '2023-10-31 11:49:21', 0, '2023-10-31 06:19:21');

-- --------------------------------------------------------

--
-- Table structure for table `system_log`
--

CREATE TABLE `system_log` (
  `log_id` int(11) NOT NULL,
  `operation` varchar(50) NOT NULL,
  `table_name` varchar(50) NOT NULL,
  `reference_id` int(11) NOT NULL,
  `from_data` text NOT NULL,
  `to_data` text NOT NULL,
  `updated_by` int(11) NOT NULL,
  `updated_on` timestamp NOT NULL DEFAULT CURRENT_TIMESTAMP ON UPDATE CURRENT_TIMESTAMP
) ENGINE=InnoDB DEFAULT CHARSET=utf8mb4;

--
-- Dumping data for table `system_log`
--

INSERT INTO `system_log` (`log_id`, `operation`, `table_name`, `reference_id`, `from_data`, `to_data`, `updated_by`, `updated_on`) VALUES
(1, 'Add', 'company_branches', 2, '\"\"', '{\"branch_name\":\"Delhi\",\"is_active\":\"1\",\"created_by\":\"0\",\"created_on\":\"2023-10-20 10:46:35\"}', 0, '2023-10-20 10:46:35'),
(2, 'Add', 'department', 2, '\"\"', '{\"dept_name\":\"OPS\",\"branch_id\":\"1\",\"is_active\":\"1\",\"created_by\":\"0\",\"created_on\":\"2023-10-20 10:51:28\"}', 0, '2023-10-20 10:51:28'),
(3, 'Update', 'department', 1, '\"\"', '{\"dept_name\":\"IT\",\"branch_id\":\"2\",\"is_active\":\"1\",\"updated_by\":\"0\",\"updated_on\":\"2023-10-20 10:51:32\"}', 0, '2023-10-20 10:51:32'),
(4, 'Add', 'department', 3, '\"\"', '{\"dept_name\":\"BDE\",\"branch_id\":\"1\",\"is_active\":\"1\",\"created_by\":\"0\",\"created_on\":\"2023-10-20 10:51:49\"}', 0, '2023-10-20 10:51:49'),
(5, 'Add', 'tax', 2, '\"\"', '{\"tax_name\":\"TIN\",\"tax_details\":\"Demo\",\"tax_percent\":\"5\",\"is_active\":\"1\",\"created_by\":\"0\",\"created_on\":\"2023-10-20 10:59:27\"}', 0, '2023-10-20 10:59:27'),
(6, 'Add', 'salary_breakup', 22, '\"\"', '{\"term_name\":\"TIN\",\"term_val\":\"100\",\"is_active\":\"1\",\"is_deducted\":\"1\",\"fin_yr\":\"2022-2023\",\"is_usable\":\"1\",\"component_type\":\"F\",\"is_visible\":\"1\",\"created_by\":\"0\",\"created_on\":\"2023-10-20 11:00:03\"}', 0, '2023-10-20 11:00:03'),
(7, 'Add', 'emp_sal_breakup', 13, '\"\"', '{\"term_name\":\"Test\",\"is_active\":\"1\",\"ded_type\":\"D\",\"is_usable\":\"1\",\"created_by\":\"0\",\"created_on\":\"2023-10-20 11:08:30\"}', 0, '2023-10-20 11:08:30'),
(8, 'Add', 'employee', 2, '\"\"', '{\"branch\":\"1\",\"dept_id\":\"\",\"emp_name\":\"Priyanka  Kulkarni\",\"emp_code\":\"A\\/71\\/E-0021\",\"First_name\":\"Priyanka\",\"Middle_name\":\"Ganpat\",\"last_name\":\"Kulkarni\",\"username\":\"priyanka\",\"password\":\"priyanka\",\"user_type\":\"U\",\"gender\":\"F\",\"is_active\":\"1\",\"physically_handicapped\":\"No\",\"father_name_or_husband_name\":\"Ganpat\",\"dob\":\"2023-10-01\",\"birth_place\":\"\",\"tel1\":\"9874563210\",\"tel2\":\"\",\"mob\":\"9865741230\",\"marital_status\":\"Unmarried\",\"no_of_child\":\"\",\"marriage_date\":null,\"religion\":\"\",\"email\":\"priyanka.kulkarn@salasarauction.com\",\"created_by\":\"0\",\"created_on\":\"2023-10-20 11:54:45\"}', 0, '2023-10-20 11:54:45'),
(9, 'Update', 'employee', 2, '\"\"', '{\"emp_name\":\"Priyanka  Kulkarni\",\"First_name\":\"Priyanka\",\"Middle_name\":\"Ganpat\",\"last_name\":\"Kulkarni\",\"username\":\"priyanka\",\"password\":\"priyanka\",\"user_type\":\"U\",\"gender\":\"F\",\"is_active\":\"1\",\"ticket_no\":\"\",\"father_name_or_husband_name\":\"Ganpat\",\"dob\":\"2023-10-01\",\"doj\":null,\"date_of_probation\":null,\"confirmation_date\":null,\"date_of_leaving\":null,\"doj_pf\":null,\"esi_no\":\"\",\"pan_no\":\"ABCDE1234F\",\"pf_no\":\"\",\"uan\":\"\",\"doj_eps\":null,\"dept_id\":\"2\",\"grade\":\"A\",\"designation\":\"Operation\",\"payment_mode\":\"\",\"rule_id\":\"\",\"flat_1\":\"\",\"premise_1\":\"\",\"road_1\":\"\",\"area_1\":\"\",\"town_1\":\"\",\"state_1\":\"\",\"country_1\":\"\",\"pincode_1\":\"\",\"flat_2\":\"\",\"premise_2\":\"\",\"road_2\":\"\",\"area_2\":\"\",\"town_2\":\"\",\"state_2\":\"\",\"country_2\":\"\",\"pincode_2\":\"\",\"tel1\":\"9874563210\",\"tel2\":\"\",\"mob\":\"9865741230\",\"marital_status\":\"Unmarried\",\"no_of_child\":\"\",\"marriage_date\":null,\"birth_place\":\"\",\"religion\":\"\",\"lic_no\":\"\",\"educational_qualification\":\"graduate \",\"physically_handicapped\":\"No\",\"vehicle_details\":\"\",\"professional_membership\":\"\",\"blood_group\":\"\",\"esic_dispensary\":\"\",\"work_exp\":\"\",\"email\":\"priyanka.kulkarn@salasarauction.com\",\"updated_by\":\"0\",\"updated_on\":\"2023-10-20 11:55:13\",\"branch\":\"1\"}', 0, '2023-10-20 11:55:13'),
(10, 'Update', 'employee', 2, '\"\"', '{\"emp_name\":\"Priyanka  Kulkarni\",\"First_name\":\"Priyanka\",\"Middle_name\":\"Ganpat\",\"last_name\":\"Kulkarni\",\"username\":\"priyanka\",\"password\":\"priyanka\",\"user_type\":\"U\",\"gender\":\"F\",\"is_active\":\"1\",\"ticket_no\":\"\",\"father_name_or_husband_name\":\"Ganpat\",\"dob\":\"2023-10-01\",\"doj\":null,\"date_of_probation\":null,\"confirmation_date\":null,\"date_of_leaving\":null,\"doj_pf\":null,\"esi_no\":\"\",\"pan_no\":\"ABCDE1234F\",\"pf_no\":\"\",\"uan\":\"\",\"doj_eps\":null,\"dept_id\":\"2\",\"grade\":\"A\",\"designation\":\"Operation\",\"payment_mode\":\"\",\"rule_id\":\"\",\"flat_1\":\"\",\"premise_1\":\"\",\"road_1\":\"\",\"area_1\":\"\",\"town_1\":\"\",\"state_1\":\"\",\"country_1\":\"\",\"pincode_1\":\"\",\"flat_2\":\"\",\"premise_2\":\"\",\"road_2\":\"\",\"area_2\":\"\",\"town_2\":\"\",\"state_2\":\"\",\"country_2\":\"\",\"pincode_2\":\"\",\"tel1\":\"9874563210\",\"tel2\":\"\",\"mob\":\"9865741230\",\"marital_status\":\"Unmarried\",\"no_of_child\":\"\",\"marriage_date\":null,\"birth_place\":\"\",\"religion\":\"\",\"lic_no\":\"\",\"educational_qualification\":\"graduate \",\"physically_handicapped\":\"No\",\"vehicle_details\":\"\",\"professional_membership\":\"\",\"blood_group\":\"\",\"esic_dispensary\":\"\",\"work_exp\":\"\",\"email\":\"priyanka.kulkarn@salasarauction.com\",\"updated_by\":\"0\",\"updated_on\":\"2023-10-20 11:55:16\",\"branch\":\"1\"}', 0, '2023-10-20 11:55:16'),
(11, 'Update', 'employee', 2, '\"\"', '{\"emp_name\":\"Priyanka  Kulkarni\",\"First_name\":\"Priyanka\",\"Middle_name\":\"Ganpat\",\"last_name\":\"Kulkarni\",\"username\":\"priyanka\",\"password\":\"priyanka\",\"user_type\":\"U\",\"gender\":\"F\",\"is_active\":\"1\",\"ticket_no\":\"\",\"father_name_or_husband_name\":\"Ganpat\",\"dob\":\"2023-10-01\",\"doj\":\"2023-10-01\",\"date_of_probation\":null,\"confirmation_date\":null,\"date_of_leaving\":null,\"doj_pf\":null,\"esi_no\":\"5263\",\"pan_no\":\"ABCDE1234F\",\"pf_no\":\"123456\",\"uan\":\"\",\"doj_eps\":null,\"dept_id\":\"2\",\"grade\":\"A\",\"designation\":\"Operation\",\"payment_mode\":\"T\",\"rule_id\":\"3\",\"flat_1\":\"\",\"premise_1\":\"\",\"road_1\":\"\",\"area_1\":\"\",\"town_1\":\"\",\"state_1\":\"\",\"country_1\":\"\",\"pincode_1\":\"\",\"flat_2\":\"\",\"premise_2\":\"\",\"road_2\":\"\",\"area_2\":\"\",\"town_2\":\"\",\"state_2\":\"\",\"country_2\":\"\",\"pincode_2\":\"\",\"tel1\":\"9874563210\",\"tel2\":\"\",\"mob\":\"9865741230\",\"marital_status\":\"Unmarried\",\"no_of_child\":\"\",\"marriage_date\":null,\"birth_place\":\"\",\"religion\":\"\",\"lic_no\":\"\",\"educational_qualification\":\"graduate \",\"physically_handicapped\":\"No\",\"vehicle_details\":\"\",\"professional_membership\":\"\",\"blood_group\":\"\",\"esic_dispensary\":\"\",\"work_exp\":\"\",\"email\":\"priyanka.kulkarn@salasarauction.com\",\"updated_by\":\"0\",\"updated_on\":\"2023-10-20 11:55:30\",\"branch\":\"1\"}', 0, '2023-10-20 11:55:30'),
(12, 'Add', 'salary_details', 1, '\"\"', '{\"emp_code\":\"A\\/71\\/E-0021\",\"emp_name\":\"Priyanka  Kulkarni\",\"sal_breakup_id\":\"1\",\"sal_term_name\":\"Basic\",\"sal_breakup_perc\":\"50.00\",\"sal_breakup_amt\":\"12500\",\"net_salary\":\"23200\",\"gross_amt\":\"25000\",\"ctc_amt\":\"26950\",\"sal_rule_id\":\"3\",\"created_by\":\"0\",\"created_on\":\"2023-10-20 11:56:07\"}', 0, '2023-10-20 11:56:07'),
(13, 'Add', 'salary_details', 2, '\"\"', '{\"emp_code\":\"A\\/71\\/E-0021\",\"emp_name\":\"Priyanka  Kulkarni\",\"sal_breakup_id\":\"2\",\"sal_term_name\":\"DA\\/SPA\",\"sal_breakup_perc\":\"10.00\",\"sal_breakup_amt\":\"2500\",\"net_salary\":\"23200\",\"gross_amt\":\"25000\",\"ctc_amt\":\"26950\",\"sal_rule_id\":\"3\",\"created_by\":\"0\",\"created_on\":\"2023-10-20 11:56:07\"}', 0, '2023-10-20 11:56:07'),
(14, 'Add', 'salary_details', 3, '\"\"', '{\"emp_code\":\"A\\/71\\/E-0021\",\"emp_name\":\"Priyanka  Kulkarni\",\"sal_breakup_id\":\"3\",\"sal_term_name\":\"HRA\",\"sal_breakup_perc\":\"30.00\",\"sal_breakup_amt\":\"7500\",\"net_salary\":\"23200\",\"gross_amt\":\"25000\",\"ctc_amt\":\"26950\",\"sal_rule_id\":\"3\",\"created_by\":\"0\",\"created_on\":\"2023-10-20 11:56:07\"}', 0, '2023-10-20 11:56:07'),
(15, 'Add', 'salary_details', 4, '\"\"', '{\"emp_code\":\"A\\/71\\/E-0021\",\"emp_name\":\"Priyanka  Kulkarni\",\"sal_breakup_id\":\"4\",\"sal_term_name\":\"Conveyance\",\"sal_breakup_perc\":\"5.00\",\"sal_breakup_amt\":\"1250\",\"net_salary\":\"23200\",\"gross_amt\":\"25000\",\"ctc_amt\":\"26950\",\"sal_rule_id\":\"3\",\"created_by\":\"0\",\"created_on\":\"2023-10-20 11:56:07\"}', 0, '2023-10-20 11:56:07'),
(16, 'Add', 'salary_details', 5, '\"\"', '{\"emp_code\":\"A\\/71\\/E-0021\",\"emp_name\":\"Priyanka  Kulkarni\",\"sal_breakup_id\":\"5\",\"sal_term_name\":\"Medical Allowance\",\"sal_breakup_perc\":\"5.00\",\"sal_breakup_amt\":\"1250\",\"net_salary\":\"23200\",\"gross_amt\":\"25000\",\"ctc_amt\":\"26950\",\"sal_rule_id\":\"3\",\"created_by\":\"0\",\"created_on\":\"2023-10-20 11:56:07\"}', 0, '2023-10-20 11:56:07'),
(17, 'Add', 'salary_details', 6, '\"\"', '{\"emp_code\":\"A\\/71\\/E-0021\",\"emp_name\":\"Priyanka  Kulkarni\",\"sal_breakup_id\":\"7\",\"sal_term_name\":\"Employer PF\",\"sal_breakup_perc\":\"13.00\",\"sal_breakup_amt\":\"1950\",\"net_salary\":\"23200\",\"gross_amt\":\"25000\",\"ctc_amt\":\"26950\",\"sal_rule_id\":\"3\",\"created_by\":\"0\",\"created_on\":\"2023-10-20 11:56:07\"}', 0, '2023-10-20 11:56:07'),
(18, 'Add', 'salary_details', 7, '\"\"', '{\"emp_code\":\"A\\/71\\/E-0021\",\"emp_name\":\"Priyanka  Kulkarni\",\"sal_breakup_id\":\"8\",\"sal_term_name\":\"Employer ESIC\",\"sal_breakup_perc\":\"3.25\",\"sal_breakup_amt\":\"0.00\",\"net_salary\":\"23200\",\"gross_amt\":\"25000\",\"ctc_amt\":\"26950\",\"sal_rule_id\":\"3\",\"created_by\":\"0\",\"created_on\":\"2023-10-20 11:56:07\"}', 0, '2023-10-20 11:56:07'),
(19, 'Add', 'salary_details', 8, '\"\"', '{\"emp_code\":\"A\\/71\\/E-0021\",\"emp_name\":\"Priyanka  Kulkarni\",\"sal_breakup_id\":\"9\",\"sal_term_name\":\"Employee PF\",\"sal_breakup_perc\":\"12.00\",\"sal_breakup_amt\":\"1800\",\"net_salary\":\"23200\",\"gross_amt\":\"25000\",\"ctc_amt\":\"26950\",\"sal_rule_id\":\"3\",\"created_by\":\"0\",\"created_on\":\"2023-10-20 11:56:07\"}', 0, '2023-10-20 11:56:07'),
(20, 'Add', 'salary_details', 9, '\"\"', '{\"emp_code\":\"A\\/71\\/E-0021\",\"emp_name\":\"Priyanka  Kulkarni\",\"sal_breakup_id\":\"10\",\"sal_term_name\":\"Employee ESIC\",\"sal_breakup_perc\":\"0.75\",\"sal_breakup_amt\":\"0.00\",\"net_salary\":\"23200\",\"gross_amt\":\"25000\",\"ctc_amt\":\"26950\",\"sal_rule_id\":\"3\",\"created_by\":\"0\",\"created_on\":\"2023-10-20 11:56:07\"}', 0, '2023-10-20 11:56:07'),
(21, 'Add', 'salary_details', 10, '\"\"', '{\"emp_code\":\"A\\/71\\/E-0021\",\"emp_name\":\"Priyanka  Kulkarni\",\"sal_breakup_id\":\"11\",\"sal_term_name\":\"Professional Tax\",\"sal_breakup_perc\":\"0.00\",\"sal_breakup_amt\":\"0.00\",\"net_salary\":\"23200\",\"gross_amt\":\"25000\",\"ctc_amt\":\"26950\",\"sal_rule_id\":\"3\",\"created_by\":\"0\",\"created_on\":\"2023-10-20 11:56:07\"}', 0, '2023-10-20 11:56:07'),
(22, 'Update', 'employee', 2, '\"\"', '{\"emp_name\":\"asmita konduskar\",\"First_name\":\"asmita\",\"Middle_name\":\"vinayak\",\"last_name\":\"konduskar\",\"username\":\"admin\",\"password\":\"admin\",\"user_type\":\"U\",\"gender\":\"F\",\"is_active\":\"1\",\"ticket_no\":\"\",\"father_name_or_husband_name\":\"\",\"dob\":\"2023-10-01\",\"doj\":null,\"date_of_probation\":null,\"confirmation_date\":null,\"date_of_leaving\":null,\"doj_pf\":null,\"esi_no\":\"\",\"pan_no\":\"\",\"pf_no\":\"\",\"uan\":\"\",\"doj_eps\":null,\"dept_id\":\"\",\"grade\":\"\",\"designation\":\"\",\"payment_mode\":\"\",\"rule_id\":\"\",\"flat_1\":\"\",\"premise_1\":\"\",\"road_1\":\"\",\"area_1\":\"\",\"town_1\":\"\",\"state_1\":\"\",\"country_1\":\"\",\"pincode_1\":\"\",\"flat_2\":\"\",\"premise_2\":\"\",\"road_2\":\"\",\"area_2\":\"\",\"town_2\":\"\",\"state_2\":\"\",\"country_2\":\"\",\"pincode_2\":\"\",\"tel1\":\"7854129630\",\"tel2\":\"\",\"mob\":\"8574963210\",\"marital_status\":\"Unmarried\",\"no_of_child\":\"\",\"marriage_date\":null,\"birth_place\":\"\",\"religion\":\"\",\"lic_no\":\"\",\"educational_qualification\":\"\",\"physically_handicapped\":\"No\",\"vehicle_details\":\"\",\"professional_membership\":\"\",\"blood_group\":\"\",\"esic_dispensary\":\"\",\"work_exp\":\"\",\"email\":\"asmita.konduskar@salasarauction.com\",\"updated_by\":\"0\",\"updated_on\":\"2023-10-20 12:18:05\",\"branch\":\"2\"}', 0, '2023-10-20 12:18:05'),
(23, 'Update', 'employee', 2, '\"\"', '{\"emp_name\":\"asmita konduskar\",\"First_name\":\"asmita\",\"Middle_name\":\"vinayak\",\"last_name\":\"konduskar\",\"username\":\"admin\",\"password\":\"admin\",\"user_type\":\"U\",\"gender\":\"F\",\"is_active\":\"1\",\"ticket_no\":\"\",\"father_name_or_husband_name\":\"\",\"dob\":\"2023-10-01\",\"doj\":null,\"date_of_probation\":null,\"confirmation_date\":null,\"date_of_leaving\":null,\"doj_pf\":null,\"esi_no\":\"\",\"pan_no\":\"ABCDE1234G\",\"pf_no\":\"\",\"uan\":\"\",\"doj_eps\":null,\"dept_id\":\"1\",\"grade\":\"A\",\"designation\":\"Developer\",\"payment_mode\":\"\",\"rule_id\":\"\",\"flat_1\":\"\",\"premise_1\":\"\",\"road_1\":\"\",\"area_1\":\"\",\"town_1\":\"\",\"state_1\":\"\",\"country_1\":\"\",\"pincode_1\":\"\",\"flat_2\":\"\",\"premise_2\":\"\",\"road_2\":\"\",\"area_2\":\"\",\"town_2\":\"\",\"state_2\":\"\",\"country_2\":\"\",\"pincode_2\":\"\",\"tel1\":\"7854129630\",\"tel2\":\"\",\"mob\":\"8574963210\",\"marital_status\":\"Unmarried\",\"no_of_child\":\"\",\"marriage_date\":null,\"birth_place\":\"\",\"religion\":\"\",\"lic_no\":\"\",\"educational_qualification\":\"graduate \",\"physically_handicapped\":\"No\",\"vehicle_details\":\"\",\"professional_membership\":\"\",\"blood_group\":\"\",\"esic_dispensary\":\"\",\"work_exp\":\"\",\"email\":\"asmita.konduskar@salasarauction.com\",\"updated_by\":\"0\",\"updated_on\":\"2023-10-20 12:18:27\",\"branch\":\"2\"}', 0, '2023-10-20 12:18:27'),
(24, 'Update', 'employee', 2, '\"\"', '{\"emp_name\":\"asmita konduskar\",\"First_name\":\"asmita\",\"Middle_name\":\"vinayak\",\"last_name\":\"konduskar\",\"username\":\"admin\",\"password\":\"admin\",\"user_type\":\"U\",\"gender\":\"F\",\"is_active\":\"1\",\"ticket_no\":\"\",\"father_name_or_husband_name\":\"\",\"dob\":\"2023-10-01\",\"doj\":null,\"date_of_probation\":null,\"confirmation_date\":null,\"date_of_leaving\":null,\"doj_pf\":null,\"esi_no\":\"\",\"pan_no\":\"ABCDE1234G\",\"pf_no\":\"\",\"uan\":\"\",\"doj_eps\":null,\"dept_id\":\"1\",\"grade\":\"A\",\"designation\":\"Developer\",\"payment_mode\":\"\",\"rule_id\":\"\",\"flat_1\":\"\",\"premise_1\":\"\",\"road_1\":\"\",\"area_1\":\"\",\"town_1\":\"\",\"state_1\":\"\",\"country_1\":\"\",\"pincode_1\":\"\",\"flat_2\":\"\",\"premise_2\":\"\",\"road_2\":\"\",\"area_2\":\"\",\"town_2\":\"\",\"state_2\":\"\",\"country_2\":\"\",\"pincode_2\":\"\",\"tel1\":\"7854129630\",\"tel2\":\"\",\"mob\":\"8574963210\",\"marital_status\":\"Unmarried\",\"no_of_child\":\"\",\"marriage_date\":null,\"birth_place\":\"\",\"religion\":\"\",\"lic_no\":\"\",\"educational_qualification\":\"graduate \",\"physically_handicapped\":\"No\",\"vehicle_details\":\"\",\"professional_membership\":\"\",\"blood_group\":\"\",\"esic_dispensary\":\"\",\"work_exp\":\"\",\"email\":\"asmita.konduskar@salasarauction.com\",\"updated_by\":\"0\",\"updated_on\":\"2023-10-20 12:18:29\",\"branch\":\"2\"}', 0, '2023-10-20 12:18:29'),
(25, 'Update', 'employee', 2, '\"\"', '{\"emp_name\":\"asmita konduskar\",\"First_name\":\"asmita\",\"Middle_name\":\"vinayak\",\"last_name\":\"konduskar\",\"username\":\"admin\",\"password\":\"admin\",\"user_type\":\"U\",\"gender\":\"F\",\"is_active\":\"1\",\"ticket_no\":\"\",\"father_name_or_husband_name\":\"\",\"dob\":\"2023-10-01\",\"doj\":\"2023-10-01\",\"date_of_probation\":null,\"confirmation_date\":null,\"date_of_leaving\":null,\"doj_pf\":null,\"esi_no\":\"555\",\"pan_no\":\"ABCDE1234G\",\"pf_no\":\"123654\",\"uan\":\"\",\"doj_eps\":null,\"dept_id\":\"1\",\"grade\":\"A\",\"designation\":\"Developer\",\"payment_mode\":\"T\",\"rule_id\":\"3\",\"flat_1\":\"\",\"premise_1\":\"\",\"road_1\":\"\",\"area_1\":\"\",\"town_1\":\"\",\"state_1\":\"\",\"country_1\":\"\",\"pincode_1\":\"\",\"flat_2\":\"\",\"premise_2\":\"\",\"road_2\":\"\",\"area_2\":\"\",\"town_2\":\"\",\"state_2\":\"\",\"country_2\":\"\",\"pincode_2\":\"\",\"tel1\":\"7854129630\",\"tel2\":\"\",\"mob\":\"8574963210\",\"marital_status\":\"Unmarried\",\"no_of_child\":\"\",\"marriage_date\":null,\"birth_place\":\"\",\"religion\":\"\",\"lic_no\":\"\",\"educational_qualification\":\"graduate \",\"physically_handicapped\":\"No\",\"vehicle_details\":\"\",\"professional_membership\":\"\",\"blood_group\":\"\",\"esic_dispensary\":\"\",\"work_exp\":\"\",\"email\":\"asmita.konduskar@salasarauction.com\",\"updated_by\":\"0\",\"updated_on\":\"2023-10-20 12:18:43\",\"branch\":\"2\"}', 0, '2023-10-20 12:18:43'),
(26, 'Update', 'employee', 2, '\"\"', '{\"emp_name\":\"siddhi mirashi\",\"First_name\":\"siddhi\",\"Middle_name\":\"\",\"last_name\":\"mirashi\",\"username\":\"demo1\",\"password\":\"demo1\",\"user_type\":\"U\",\"gender\":\"F\",\"is_active\":\"1\",\"ticket_no\":\"\",\"father_name_or_husband_name\":\"\",\"dob\":\"2023-08-31\",\"doj\":null,\"date_of_probation\":null,\"confirmation_date\":null,\"date_of_leaving\":null,\"doj_pf\":null,\"esi_no\":\"\",\"pan_no\":\"\",\"pf_no\":\"\",\"uan\":\"\",\"doj_eps\":null,\"dept_id\":\"\",\"grade\":\"\",\"designation\":\"\",\"payment_mode\":\"\",\"rule_id\":\"\",\"flat_1\":\"\",\"premise_1\":\"\",\"road_1\":\"\",\"area_1\":\"\",\"town_1\":\"\",\"state_1\":\"\",\"country_1\":\"\",\"pincode_1\":\"\",\"flat_2\":\"\",\"premise_2\":\"\",\"road_2\":\"\",\"area_2\":\"\",\"town_2\":\"\",\"state_2\":\"\",\"country_2\":\"\",\"pincode_2\":\"\",\"tel1\":\"8745632190\",\"tel2\":\"\",\"mob\":\"8745963321\",\"marital_status\":\"Unmarried\",\"no_of_child\":\"\",\"marriage_date\":null,\"birth_place\":\"\",\"religion\":\"\",\"lic_no\":\"\",\"educational_qualification\":\"\",\"physically_handicapped\":\"Yes\",\"vehicle_details\":\"\",\"professional_membership\":\"\",\"blood_group\":\"\",\"esic_dispensary\":\"\",\"work_exp\":\"\",\"email\":\"siddhi.mirashi@salasarauction.com\",\"updated_by\":\"0\",\"updated_on\":\"2023-10-20 12:22:01\",\"branch\":\"1\"}', 0, '2023-10-20 12:22:01'),
(27, 'Update', 'employee', 2, '\"\"', '{\"emp_name\":\"siddhi mirashi\",\"First_name\":\"siddhi\",\"Middle_name\":\"\",\"last_name\":\"mirashi\",\"username\":\"demo1\",\"password\":\"demo1\",\"user_type\":\"U\",\"gender\":\"F\",\"is_active\":\"1\",\"ticket_no\":\"\",\"father_name_or_husband_name\":\"\",\"dob\":\"2023-08-31\",\"doj\":null,\"date_of_probation\":null,\"confirmation_date\":null,\"date_of_leaving\":null,\"doj_pf\":null,\"esi_no\":\"\",\"pan_no\":\"ABCDE1234F\",\"pf_no\":\"\",\"uan\":\"\",\"doj_eps\":null,\"dept_id\":\"2\",\"grade\":\"A\",\"designation\":\"operation\",\"payment_mode\":\"\",\"rule_id\":\"\",\"flat_1\":\"\",\"premise_1\":\"\",\"road_1\":\"\",\"area_1\":\"\",\"town_1\":\"\",\"state_1\":\"\",\"country_1\":\"\",\"pincode_1\":\"\",\"flat_2\":\"\",\"premise_2\":\"\",\"road_2\":\"\",\"area_2\":\"\",\"town_2\":\"\",\"state_2\":\"\",\"country_2\":\"\",\"pincode_2\":\"\",\"tel1\":\"8745632190\",\"tel2\":\"\",\"mob\":\"8745963321\",\"marital_status\":\"Unmarried\",\"no_of_child\":\"\",\"marriage_date\":null,\"birth_place\":\"\",\"religion\":\"\",\"lic_no\":\"\",\"educational_qualification\":\"graducate\",\"physically_handicapped\":\"Yes\",\"vehicle_details\":\"\",\"professional_membership\":\"\",\"blood_group\":\"\",\"esic_dispensary\":\"\",\"work_exp\":\"\",\"email\":\"siddhi.mirashi@salasarauction.com\",\"updated_by\":\"0\",\"updated_on\":\"2023-10-20 12:22:44\",\"branch\":\"1\"}', 0, '2023-10-20 12:22:44'),
(28, 'Update', 'employee', 2, '\"\"', '{\"emp_name\":\"siddhi mirashi\",\"First_name\":\"siddhi\",\"Middle_name\":\"\",\"last_name\":\"mirashi\",\"username\":\"demo1\",\"password\":\"demo1\",\"user_type\":\"U\",\"gender\":\"F\",\"is_active\":\"1\",\"ticket_no\":\"\",\"father_name_or_husband_name\":\"\",\"dob\":\"2023-08-31\",\"doj\":null,\"date_of_probation\":null,\"confirmation_date\":null,\"date_of_leaving\":null,\"doj_pf\":null,\"esi_no\":\"\",\"pan_no\":\"ABCDE1234F\",\"pf_no\":\"\",\"uan\":\"\",\"doj_eps\":null,\"dept_id\":\"2\",\"grade\":\"A\",\"designation\":\"operation\",\"payment_mode\":\"\",\"rule_id\":\"\",\"flat_1\":\"\",\"premise_1\":\"\",\"road_1\":\"\",\"area_1\":\"\",\"town_1\":\"\",\"state_1\":\"\",\"country_1\":\"\",\"pincode_1\":\"\",\"flat_2\":\"\",\"premise_2\":\"\",\"road_2\":\"\",\"area_2\":\"\",\"town_2\":\"\",\"state_2\":\"\",\"country_2\":\"\",\"pincode_2\":\"\",\"tel1\":\"8745632190\",\"tel2\":\"\",\"mob\":\"8745963321\",\"marital_status\":\"Unmarried\",\"no_of_child\":\"\",\"marriage_date\":null,\"birth_place\":\"\",\"religion\":\"\",\"lic_no\":\"\",\"educational_qualification\":\"graducate\",\"physically_handicapped\":\"Yes\",\"vehicle_details\":\"\",\"professional_membership\":\"\",\"blood_group\":\"\",\"esic_dispensary\":\"\",\"work_exp\":\"\",\"email\":\"siddhi.mirashi@salasarauction.com\",\"updated_by\":\"0\",\"updated_on\":\"2023-10-20 12:22:46\",\"branch\":\"1\"}', 0, '2023-10-20 12:22:46'),
(29, 'Update', 'employee', 2, '\"\"', '{\"emp_name\":\"siddhi mirashi\",\"First_name\":\"siddhi\",\"Middle_name\":\"\",\"last_name\":\"mirashi\",\"username\":\"demo1\",\"password\":\"demo1\",\"user_type\":\"U\",\"gender\":\"F\",\"is_active\":\"1\",\"ticket_no\":\"\",\"father_name_or_husband_name\":\"\",\"dob\":\"2023-08-31\",\"doj\":\"2023-09-03\",\"date_of_probation\":null,\"confirmation_date\":null,\"date_of_leaving\":null,\"doj_pf\":null,\"esi_no\":\"\",\"pan_no\":\"ABCDE1234F\",\"pf_no\":\"546\",\"uan\":\"\",\"doj_eps\":null,\"dept_id\":\"2\",\"grade\":\"A\",\"designation\":\"operation\",\"payment_mode\":\"T\",\"rule_id\":\"2\",\"flat_1\":\"\",\"premise_1\":\"\",\"road_1\":\"\",\"area_1\":\"\",\"town_1\":\"\",\"state_1\":\"\",\"country_1\":\"\",\"pincode_1\":\"\",\"flat_2\":\"\",\"premise_2\":\"\",\"road_2\":\"\",\"area_2\":\"\",\"town_2\":\"\",\"state_2\":\"\",\"country_2\":\"\",\"pincode_2\":\"\",\"tel1\":\"8745632190\",\"tel2\":\"\",\"mob\":\"8745963321\",\"marital_status\":\"Unmarried\",\"no_of_child\":\"\",\"marriage_date\":null,\"birth_place\":\"\",\"religion\":\"\",\"lic_no\":\"\",\"educational_qualification\":\"graducate\",\"physically_handicapped\":\"Yes\",\"vehicle_details\":\"\",\"professional_membership\":\"\",\"blood_group\":\"\",\"esic_dispensary\":\"\",\"work_exp\":\"\",\"email\":\"siddhi.mirashi@salasarauction.com\",\"updated_by\":\"0\",\"updated_on\":\"2023-10-20 12:23:01\",\"branch\":\"1\"}', 0, '2023-10-20 12:23:01'),
(30, 'Add', 'employee', 3, '\"\"', '{\"branch\":\"1\",\"dept_id\":\"\",\"emp_name\":\"yogesh yadav\",\"emp_code\":\"A\\/71\\/E-003\",\"First_name\":\"yogesh\",\"Middle_name\":\"\",\"last_name\":\"yadav\",\"username\":\"yogesh\",\"password\":\"yogesh\",\"user_type\":\"U\",\"gender\":\"F\",\"is_active\":\"1\",\"physically_handicapped\":\"No\",\"father_name_or_husband_name\":\"\",\"dob\":\"2023-10-01\",\"birth_place\":\"\",\"tel1\":\"8596741230\",\"tel2\":\"\",\"mob\":\"9874521630\",\"marital_status\":\"Unmarried\",\"no_of_child\":\"\",\"marriage_date\":null,\"religion\":\"\",\"email\":\"yogesh.yadav@salasarauction.com\",\"created_by\":\"0\",\"created_on\":\"2023-10-20 13:01:06\"}', 0, '2023-10-20 13:01:06'),
(31, 'Update', 'employee', 3, '\"\"', '{\"emp_name\":\"yogesh yadav\",\"First_name\":\"yogesh\",\"Middle_name\":\"\",\"last_name\":\"yadav\",\"username\":\"yogesh\",\"password\":\"yogesh\",\"user_type\":\"U\",\"gender\":\"F\",\"is_active\":\"1\",\"ticket_no\":\"\",\"father_name_or_husband_name\":\"\",\"dob\":\"2023-10-01\",\"doj\":null,\"date_of_probation\":null,\"confirmation_date\":null,\"date_of_leaving\":null,\"doj_pf\":null,\"esi_no\":\"\",\"pan_no\":\"ABCDE1234F\",\"pf_no\":\"\",\"uan\":\"\",\"doj_eps\":null,\"dept_id\":\"3\",\"grade\":\"A\",\"designation\":\"business\",\"payment_mode\":\"\",\"rule_id\":\"\",\"flat_1\":\"\",\"premise_1\":\"\",\"road_1\":\"\",\"area_1\":\"\",\"town_1\":\"\",\"state_1\":\"\",\"country_1\":\"\",\"pincode_1\":\"\",\"flat_2\":\"\",\"premise_2\":\"\",\"road_2\":\"\",\"area_2\":\"\",\"town_2\":\"\",\"state_2\":\"\",\"country_2\":\"\",\"pincode_2\":\"\",\"tel1\":\"8596741230\",\"tel2\":\"\",\"mob\":\"9874521630\",\"marital_status\":\"Unmarried\",\"no_of_child\":\"\",\"marriage_date\":null,\"birth_place\":\"\",\"religion\":\"\",\"lic_no\":\"\",\"educational_qualification\":\"graducate\",\"physically_handicapped\":\"No\",\"vehicle_details\":\"\",\"professional_membership\":\"\",\"blood_group\":\"\",\"esic_dispensary\":\"\",\"work_exp\":\"\",\"email\":\"yogesh.yadav@salasarauction.com\",\"updated_by\":\"0\",\"updated_on\":\"2023-10-20 13:01:29\",\"branch\":\"1\"}', 0, '2023-10-20 13:01:29'),
(32, 'Update', 'employee', 3, '\"\"', '{\"emp_name\":\"yogesh yadav\",\"First_name\":\"yogesh\",\"Middle_name\":\"\",\"last_name\":\"yadav\",\"username\":\"yogesh\",\"password\":\"yogesh\",\"user_type\":\"U\",\"gender\":\"F\",\"is_active\":\"1\",\"ticket_no\":\"\",\"father_name_or_husband_name\":\"\",\"dob\":\"2023-10-01\",\"doj\":null,\"date_of_probation\":null,\"confirmation_date\":null,\"date_of_leaving\":null,\"doj_pf\":null,\"esi_no\":\"\",\"pan_no\":\"ABCDE1234F\",\"pf_no\":\"\",\"uan\":\"\",\"doj_eps\":null,\"dept_id\":\"3\",\"grade\":\"A\",\"designation\":\"business\",\"payment_mode\":\"\",\"rule_id\":\"\",\"flat_1\":\"\",\"premise_1\":\"\",\"road_1\":\"\",\"area_1\":\"\",\"town_1\":\"\",\"state_1\":\"\",\"country_1\":\"\",\"pincode_1\":\"\",\"flat_2\":\"\",\"premise_2\":\"\",\"road_2\":\"\",\"area_2\":\"\",\"town_2\":\"\",\"state_2\":\"\",\"country_2\":\"\",\"pincode_2\":\"\",\"tel1\":\"8596741230\",\"tel2\":\"\",\"mob\":\"9874521630\",\"marital_status\":\"Unmarried\",\"no_of_child\":\"\",\"marriage_date\":null,\"birth_place\":\"\",\"religion\":\"\",\"lic_no\":\"\",\"educational_qualification\":\"graducate\",\"physically_handicapped\":\"No\",\"vehicle_details\":\"\",\"professional_membership\":\"\",\"blood_group\":\"\",\"esic_dispensary\":\"\",\"work_exp\":\"\",\"email\":\"yogesh.yadav@salasarauction.com\",\"updated_by\":\"0\",\"updated_on\":\"2023-10-20 13:01:30\",\"branch\":\"1\"}', 0, '2023-10-20 13:01:30'),
(33, 'Update', 'employee', 3, '\"\"', '{\"emp_name\":\"yogesh yadav\",\"First_name\":\"yogesh\",\"Middle_name\":\"\",\"last_name\":\"yadav\",\"username\":\"yogesh\",\"password\":\"yogesh\",\"user_type\":\"U\",\"gender\":\"F\",\"is_active\":\"1\",\"ticket_no\":\"\",\"father_name_or_husband_name\":\"\",\"dob\":\"2023-10-01\",\"doj\":\"2023-10-01\",\"date_of_probation\":null,\"confirmation_date\":null,\"date_of_leaving\":null,\"doj_pf\":null,\"esi_no\":\"\",\"pan_no\":\"ABCDE1234F\",\"pf_no\":\"6352\",\"uan\":\"\",\"doj_eps\":null,\"dept_id\":\"3\",\"grade\":\"A\",\"designation\":\"business\",\"payment_mode\":\"T\",\"rule_id\":\"2\",\"flat_1\":\"\",\"premise_1\":\"\",\"road_1\":\"\",\"area_1\":\"\",\"town_1\":\"\",\"state_1\":\"\",\"country_1\":\"\",\"pincode_1\":\"\",\"flat_2\":\"\",\"premise_2\":\"\",\"road_2\":\"\",\"area_2\":\"\",\"town_2\":\"\",\"state_2\":\"\",\"country_2\":\"\",\"pincode_2\":\"\",\"tel1\":\"8596741230\",\"tel2\":\"\",\"mob\":\"9874521630\",\"marital_status\":\"Unmarried\",\"no_of_child\":\"\",\"marriage_date\":null,\"birth_place\":\"\",\"religion\":\"\",\"lic_no\":\"\",\"educational_qualification\":\"graducate\",\"physically_handicapped\":\"No\",\"vehicle_details\":\"\",\"professional_membership\":\"\",\"blood_group\":\"\",\"esic_dispensary\":\"\",\"work_exp\":\"\",\"email\":\"yogesh.yadav@salasarauction.com\",\"updated_by\":\"0\",\"updated_on\":\"2023-10-20 13:01:46\",\"branch\":\"1\"}', 0, '2023-10-20 13:01:46'),
(34, 'Update', 'department', 3, '\"\"', '{\"dept_name\":\"BDE\",\"branch_id\":\"1\",\"is_active\":\"1\",\"updated_by\":\"1\",\"updated_on\":\"2023-10-21 04:40:41\"}', 1, '2023-10-21 04:40:41'),
(35, 'Update', 'department', 2, '\"\"', '{\"dept_name\":\"OPS\",\"branch_id\":\"1\",\"is_active\":\"1\",\"updated_by\":\"1\",\"updated_on\":\"2023-10-21 04:40:45\"}', 1, '2023-10-21 04:40:45'),
(36, 'Update', 'department', 1, '\"\"', '{\"dept_name\":\"IT\",\"branch_id\":\"2\",\"is_active\":\"1\",\"updated_by\":\"1\",\"updated_on\":\"2023-10-21 04:40:46\"}', 1, '2023-10-21 04:40:46'),
(37, 'Add', 'employee', 4, '\"\"', '{\"branch\":\"\",\"dept_id\":\"\",\"emp_name\":\"Pallavi wadekar\",\"emp_code\":\"A\\/71\\/E-004\",\"First_name\":\"Pallavi\",\"Middle_name\":\"\",\"last_name\":\"wadekar\",\"username\":\"pallavi\",\"password\":\"pallavi\",\"user_type\":\"\",\"gender\":\"F\",\"is_active\":\"1\",\"physically_handicapped\":\"No\",\"father_name_or_husband_name\":\"\",\"dob\":null,\"birth_place\":\"\",\"tel1\":\"8745219630\",\"tel2\":\"\",\"mob\":\"9865327410\",\"marital_status\":\"Unmarried\",\"no_of_child\":\"\",\"marriage_date\":null,\"religion\":\"\",\"email\":\"pallavi.wadekar@salasarauction.com\",\"created_by\":\"1\",\"created_on\":\"2023-10-21 04:42:27\"}', 1, '2023-10-21 04:42:27'),
(38, 'Update', 'employee', 4, '\"\"', '{\"emp_name\":\"Pallavi wadekar\",\"First_name\":\"Pallavi\",\"Middle_name\":\"\",\"last_name\":\"wadekar\",\"username\":\"pallavi\",\"password\":\"pallavi\",\"user_type\":\"U\",\"gender\":\"F\",\"is_active\":\"1\",\"ticket_no\":\"\",\"father_name_or_husband_name\":\"\",\"dob\":null,\"doj\":null,\"date_of_probation\":null,\"confirmation_date\":null,\"date_of_leaving\":null,\"doj_pf\":null,\"esi_no\":\"\",\"pan_no\":\"\",\"pf_no\":\"\",\"uan\":\"\",\"doj_eps\":null,\"dept_id\":\"\",\"grade\":\"\",\"designation\":\"\",\"payment_mode\":\"\",\"rule_id\":\"\",\"flat_1\":\"\",\"premise_1\":\"\",\"road_1\":\"\",\"area_1\":\"\",\"town_1\":\"\",\"state_1\":\"\",\"country_1\":\"\",\"pincode_1\":\"\",\"flat_2\":\"\",\"premise_2\":\"\",\"road_2\":\"\",\"area_2\":\"\",\"town_2\":\"\",\"state_2\":\"\",\"country_2\":\"\",\"pincode_2\":\"\",\"tel1\":\"8745219630\",\"tel2\":\"\",\"mob\":\"9865327410\",\"marital_status\":\"Unmarried\",\"no_of_child\":\"\",\"marriage_date\":null,\"birth_place\":\"\",\"religion\":\"\",\"lic_no\":\"\",\"educational_qualification\":\"\",\"physically_handicapped\":\"No\",\"vehicle_details\":\"\",\"professional_membership\":\"\",\"blood_group\":\"\",\"esic_dispensary\":\"\",\"work_exp\":\"\",\"email\":\"pallavi.wadekar@salasarauction.com\",\"updated_by\":\"1\",\"updated_on\":\"2023-10-21 04:42:31\",\"branch\":\"1\"}', 1, '2023-10-21 04:42:31'),
(39, 'Update', 'employee', 4, '\"\"', '{\"emp_name\":\"Pallavi wadekar\",\"First_name\":\"Pallavi\",\"Middle_name\":\"\",\"last_name\":\"wadekar\",\"username\":\"pallavi\",\"password\":\"pallavi\",\"user_type\":\"U\",\"gender\":\"F\",\"is_active\":\"1\",\"ticket_no\":\"\",\"father_name_or_husband_name\":\"\",\"dob\":\"2023-10-02\",\"doj\":null,\"date_of_probation\":null,\"confirmation_date\":null,\"date_of_leaving\":null,\"doj_pf\":null,\"esi_no\":\"\",\"pan_no\":\"\",\"pf_no\":\"\",\"uan\":\"\",\"doj_eps\":null,\"dept_id\":\"\",\"grade\":\"\",\"designation\":\"\",\"payment_mode\":\"\",\"rule_id\":\"\",\"flat_1\":\"\",\"premise_1\":\"\",\"road_1\":\"\",\"area_1\":\"\",\"town_1\":\"\",\"state_1\":\"\",\"country_1\":\"\",\"pincode_1\":\"\",\"flat_2\":\"\",\"premise_2\":\"\",\"road_2\":\"\",\"area_2\":\"\",\"town_2\":\"\",\"state_2\":\"\",\"country_2\":\"\",\"pincode_2\":\"\",\"tel1\":\"8745219630\",\"tel2\":\"\",\"mob\":\"9865327410\",\"marital_status\":\"Unmarried\",\"no_of_child\":\"\",\"marriage_date\":null,\"birth_place\":\"\",\"religion\":\"\",\"lic_no\":\"\",\"educational_qualification\":\"\",\"physically_handicapped\":\"No\",\"vehicle_details\":\"\",\"professional_membership\":\"\",\"blood_group\":\"\",\"esic_dispensary\":\"\",\"work_exp\":\"\",\"email\":\"pallavi.wadekar@salasarauction.com\",\"updated_by\":\"1\",\"updated_on\":\"2023-10-21 04:42:42\",\"branch\":\"1\"}', 1, '2023-10-21 04:42:42'),
(40, 'Update', 'employee', 4, '\"\"', '{\"emp_name\":\"Pallavi wadekar\",\"First_name\":\"Pallavi\",\"Middle_name\":\"\",\"last_name\":\"wadekar\",\"username\":\"pallavi\",\"password\":\"pallavi\",\"user_type\":\"U\",\"gender\":\"F\",\"is_active\":\"1\",\"ticket_no\":\"\",\"father_name_or_husband_name\":\"\",\"dob\":\"2023-10-02\",\"doj\":null,\"date_of_probation\":null,\"confirmation_date\":null,\"date_of_leaving\":null,\"doj_pf\":null,\"esi_no\":\"\",\"pan_no\":\"ABCDE1234F\",\"pf_no\":\"\",\"uan\":\"\",\"doj_eps\":null,\"dept_id\":\"3\",\"grade\":\"A\",\"designation\":\"business head\",\"payment_mode\":\"\",\"rule_id\":\"\",\"flat_1\":\"\",\"premise_1\":\"\",\"road_1\":\"\",\"area_1\":\"\",\"town_1\":\"\",\"state_1\":\"\",\"country_1\":\"\",\"pincode_1\":\"\",\"flat_2\":\"\",\"premise_2\":\"\",\"road_2\":\"\",\"area_2\":\"\",\"town_2\":\"\",\"state_2\":\"\",\"country_2\":\"\",\"pincode_2\":\"\",\"tel1\":\"8745219630\",\"tel2\":\"\",\"mob\":\"9865327410\",\"marital_status\":\"Unmarried\",\"no_of_child\":\"\",\"marriage_date\":null,\"birth_place\":\"\",\"religion\":\"\",\"lic_no\":\"\",\"educational_qualification\":\"graduate \",\"physically_handicapped\":\"No\",\"vehicle_details\":\"\",\"professional_membership\":\"\",\"blood_group\":\"\",\"esic_dispensary\":\"\",\"work_exp\":\"\",\"email\":\"pallavi.wadekar@salasarauction.com\",\"updated_by\":\"1\",\"updated_on\":\"2023-10-21 04:43:08\",\"branch\":\"1\"}', 1, '2023-10-21 04:43:08'),
(41, 'Update', 'employee', 4, '\"\"', '{\"emp_name\":\"Pallavi wadekar\",\"First_name\":\"Pallavi\",\"Middle_name\":\"\",\"last_name\":\"wadekar\",\"username\":\"pallavi\",\"password\":\"pallavi\",\"user_type\":\"U\",\"gender\":\"F\",\"is_active\":\"1\",\"ticket_no\":\"\",\"father_name_or_husband_name\":\"\",\"dob\":\"2023-10-02\",\"doj\":null,\"date_of_probation\":null,\"confirmation_date\":null,\"date_of_leaving\":null,\"doj_pf\":null,\"esi_no\":\"\",\"pan_no\":\"ABCDE1234F\",\"pf_no\":\"\",\"uan\":\"\",\"doj_eps\":null,\"dept_id\":\"3\",\"grade\":\"A\",\"designation\":\"business head\",\"payment_mode\":\"\",\"rule_id\":\"\",\"flat_1\":\"\",\"premise_1\":\"\",\"road_1\":\"\",\"area_1\":\"\",\"town_1\":\"\",\"state_1\":\"\",\"country_1\":\"\",\"pincode_1\":\"\",\"flat_2\":\"\",\"premise_2\":\"\",\"road_2\":\"\",\"area_2\":\"\",\"town_2\":\"\",\"state_2\":\"\",\"country_2\":\"\",\"pincode_2\":\"\",\"tel1\":\"8745219630\",\"tel2\":\"\",\"mob\":\"9865327410\",\"marital_status\":\"Unmarried\",\"no_of_child\":\"\",\"marriage_date\":null,\"birth_place\":\"\",\"religion\":\"\",\"lic_no\":\"\",\"educational_qualification\":\"graduate \",\"physically_handicapped\":\"No\",\"vehicle_details\":\"\",\"professional_membership\":\"\",\"blood_group\":\"\",\"esic_dispensary\":\"\",\"work_exp\":\"\",\"email\":\"pallavi.wadekar@salasarauction.com\",\"updated_by\":\"1\",\"updated_on\":\"2023-10-21 04:43:10\",\"branch\":\"1\"}', 1, '2023-10-21 04:43:10'),
(42, 'Update', 'employee', 4, '\"\"', '{\"emp_name\":\"Pallavi wadekar\",\"First_name\":\"Pallavi\",\"Middle_name\":\"\",\"last_name\":\"wadekar\",\"username\":\"pallavi\",\"password\":\"pallavi\",\"user_type\":\"U\",\"gender\":\"F\",\"is_active\":\"1\",\"ticket_no\":\"\",\"father_name_or_husband_name\":\"\",\"dob\":\"2023-10-02\",\"doj\":\"2023-05-01\",\"date_of_probation\":null,\"confirmation_date\":null,\"date_of_leaving\":null,\"doj_pf\":null,\"esi_no\":\"\",\"pan_no\":\"ABCDE1234F\",\"pf_no\":\"111\",\"uan\":\"\",\"doj_eps\":null,\"dept_id\":\"3\",\"grade\":\"A\",\"designation\":\"business head\",\"payment_mode\":\"T\",\"rule_id\":\"2\",\"flat_1\":\"\",\"premise_1\":\"\",\"road_1\":\"\",\"area_1\":\"\",\"town_1\":\"\",\"state_1\":\"\",\"country_1\":\"\",\"pincode_1\":\"\",\"flat_2\":\"\",\"premise_2\":\"\",\"road_2\":\"\",\"area_2\":\"\",\"town_2\":\"\",\"state_2\":\"\",\"country_2\":\"\",\"pincode_2\":\"\",\"tel1\":\"8745219630\",\"tel2\":\"\",\"mob\":\"9865327410\",\"marital_status\":\"Unmarried\",\"no_of_child\":\"\",\"marriage_date\":null,\"birth_place\":\"\",\"religion\":\"\",\"lic_no\":\"\",\"educational_qualification\":\"graduate \",\"physically_handicapped\":\"No\",\"vehicle_details\":\"\",\"professional_membership\":\"\",\"blood_group\":\"\",\"esic_dispensary\":\"\",\"work_exp\":\"\",\"email\":\"pallavi.wadekar@salasarauction.com\",\"updated_by\":\"1\",\"updated_on\":\"2023-10-21 04:43:22\",\"branch\":\"1\"}', 1, '2023-10-21 04:43:22'),
(43, 'Add', 'employee_bank_master', 1, '\"\"', '{\"emp_id\":\"4\",\"emp_code\":\"A\\/71\\/E-004\",\"acc_hol_name\":\"Pallavi\",\"bank_name\":\"HDFC Bank\",\"branch_name\":\"Mumbai\",\"acc_no\":\"190087007852\",\"ifsc_code\":\"HDCF000121\",\"is_active\":\"1\",\"created_by\":\"1\",\"created_on\":\"2023-10-21 04:45:36\"}', 1, '2023-10-21 04:45:36'),
(44, 'Update', 'emp_sal_breakup', 13, '\"\"', '{\"term_name\":\"Test\",\"is_active\":\"1\",\"ded_type\":\"D\",\"is_usable\":\"1\",\"updated_by\":\"1\",\"updated_on\":\"2023-10-21 05:09:44\"}', 1, '2023-10-21 05:09:44'),
(45, 'Add', 'salary_details', 11, '\"\"', '{\"emp_code\":\"A\\/71\\/E-004\",\"emp_name\":\"Pallavi wadekar\",\"sal_breakup_id\":\"1\",\"sal_term_name\":\"Basic\",\"sal_breakup_perc\":\"50.00\",\"sal_breakup_amt\":\"10500\",\"net_salary\":\"19488\",\"gross_amt\":\"21000\",\"ctc_amt\":\"22638\",\"sal_rule_id\":\"2\",\"created_by\":\"1\",\"created_on\":\"2023-10-21 05:24:26\"}', 1, '2023-10-21 05:24:26'),
(46, 'Add', 'salary_details', 12, '\"\"', '{\"emp_code\":\"A\\/71\\/E-004\",\"emp_name\":\"Pallavi wadekar\",\"sal_breakup_id\":\"2\",\"sal_term_name\":\"DA\\/SPA\",\"sal_breakup_perc\":\"10.00\",\"sal_breakup_amt\":\"2100\",\"net_salary\":\"19488\",\"gross_amt\":\"21000\",\"ctc_amt\":\"22638\",\"sal_rule_id\":\"2\",\"created_by\":\"1\",\"created_on\":\"2023-10-21 05:24:26\"}', 1, '2023-10-21 05:24:26'),
(47, 'Add', 'salary_details', 13, '\"\"', '{\"emp_code\":\"A\\/71\\/E-004\",\"emp_name\":\"Pallavi wadekar\",\"sal_breakup_id\":\"3\",\"sal_term_name\":\"HRA\",\"sal_breakup_perc\":\"30.00\",\"sal_breakup_amt\":\"6300\",\"net_salary\":\"19488\",\"gross_amt\":\"21000\",\"ctc_amt\":\"22638\",\"sal_rule_id\":\"2\",\"created_by\":\"1\",\"created_on\":\"2023-10-21 05:24:26\"}', 1, '2023-10-21 05:24:26'),
(48, 'Add', 'salary_details', 14, '\"\"', '{\"emp_code\":\"A\\/71\\/E-004\",\"emp_name\":\"Pallavi wadekar\",\"sal_breakup_id\":\"4\",\"sal_term_name\":\"Conveyance\",\"sal_breakup_perc\":\"5.00\",\"sal_breakup_amt\":\"1050\",\"net_salary\":\"19488\",\"gross_amt\":\"21000\",\"ctc_amt\":\"22638\",\"sal_rule_id\":\"2\",\"created_by\":\"1\",\"created_on\":\"2023-10-21 05:24:26\"}', 1, '2023-10-21 05:24:26'),
(49, 'Add', 'salary_details', 15, '\"\"', '{\"emp_code\":\"A\\/71\\/E-004\",\"emp_name\":\"Pallavi wadekar\",\"sal_breakup_id\":\"5\",\"sal_term_name\":\"Medical Allowance\",\"sal_breakup_perc\":\"5.00\",\"sal_breakup_amt\":\"1050\",\"net_salary\":\"19488\",\"gross_amt\":\"21000\",\"ctc_amt\":\"22638\",\"sal_rule_id\":\"2\",\"created_by\":\"1\",\"created_on\":\"2023-10-21 05:24:26\"}', 1, '2023-10-21 05:24:26'),
(50, 'Add', 'salary_details', 16, '\"\"', '{\"emp_code\":\"A\\/71\\/E-004\",\"emp_name\":\"Pallavi wadekar\",\"sal_breakup_id\":\"7\",\"sal_term_name\":\"Employer PF\",\"sal_breakup_perc\":\"13.00\",\"sal_breakup_amt\":\"1638\",\"net_salary\":\"19488\",\"gross_amt\":\"21000\",\"ctc_amt\":\"22638\",\"sal_rule_id\":\"2\",\"created_by\":\"1\",\"created_on\":\"2023-10-21 05:24:26\"}', 1, '2023-10-21 05:24:26'),
(51, 'Add', 'salary_details', 17, '\"\"', '{\"emp_code\":\"A\\/71\\/E-004\",\"emp_name\":\"Pallavi wadekar\",\"sal_breakup_id\":\"8\",\"sal_term_name\":\"Employer ESIC\",\"sal_breakup_perc\":\"3.25\",\"sal_breakup_amt\":\"0.00\",\"net_salary\":\"19488\",\"gross_amt\":\"21000\",\"ctc_amt\":\"22638\",\"sal_rule_id\":\"2\",\"created_by\":\"1\",\"created_on\":\"2023-10-21 05:24:26\"}', 1, '2023-10-21 05:24:26'),
(52, 'Add', 'salary_details', 18, '\"\"', '{\"emp_code\":\"A\\/71\\/E-004\",\"emp_name\":\"Pallavi wadekar\",\"sal_breakup_id\":\"9\",\"sal_term_name\":\"Employee PF\",\"sal_breakup_perc\":\"12.00\",\"sal_breakup_amt\":\"1512\",\"net_salary\":\"19488\",\"gross_amt\":\"21000\",\"ctc_amt\":\"22638\",\"sal_rule_id\":\"2\",\"created_by\":\"1\",\"created_on\":\"2023-10-21 05:24:26\"}', 1, '2023-10-21 05:24:26'),
(53, 'Add', 'salary_details', 19, '\"\"', '{\"emp_code\":\"A\\/71\\/E-004\",\"emp_name\":\"Pallavi wadekar\",\"sal_breakup_id\":\"10\",\"sal_term_name\":\"Employee ESIC\",\"sal_breakup_perc\":\"0.75\",\"sal_breakup_amt\":\"0.00\",\"net_salary\":\"19488\",\"gross_amt\":\"21000\",\"ctc_amt\":\"22638\",\"sal_rule_id\":\"2\",\"created_by\":\"1\",\"created_on\":\"2023-10-21 05:24:26\"}', 1, '2023-10-21 05:24:26'),
(54, 'Add', 'salary_details', 20, '\"\"', '{\"emp_code\":\"A\\/71\\/E-004\",\"emp_name\":\"Pallavi wadekar\",\"sal_breakup_id\":\"11\",\"sal_term_name\":\"Professional Tax\",\"sal_breakup_perc\":\"0.00\",\"sal_breakup_amt\":\"0.00\",\"net_salary\":\"19488\",\"gross_amt\":\"21000\",\"ctc_amt\":\"22638\",\"sal_rule_id\":\"2\",\"created_by\":\"1\",\"created_on\":\"2023-10-21 05:24:26\"}', 1, '2023-10-21 05:24:26'),
(55, 'Update', 'department', 3, '\"\"', '{\"dept_name\":\"BDE\",\"branch_id\":\"1\",\"is_active\":\"1\",\"updated_by\":\"1\",\"updated_on\":\"2023-10-21 06:31:51\"}', 1, '2023-10-21 06:31:51'),
(56, 'Add', 'employee', 5, '\"\"', '{\"branch\":\"1\",\"dept_id\":\"\",\"emp_name\":\"Priyanka Kulkarni\",\"emp_code\":\"A\\/71\\/E-002\",\"First_name\":\"Priyanka\",\"Middle_name\":\"\",\"last_name\":\"Kulkarni\",\"username\":\"priyanka\",\"password\":\"priyanka \",\"user_type\":\"U\",\"gender\":\"F\",\"is_active\":\"1\",\"physically_handicapped\":\"No\",\"father_name_or_husband_name\":\"\",\"dob\":\"1993-09-16\",\"birth_place\":\"\",\"tel1\":\"9874521630\",\"tel2\":\"\",\"mob\":\"8574963210\",\"marital_status\":\"Unmarried\",\"no_of_child\":\"\",\"marriage_date\":null,\"religion\":\"\",\"email\":\"priyanka.kulkarni@salasarauction.com\",\"created_by\":\"1\",\"created_on\":\"2023-10-21 06:33:16\"}', 1, '2023-10-21 06:33:16'),
(57, 'Update', 'employee', 5, '\"\"', '{\"emp_name\":\"Priyanka Kulkarni\",\"First_name\":\"Priyanka\",\"Middle_name\":\"\",\"last_name\":\"Kulkarni\",\"username\":\"priyanka\",\"password\":\"priyanka \",\"user_type\":\"U\",\"gender\":\"F\",\"is_active\":\"1\",\"ticket_no\":\"\",\"father_name_or_husband_name\":\"\",\"dob\":\"1993-09-16\",\"doj\":null,\"date_of_probation\":null,\"confirmation_date\":null,\"date_of_leaving\":null,\"doj_pf\":null,\"esi_no\":\"\",\"pan_no\":\"ABCDE1234F\",\"pf_no\":\"\",\"uan\":\"\",\"doj_eps\":null,\"dept_id\":\"3\",\"grade\":\"A\",\"designation\":\"business head\",\"payment_mode\":\"\",\"rule_id\":\"\",\"flat_1\":\"\",\"premise_1\":\"\",\"road_1\":\"\",\"area_1\":\"\",\"town_1\":\"\",\"state_1\":\"\",\"country_1\":\"\",\"pincode_1\":\"\",\"flat_2\":\"\",\"premise_2\":\"\",\"road_2\":\"\",\"area_2\":\"\",\"town_2\":\"\",\"state_2\":\"\",\"country_2\":\"\",\"pincode_2\":\"\",\"tel1\":\"9874521630\",\"tel2\":\"\",\"mob\":\"8574963210\",\"marital_status\":\"Unmarried\",\"no_of_child\":\"\",\"marriage_date\":null,\"birth_place\":\"\",\"religion\":\"\",\"lic_no\":\"\",\"educational_qualification\":\"graduate \",\"physically_handicapped\":\"No\",\"vehicle_details\":\"\",\"professional_membership\":\"\",\"blood_group\":\"\",\"esic_dispensary\":\"\",\"work_exp\":\"\",\"email\":\"priyanka.kulkarni@salasarauction.com\",\"updated_by\":\"1\",\"updated_on\":\"2023-10-21 06:33:37\",\"branch\":\"1\"}', 1, '2023-10-21 06:33:37'),
(58, 'Update', 'employee', 5, '\"\"', '{\"emp_name\":\"Priyanka Kulkarni\",\"First_name\":\"Priyanka\",\"Middle_name\":\"\",\"last_name\":\"Kulkarni\",\"username\":\"priyanka\",\"password\":\"priyanka \",\"user_type\":\"U\",\"gender\":\"F\",\"is_active\":\"1\",\"ticket_no\":\"\",\"father_name_or_husband_name\":\"\",\"dob\":\"1993-09-16\",\"doj\":null,\"date_of_probation\":null,\"confirmation_date\":null,\"date_of_leaving\":null,\"doj_pf\":null,\"esi_no\":\"\",\"pan_no\":\"ABCDE1234F\",\"pf_no\":\"\",\"uan\":\"\",\"doj_eps\":null,\"dept_id\":\"3\",\"grade\":\"A\",\"designation\":\"business head\",\"payment_mode\":\"\",\"rule_id\":\"\",\"flat_1\":\"\",\"premise_1\":\"\",\"road_1\":\"\",\"area_1\":\"\",\"town_1\":\"\",\"state_1\":\"\",\"country_1\":\"\",\"pincode_1\":\"\",\"flat_2\":\"\",\"premise_2\":\"\",\"road_2\":\"\",\"area_2\":\"\",\"town_2\":\"\",\"state_2\":\"\",\"country_2\":\"\",\"pincode_2\":\"\",\"tel1\":\"9874521630\",\"tel2\":\"\",\"mob\":\"8574963210\",\"marital_status\":\"Unmarried\",\"no_of_child\":\"\",\"marriage_date\":null,\"birth_place\":\"\",\"religion\":\"\",\"lic_no\":\"\",\"educational_qualification\":\"graduate \",\"physically_handicapped\":\"No\",\"vehicle_details\":\"\",\"professional_membership\":\"\",\"blood_group\":\"\",\"esic_dispensary\":\"\",\"work_exp\":\"\",\"email\":\"priyanka.kulkarni@salasarauction.com\",\"updated_by\":\"1\",\"updated_on\":\"2023-10-21 06:33:39\",\"branch\":\"1\"}', 1, '2023-10-21 06:33:39'),
(59, 'Update', 'employee', 5, '\"\"', '{\"emp_name\":\"Priyanka Kulkarni\",\"First_name\":\"Priyanka\",\"Middle_name\":\"\",\"last_name\":\"Kulkarni\",\"username\":\"priyanka\",\"password\":\"priyanka \",\"user_type\":\"U\",\"gender\":\"F\",\"is_active\":\"1\",\"ticket_no\":\"\",\"father_name_or_husband_name\":\"\",\"dob\":\"1993-09-16\",\"doj\":\"2023-10-01\",\"date_of_probation\":null,\"confirmation_date\":null,\"date_of_leaving\":null,\"doj_pf\":null,\"esi_no\":\"\",\"pan_no\":\"ABCDE1234F\",\"pf_no\":\"1122\",\"uan\":\"\",\"doj_eps\":null,\"dept_id\":\"3\",\"grade\":\"A\",\"designation\":\"business head\",\"payment_mode\":\"T\",\"rule_id\":\"2\",\"flat_1\":\"\",\"premise_1\":\"\",\"road_1\":\"\",\"area_1\":\"\",\"town_1\":\"\",\"state_1\":\"\",\"country_1\":\"\",\"pincode_1\":\"\",\"flat_2\":\"\",\"premise_2\":\"\",\"road_2\":\"\",\"area_2\":\"\",\"town_2\":\"\",\"state_2\":\"\",\"country_2\":\"\",\"pincode_2\":\"\",\"tel1\":\"9874521630\",\"tel2\":\"\",\"mob\":\"8574963210\",\"marital_status\":\"Unmarried\",\"no_of_child\":\"\",\"marriage_date\":null,\"birth_place\":\"\",\"religion\":\"\",\"lic_no\":\"\",\"educational_qualification\":\"graduate \",\"physically_handicapped\":\"No\",\"vehicle_details\":\"\",\"professional_membership\":\"\",\"blood_group\":\"\",\"esic_dispensary\":\"\",\"work_exp\":\"\",\"email\":\"priyanka.kulkarni@salasarauction.com\",\"updated_by\":\"1\",\"updated_on\":\"2023-10-21 06:33:59\",\"branch\":\"1\"}', 1, '2023-10-21 06:33:59'),
(60, 'Add', 'salary_details', 21, '\"\"', '{\"emp_code\":\"A\\/71\\/E-002\",\"emp_name\":\"Priyanka Kulkarni\",\"sal_breakup_id\":\"1\",\"sal_term_name\":\"Basic\",\"sal_breakup_perc\":\"50.00\",\"sal_breakup_amt\":\"10500\",\"net_salary\":\"19488\",\"gross_amt\":\"21000\",\"ctc_amt\":\"24387\",\"sal_rule_id\":\"2\",\"created_by\":\"1\",\"created_on\":\"2023-10-21 06:34:40\"}', 1, '2023-10-21 06:34:40'),
(61, 'Add', 'salary_details', 22, '\"\"', '{\"emp_code\":\"A\\/71\\/E-002\",\"emp_name\":\"Priyanka Kulkarni\",\"sal_breakup_id\":\"2\",\"sal_term_name\":\"DA\",\"sal_breakup_perc\":\"10.00\",\"sal_breakup_amt\":\"2100\",\"net_salary\":\"19488\",\"gross_amt\":\"21000\",\"ctc_amt\":\"24387\",\"sal_rule_id\":\"2\",\"created_by\":\"1\",\"created_on\":\"2023-10-21 06:34:40\"}', 1, '2023-10-21 06:34:40'),
(62, 'Add', 'salary_details', 23, '\"\"', '{\"emp_code\":\"A\\/71\\/E-002\",\"emp_name\":\"Priyanka Kulkarni\",\"sal_breakup_id\":\"3\",\"sal_term_name\":\"HRA\",\"sal_breakup_perc\":\"30.00\",\"sal_breakup_amt\":\"6300\",\"net_salary\":\"19488\",\"gross_amt\":\"21000\",\"ctc_amt\":\"24387\",\"sal_rule_id\":\"2\",\"created_by\":\"1\",\"created_on\":\"2023-10-21 06:34:40\"}', 1, '2023-10-21 06:34:41'),
(63, 'Add', 'salary_details', 24, '\"\"', '{\"emp_code\":\"A\\/71\\/E-002\",\"emp_name\":\"Priyanka Kulkarni\",\"sal_breakup_id\":\"4\",\"sal_term_name\":\"Conveyance\",\"sal_breakup_perc\":\"5.00\",\"sal_breakup_amt\":\"1050\",\"net_salary\":\"19488\",\"gross_amt\":\"21000\",\"ctc_amt\":\"24387\",\"sal_rule_id\":\"2\",\"created_by\":\"1\",\"created_on\":\"2023-10-21 06:34:41\"}', 1, '2023-10-21 06:34:41'),
(64, 'Add', 'salary_details', 25, '\"\"', '{\"emp_code\":\"A\\/71\\/E-002\",\"emp_name\":\"Priyanka Kulkarni\",\"sal_breakup_id\":\"5\",\"sal_term_name\":\"Medical Allowance\",\"sal_breakup_perc\":\"5.00\",\"sal_breakup_amt\":\"1050\",\"net_salary\":\"19488\",\"gross_amt\":\"21000\",\"ctc_amt\":\"24387\",\"sal_rule_id\":\"2\",\"created_by\":\"1\",\"created_on\":\"2023-10-21 06:34:41\"}', 1, '2023-10-21 06:34:41'),
(65, 'Add', 'salary_details', 26, '\"\"', '{\"emp_code\":\"A\\/71\\/E-002\",\"emp_name\":\"Priyanka Kulkarni\",\"sal_breakup_id\":\"7\",\"sal_term_name\":\"Employer PF\",\"sal_breakup_perc\":\"13.00\",\"sal_breakup_amt\":\"1638\",\"net_salary\":\"19488\",\"gross_amt\":\"21000\",\"ctc_amt\":\"24387\",\"sal_rule_id\":\"2\",\"created_by\":\"1\",\"created_on\":\"2023-10-21 06:34:41\"}', 1, '2023-10-21 06:34:41'),
(66, 'Add', 'salary_details', 27, '\"\"', '{\"emp_code\":\"A\\/71\\/E-002\",\"emp_name\":\"Priyanka Kulkarni\",\"sal_breakup_id\":\"8\",\"sal_term_name\":\"Employer ESIC\",\"sal_breakup_perc\":\"3.25\",\"sal_breakup_amt\":\"0.00\",\"net_salary\":\"19488\",\"gross_amt\":\"21000\",\"ctc_amt\":\"24387\",\"sal_rule_id\":\"2\",\"created_by\":\"1\",\"created_on\":\"2023-10-21 06:34:41\"}', 1, '2023-10-21 06:34:41'),
(67, 'Add', 'salary_details', 28, '\"\"', '{\"emp_code\":\"A\\/71\\/E-002\",\"emp_name\":\"Priyanka Kulkarni\",\"sal_breakup_id\":\"9\",\"sal_term_name\":\"Employee PF\",\"sal_breakup_perc\":\"12.00\",\"sal_breakup_amt\":\"1512\",\"net_salary\":\"19488\",\"gross_amt\":\"21000\",\"ctc_amt\":\"24387\",\"sal_rule_id\":\"2\",\"created_by\":\"1\",\"created_on\":\"2023-10-21 06:34:41\"}', 1, '2023-10-21 06:34:41'),
(68, 'Add', 'salary_details', 29, '\"\"', '{\"emp_code\":\"A\\/71\\/E-002\",\"emp_name\":\"Priyanka Kulkarni\",\"sal_breakup_id\":\"10\",\"sal_term_name\":\"Employee ESIC\",\"sal_breakup_perc\":\"0.75\",\"sal_breakup_amt\":\"0.00\",\"net_salary\":\"19488\",\"gross_amt\":\"21000\",\"ctc_amt\":\"24387\",\"sal_rule_id\":\"2\",\"created_by\":\"1\",\"created_on\":\"2023-10-21 06:34:41\"}', 1, '2023-10-21 06:34:41');
INSERT INTO `system_log` (`log_id`, `operation`, `table_name`, `reference_id`, `from_data`, `to_data`, `updated_by`, `updated_on`) VALUES
(69, 'Add', 'salary_details', 30, '\"\"', '{\"emp_code\":\"A\\/71\\/E-002\",\"emp_name\":\"Priyanka Kulkarni\",\"sal_breakup_id\":\"11\",\"sal_term_name\":\"Professional Tax\",\"sal_breakup_perc\":\"0.00\",\"sal_breakup_amt\":\"0.00\",\"net_salary\":\"19488\",\"gross_amt\":\"21000\",\"ctc_amt\":\"24387\",\"sal_rule_id\":\"2\",\"created_by\":\"1\",\"created_on\":\"2023-10-21 06:34:41\"}', 1, '2023-10-21 06:34:41'),
(70, 'Add', 'salary_details', 31, '\"\"', '{\"emp_code\":\"A\\/71\\/E-002\",\"emp_name\":\"Priyanka Kulkarni\",\"sal_breakup_id\":\"12\",\"sal_term_name\":\"Bonus\",\"sal_breakup_perc\":\"8.33\",\"sal_breakup_amt\":\"1749.3\",\"net_salary\":\"19488\",\"gross_amt\":\"21000\",\"ctc_amt\":\"24387\",\"sal_rule_id\":\"2\",\"created_by\":\"1\",\"created_on\":\"2023-10-21 06:34:41\"}', 1, '2023-10-21 06:34:41'),
(71, 'Add', 'employee', 6, '\"\"', '{\"branch\":\"2\",\"dept_id\":\"\",\"emp_name\":\"Pooja  sharma\",\"emp_code\":\"A\\/71\\/E-006\",\"First_name\":\"Pooja\",\"Middle_name\":\"\",\"last_name\":\"sharma\",\"username\":\"pooja\",\"password\":\"pooja\",\"user_type\":\"U\",\"gender\":\"F\",\"is_active\":\"1\",\"physically_handicapped\":\"No\",\"father_name_or_husband_name\":\"\",\"dob\":\"2023-10-01\",\"birth_place\":\"\",\"tel1\":\"8574963210\",\"tel2\":\"\",\"mob\":\"9632587401\",\"marital_status\":\"Unmarried\",\"no_of_child\":\"\",\"marriage_date\":null,\"religion\":\"\",\"email\":\"pooja.sharma@salasarauction.com\",\"created_by\":\"1\",\"created_on\":\"2023-10-21 06:40:32\"}', 1, '2023-10-21 06:40:32'),
(72, 'Update', 'employee', 6, '\"\"', '{\"emp_name\":\"Pooja  sharma\",\"First_name\":\"Pooja\",\"Middle_name\":\"\",\"last_name\":\"sharma\",\"username\":\"pooja\",\"password\":\"pooja\",\"user_type\":\"U\",\"gender\":\"F\",\"is_active\":\"1\",\"ticket_no\":\"\",\"father_name_or_husband_name\":\"\",\"dob\":\"2023-10-01\",\"doj\":null,\"date_of_probation\":null,\"confirmation_date\":null,\"date_of_leaving\":null,\"doj_pf\":null,\"esi_no\":\"\",\"pan_no\":\"ABCDE1234F\",\"pf_no\":\"\",\"uan\":\"\",\"doj_eps\":null,\"dept_id\":\"1\",\"grade\":\"B\",\"designation\":\"Software Tester\",\"payment_mode\":\"\",\"rule_id\":\"\",\"flat_1\":\"\",\"premise_1\":\"\",\"road_1\":\"\",\"area_1\":\"\",\"town_1\":\"\",\"state_1\":\"\",\"country_1\":\"\",\"pincode_1\":\"\",\"flat_2\":\"\",\"premise_2\":\"\",\"road_2\":\"\",\"area_2\":\"\",\"town_2\":\"\",\"state_2\":\"\",\"country_2\":\"\",\"pincode_2\":\"\",\"tel1\":\"8574963210\",\"tel2\":\"\",\"mob\":\"9632587401\",\"marital_status\":\"Unmarried\",\"no_of_child\":\"\",\"marriage_date\":null,\"birth_place\":\"\",\"religion\":\"\",\"lic_no\":\"\",\"educational_qualification\":\"bcom\",\"physically_handicapped\":\"No\",\"vehicle_details\":\"\",\"professional_membership\":\"\",\"blood_group\":\"\",\"esic_dispensary\":\"\",\"work_exp\":\"\",\"email\":\"pooja.sharma@salasarauction.com\",\"updated_by\":\"1\",\"updated_on\":\"2023-10-21 06:41:25\",\"branch\":\"2\"}', 1, '2023-10-21 06:41:25'),
(73, 'Update', 'employee', 6, '\"\"', '{\"emp_name\":\"Pooja  sharma\",\"First_name\":\"Pooja\",\"Middle_name\":\"\",\"last_name\":\"sharma\",\"username\":\"pooja\",\"password\":\"pooja\",\"user_type\":\"U\",\"gender\":\"F\",\"is_active\":\"1\",\"ticket_no\":\"\",\"father_name_or_husband_name\":\"\",\"dob\":\"2023-10-01\",\"doj\":null,\"date_of_probation\":null,\"confirmation_date\":null,\"date_of_leaving\":null,\"doj_pf\":null,\"esi_no\":\"\",\"pan_no\":\"ABCDE1234F\",\"pf_no\":\"\",\"uan\":\"\",\"doj_eps\":null,\"dept_id\":\"1\",\"grade\":\"B\",\"designation\":\"Software Tester\",\"payment_mode\":\"\",\"rule_id\":\"\",\"flat_1\":\"\",\"premise_1\":\"\",\"road_1\":\"\",\"area_1\":\"\",\"town_1\":\"\",\"state_1\":\"\",\"country_1\":\"\",\"pincode_1\":\"\",\"flat_2\":\"\",\"premise_2\":\"\",\"road_2\":\"\",\"area_2\":\"\",\"town_2\":\"\",\"state_2\":\"\",\"country_2\":\"\",\"pincode_2\":\"\",\"tel1\":\"8574963210\",\"tel2\":\"\",\"mob\":\"9632587401\",\"marital_status\":\"Unmarried\",\"no_of_child\":\"\",\"marriage_date\":null,\"birth_place\":\"\",\"religion\":\"\",\"lic_no\":\"\",\"educational_qualification\":\"bcom\",\"physically_handicapped\":\"No\",\"vehicle_details\":\"\",\"professional_membership\":\"\",\"blood_group\":\"\",\"esic_dispensary\":\"\",\"work_exp\":\"\",\"email\":\"pooja.sharma@salasarauction.com\",\"updated_by\":\"1\",\"updated_on\":\"2023-10-21 06:41:26\",\"branch\":\"2\"}', 1, '2023-10-21 06:41:26'),
(74, 'Update', 'employee', 6, '\"\"', '{\"emp_name\":\"Pooja  sharma\",\"First_name\":\"Pooja\",\"Middle_name\":\"\",\"last_name\":\"sharma\",\"username\":\"pooja\",\"password\":\"pooja\",\"user_type\":\"U\",\"gender\":\"F\",\"is_active\":\"1\",\"ticket_no\":\"\",\"father_name_or_husband_name\":\"\",\"dob\":\"2023-10-01\",\"doj\":\"2023-10-01\",\"date_of_probation\":null,\"confirmation_date\":null,\"date_of_leaving\":null,\"doj_pf\":null,\"esi_no\":\"502\",\"pan_no\":\"ABCDE1234F\",\"pf_no\":\"601\",\"uan\":\"\",\"doj_eps\":null,\"dept_id\":\"1\",\"grade\":\"B\",\"designation\":\"Software Tester\",\"payment_mode\":\"T\",\"rule_id\":\"3\",\"flat_1\":\"\",\"premise_1\":\"\",\"road_1\":\"\",\"area_1\":\"\",\"town_1\":\"\",\"state_1\":\"\",\"country_1\":\"\",\"pincode_1\":\"\",\"flat_2\":\"\",\"premise_2\":\"\",\"road_2\":\"\",\"area_2\":\"\",\"town_2\":\"\",\"state_2\":\"\",\"country_2\":\"\",\"pincode_2\":\"\",\"tel1\":\"8574963210\",\"tel2\":\"\",\"mob\":\"9632587401\",\"marital_status\":\"Unmarried\",\"no_of_child\":\"\",\"marriage_date\":null,\"birth_place\":\"\",\"religion\":\"\",\"lic_no\":\"\",\"educational_qualification\":\"bcom\",\"physically_handicapped\":\"No\",\"vehicle_details\":\"\",\"professional_membership\":\"\",\"blood_group\":\"\",\"esic_dispensary\":\"\",\"work_exp\":\"\",\"email\":\"pooja.sharma@salasarauction.com\",\"updated_by\":\"1\",\"updated_on\":\"2023-10-21 06:42:11\",\"branch\":\"2\"}', 1, '2023-10-21 06:42:11'),
(75, 'Add', 'salary_details', 32, '\"\"', '{\"emp_code\":\"A\\/71\\/E-006\",\"emp_name\":\"Pooja  sharma\",\"sal_breakup_id\":\"1\",\"sal_term_name\":\"Basic\",\"sal_breakup_perc\":\"40.00\",\"sal_breakup_amt\":\"6400\",\"net_salary\":\"14920\",\"gross_amt\":\"16000\",\"ctc_amt\":\"18893\",\"sal_rule_id\":\"3\",\"created_by\":\"1\",\"created_on\":\"2023-10-21 06:49:31\"}', 1, '2023-10-21 06:49:31'),
(76, 'Add', 'salary_details', 33, '\"\"', '{\"emp_code\":\"A\\/71\\/E-006\",\"emp_name\":\"Pooja  sharma\",\"sal_breakup_id\":\"2\",\"sal_term_name\":\"DA\",\"sal_breakup_perc\":\"10.00\",\"sal_breakup_amt\":\"1600\",\"net_salary\":\"14920\",\"gross_amt\":\"16000\",\"ctc_amt\":\"18893\",\"sal_rule_id\":\"3\",\"created_by\":\"1\",\"created_on\":\"2023-10-21 06:49:31\"}', 1, '2023-10-21 06:49:31'),
(77, 'Add', 'salary_details', 34, '\"\"', '{\"emp_code\":\"A\\/71\\/E-006\",\"emp_name\":\"Pooja  sharma\",\"sal_breakup_id\":\"3\",\"sal_term_name\":\"HRA\",\"sal_breakup_perc\":\"30.00\",\"sal_breakup_amt\":\"4800\",\"net_salary\":\"14920\",\"gross_amt\":\"16000\",\"ctc_amt\":\"18893\",\"sal_rule_id\":\"3\",\"created_by\":\"1\",\"created_on\":\"2023-10-21 06:49:31\"}', 1, '2023-10-21 06:49:31'),
(78, 'Add', 'salary_details', 35, '\"\"', '{\"emp_code\":\"A\\/71\\/E-006\",\"emp_name\":\"Pooja  sharma\",\"sal_breakup_id\":\"4\",\"sal_term_name\":\"Conveyance\",\"sal_breakup_perc\":\"10.00\",\"sal_breakup_amt\":\"1600\",\"net_salary\":\"14920\",\"gross_amt\":\"16000\",\"ctc_amt\":\"18893\",\"sal_rule_id\":\"3\",\"created_by\":\"1\",\"created_on\":\"2023-10-21 06:49:31\"}', 1, '2023-10-21 06:49:31'),
(79, 'Add', 'salary_details', 36, '\"\"', '{\"emp_code\":\"A\\/71\\/E-006\",\"emp_name\":\"Pooja  sharma\",\"sal_breakup_id\":\"5\",\"sal_term_name\":\"Medical Allowance\",\"sal_breakup_perc\":\"10.00\",\"sal_breakup_amt\":\"1600\",\"net_salary\":\"14920\",\"gross_amt\":\"16000\",\"ctc_amt\":\"18893\",\"sal_rule_id\":\"3\",\"created_by\":\"1\",\"created_on\":\"2023-10-21 06:49:31\"}', 1, '2023-10-21 06:49:31'),
(80, 'Add', 'salary_details', 37, '\"\"', '{\"emp_code\":\"A\\/71\\/E-006\",\"emp_name\":\"Pooja  sharma\",\"sal_breakup_id\":\"7\",\"sal_term_name\":\"Employer PF\",\"sal_breakup_perc\":\"13.00\",\"sal_breakup_amt\":\"1040\",\"net_salary\":\"14920\",\"gross_amt\":\"16000\",\"ctc_amt\":\"18893\",\"sal_rule_id\":\"3\",\"created_by\":\"1\",\"created_on\":\"2023-10-21 06:49:31\"}', 1, '2023-10-21 06:49:31'),
(81, 'Add', 'salary_details', 38, '\"\"', '{\"emp_code\":\"A\\/71\\/E-006\",\"emp_name\":\"Pooja  sharma\",\"sal_breakup_id\":\"8\",\"sal_term_name\":\"Employer ESIC\",\"sal_breakup_perc\":\"3.25\",\"sal_breakup_amt\":\"520\",\"net_salary\":\"14920\",\"gross_amt\":\"16000\",\"ctc_amt\":\"18893\",\"sal_rule_id\":\"3\",\"created_by\":\"1\",\"created_on\":\"2023-10-21 06:49:31\"}', 1, '2023-10-21 06:49:31'),
(82, 'Add', 'salary_details', 39, '\"\"', '{\"emp_code\":\"A\\/71\\/E-006\",\"emp_name\":\"Pooja  sharma\",\"sal_breakup_id\":\"9\",\"sal_term_name\":\"Employee PF\",\"sal_breakup_perc\":\"12.00\",\"sal_breakup_amt\":\"960\",\"net_salary\":\"14920\",\"gross_amt\":\"16000\",\"ctc_amt\":\"18893\",\"sal_rule_id\":\"3\",\"created_by\":\"1\",\"created_on\":\"2023-10-21 06:49:31\"}', 1, '2023-10-21 06:49:31'),
(83, 'Add', 'salary_details', 40, '\"\"', '{\"emp_code\":\"A\\/71\\/E-006\",\"emp_name\":\"Pooja  sharma\",\"sal_breakup_id\":\"10\",\"sal_term_name\":\"Employee ESIC\",\"sal_breakup_perc\":\"0.75\",\"sal_breakup_amt\":\"120\",\"net_salary\":\"14920\",\"gross_amt\":\"16000\",\"ctc_amt\":\"18893\",\"sal_rule_id\":\"3\",\"created_by\":\"1\",\"created_on\":\"2023-10-21 06:49:31\"}', 1, '2023-10-21 06:49:31'),
(84, 'Add', 'salary_details', 41, '\"\"', '{\"emp_code\":\"A\\/71\\/E-006\",\"emp_name\":\"Pooja  sharma\",\"sal_breakup_id\":\"11\",\"sal_term_name\":\"Professional Tax\",\"sal_breakup_perc\":\"0.00\",\"sal_breakup_amt\":\"0.00\",\"net_salary\":\"14920\",\"gross_amt\":\"16000\",\"ctc_amt\":\"18893\",\"sal_rule_id\":\"3\",\"created_by\":\"1\",\"created_on\":\"2023-10-21 06:49:31\"}', 1, '2023-10-21 06:49:31'),
(85, 'Add', 'salary_details', 42, '\"\"', '{\"emp_code\":\"A\\/71\\/E-006\",\"emp_name\":\"Pooja  sharma\",\"sal_breakup_id\":\"12\",\"sal_term_name\":\"Bonus\",\"sal_breakup_perc\":\"8.33\",\"sal_breakup_amt\":\"1332.8\",\"net_salary\":\"14920\",\"gross_amt\":\"16000\",\"ctc_amt\":\"18893\",\"sal_rule_id\":\"3\",\"created_by\":\"1\",\"created_on\":\"2023-10-21 06:49:31\"}', 1, '2023-10-21 06:49:31'),
(86, 'Add', 'employee', 7, '\"\"', '{\"branch\":\"2\",\"dept_id\":\"\",\"emp_name\":\"yogesh  yadav\",\"emp_code\":\"A\\/71\\/E-007\",\"First_name\":\"yogesh\",\"Middle_name\":\"\",\"last_name\":\"yadav\",\"username\":\"yogesh\",\"password\":\"yogesh\",\"user_type\":\"U\",\"gender\":\"F\",\"is_active\":\"1\",\"physically_handicapped\":\"No\",\"father_name_or_husband_name\":\"\",\"dob\":\"2023-10-01\",\"birth_place\":\"\",\"tel1\":\"8574963210\",\"tel2\":\"\",\"mob\":\"8574963210\",\"marital_status\":\"Unmarried\",\"no_of_child\":\"\",\"marriage_date\":null,\"religion\":\"\",\"email\":\"yogesh.yadav@salasarauction.com\",\"created_by\":\"1\",\"created_on\":\"2023-10-21 06:50:58\"}', 1, '2023-10-21 06:50:58'),
(87, 'Update', 'employee', 7, '\"\"', '{\"emp_name\":\"yogesh  yadav\",\"First_name\":\"yogesh\",\"Middle_name\":\"\",\"last_name\":\"yadav\",\"username\":\"yogesh\",\"password\":\"yogesh\",\"user_type\":\"U\",\"gender\":\"F\",\"is_active\":\"1\",\"ticket_no\":\"\",\"father_name_or_husband_name\":\"\",\"dob\":\"2023-10-01\",\"doj\":null,\"date_of_probation\":null,\"confirmation_date\":null,\"date_of_leaving\":null,\"doj_pf\":null,\"esi_no\":\"\",\"pan_no\":\"ABCDEF1234F\",\"pf_no\":\"\",\"uan\":\"\",\"doj_eps\":null,\"dept_id\":\"1\",\"grade\":\"A\",\"designation\":\"Developer\",\"payment_mode\":\"\",\"rule_id\":\"\",\"flat_1\":\"\",\"premise_1\":\"\",\"road_1\":\"\",\"area_1\":\"\",\"town_1\":\"\",\"state_1\":\"\",\"country_1\":\"\",\"pincode_1\":\"\",\"flat_2\":\"\",\"premise_2\":\"\",\"road_2\":\"\",\"area_2\":\"\",\"town_2\":\"\",\"state_2\":\"\",\"country_2\":\"\",\"pincode_2\":\"\",\"tel1\":\"8574963210\",\"tel2\":\"\",\"mob\":\"8574963210\",\"marital_status\":\"Unmarried\",\"no_of_child\":\"\",\"marriage_date\":null,\"birth_place\":\"\",\"religion\":\"\",\"lic_no\":\"\",\"educational_qualification\":\"BCA\",\"physically_handicapped\":\"No\",\"vehicle_details\":\"\",\"professional_membership\":\"\",\"blood_group\":\"\",\"esic_dispensary\":\"\",\"work_exp\":\"\",\"email\":\"yogesh.yadav@salasarauction.com\",\"updated_by\":\"1\",\"updated_on\":\"2023-10-21 06:51:25\",\"branch\":\"2\"}', 1, '2023-10-21 06:51:25'),
(88, 'Update', 'employee', 7, '\"\"', '{\"emp_name\":\"yogesh  yadav\",\"First_name\":\"yogesh\",\"Middle_name\":\"\",\"last_name\":\"yadav\",\"username\":\"yogesh\",\"password\":\"yogesh\",\"user_type\":\"U\",\"gender\":\"F\",\"is_active\":\"1\",\"ticket_no\":\"\",\"father_name_or_husband_name\":\"\",\"dob\":\"2023-10-01\",\"doj\":null,\"date_of_probation\":null,\"confirmation_date\":null,\"date_of_leaving\":null,\"doj_pf\":null,\"esi_no\":\"\",\"pan_no\":\"ABCDEF1234F\",\"pf_no\":\"\",\"uan\":\"\",\"doj_eps\":null,\"dept_id\":\"1\",\"grade\":\"A\",\"designation\":\"Developer\",\"payment_mode\":\"\",\"rule_id\":\"\",\"flat_1\":\"\",\"premise_1\":\"\",\"road_1\":\"\",\"area_1\":\"\",\"town_1\":\"\",\"state_1\":\"\",\"country_1\":\"\",\"pincode_1\":\"\",\"flat_2\":\"\",\"premise_2\":\"\",\"road_2\":\"\",\"area_2\":\"\",\"town_2\":\"\",\"state_2\":\"\",\"country_2\":\"\",\"pincode_2\":\"\",\"tel1\":\"8574963210\",\"tel2\":\"\",\"mob\":\"8574963210\",\"marital_status\":\"Unmarried\",\"no_of_child\":\"\",\"marriage_date\":null,\"birth_place\":\"\",\"religion\":\"\",\"lic_no\":\"\",\"educational_qualification\":\"BCA\",\"physically_handicapped\":\"No\",\"vehicle_details\":\"\",\"professional_membership\":\"\",\"blood_group\":\"\",\"esic_dispensary\":\"\",\"work_exp\":\"\",\"email\":\"yogesh.yadav@salasarauction.com\",\"updated_by\":\"1\",\"updated_on\":\"2023-10-21 06:51:26\",\"branch\":\"2\"}', 1, '2023-10-21 06:51:26'),
(89, 'Update', 'employee', 7, '\"\"', '{\"emp_name\":\"yogesh  yadav\",\"First_name\":\"yogesh\",\"Middle_name\":\"\",\"last_name\":\"yadav\",\"username\":\"yogesh\",\"password\":\"yogesh\",\"user_type\":\"U\",\"gender\":\"F\",\"is_active\":\"1\",\"ticket_no\":\"\",\"father_name_or_husband_name\":\"\",\"dob\":\"2023-10-01\",\"doj\":\"2023-10-01\",\"date_of_probation\":null,\"confirmation_date\":null,\"date_of_leaving\":null,\"doj_pf\":null,\"esi_no\":\"403\",\"pan_no\":\"ABCDEF1234F\",\"pf_no\":\"\",\"uan\":\"\",\"doj_eps\":null,\"dept_id\":\"1\",\"grade\":\"A\",\"designation\":\"Developer\",\"payment_mode\":\"T\",\"rule_id\":\"4\",\"flat_1\":\"\",\"premise_1\":\"\",\"road_1\":\"\",\"area_1\":\"\",\"town_1\":\"\",\"state_1\":\"\",\"country_1\":\"\",\"pincode_1\":\"\",\"flat_2\":\"\",\"premise_2\":\"\",\"road_2\":\"\",\"area_2\":\"\",\"town_2\":\"\",\"state_2\":\"\",\"country_2\":\"\",\"pincode_2\":\"\",\"tel1\":\"8574963210\",\"tel2\":\"\",\"mob\":\"8574963210\",\"marital_status\":\"Unmarried\",\"no_of_child\":\"\",\"marriage_date\":null,\"birth_place\":\"\",\"religion\":\"\",\"lic_no\":\"\",\"educational_qualification\":\"BCA\",\"physically_handicapped\":\"No\",\"vehicle_details\":\"\",\"professional_membership\":\"\",\"blood_group\":\"\",\"esic_dispensary\":\"\",\"work_exp\":\"\",\"email\":\"yogesh.yadav@salasarauction.com\",\"updated_by\":\"1\",\"updated_on\":\"2023-10-21 06:54:01\",\"branch\":\"2\"}', 1, '2023-10-21 06:54:01'),
(90, 'Add', 'monthly_salary_details', 13, '\"\"', '[[{\"emp_code\":\"A\\/71\\/E-006\",\"salary_month\":\"October 2023\",\"term_name\":\"Employee Code\",\"term_value\":\"A\\/71\\/E-006\",\"created_on\":\"2023-10-30 09:55:20\",\"created_by\":\"1\"},{\"emp_code\":\"A\\/71\\/E-006\",\"salary_month\":\"October 2023\",\"term_name\":\"Employee Name\",\"term_value\":\"Pooja  sharma\",\"created_on\":\"2023-10-30 09:55:20\",\"created_by\":\"1\"},{\"emp_code\":\"A\\/71\\/E-006\",\"salary_month\":\"October 2023\",\"term_name\":\"Days Worked\",\"term_value\":23,\"created_on\":\"2023-10-30 09:55:20\",\"created_by\":\"1\"},{\"emp_code\":\"A\\/71\\/E-006\",\"salary_month\":\"October 2023\",\"term_name\":\"Week Off\",\"term_value\":4,\"created_on\":\"2023-10-30 09:55:20\",\"created_by\":\"1\"},{\"emp_code\":\"A\\/71\\/E-006\",\"salary_month\":\"October 2023\",\"term_name\":\"Full Day Leaves\",\"term_value\":3,\"created_on\":\"2023-10-30 09:55:20\",\"created_by\":\"1\"},{\"emp_code\":\"A\\/71\\/E-006\",\"salary_month\":\"October 2023\",\"term_name\":\"Half Day Leaves\",\"term_value\":2,\"created_on\":\"2023-10-30 09:55:20\",\"created_by\":\"1\"},{\"emp_code\":\"A\\/71\\/E-006\",\"salary_month\":\"October 2023\",\"term_name\":\"Paid Leaves\",\"term_value\":2,\"created_on\":\"2023-10-30 09:55:20\",\"created_by\":\"1\"},{\"emp_code\":\"A\\/71\\/E-006\",\"salary_month\":\"October 2023\",\"term_name\":\"Arrears\",\"term_value\":100,\"created_on\":\"2023-10-30 09:55:20\",\"created_by\":\"1\"},{\"emp_code\":\"A\\/71\\/E-006\",\"salary_month\":\"October 2023\",\"term_name\":\"Bonus Ex-Gratia\",\"term_value\":1500,\"created_on\":\"2023-10-30 09:55:20\",\"created_by\":\"1\"},{\"emp_code\":\"A\\/71\\/E-006\",\"salary_month\":\"October 2023\",\"term_name\":\"Increment\",\"term_value\":2500,\"created_on\":\"2023-10-30 09:55:20\",\"created_by\":\"1\"},{\"emp_code\":\"A\\/71\\/E-006\",\"salary_month\":\"October 2023\",\"term_name\":\"Parking Charges\",\"term_value\":250,\"created_on\":\"2023-10-30 09:55:20\",\"created_by\":\"1\"},{\"emp_code\":\"A\\/71\\/E-006\",\"salary_month\":\"October 2023\",\"term_name\":\"Advance\",\"term_value\":1500,\"created_on\":\"2023-10-30 09:55:20\",\"created_by\":\"1\"},{\"emp_code\":\"A\\/71\\/E-006\",\"salary_month\":\"October 2023\",\"term_name\":\"Test\",\"term_value\":100,\"created_on\":\"2023-10-30 09:55:20\",\"created_by\":\"1\"}]]', 1, '2023-10-30 09:55:20'),
(91, 'Add', 'monthly_sal_data', 1, '\"\"', '{\"sal_month\":\"October 2023\",\"emp_code\":\"A\\/71\\/E-006\",\"sal_breakup_id\":\"1\",\"paid_days\":29,\"month_days\":\"31\",\"breakup_label\":\"Basic\",\"monthly_gained_amts\":\"6400.00\",\"created_by\":\"1\",\"created_on\":\"2023-10-30 09:55:22\"}', 1, '2023-10-30 09:55:22'),
(92, 'Add', 'monthly_sal_data', 2, '\"\"', '{\"sal_month\":\"October 2023\",\"emp_code\":\"A\\/71\\/E-006\",\"sal_breakup_id\":\"2\",\"paid_days\":29,\"month_days\":\"31\",\"breakup_label\":\"DA\",\"monthly_gained_amts\":\"1600.00\",\"created_by\":\"1\",\"created_on\":\"2023-10-30 09:55:22\"}', 1, '2023-10-30 09:55:22'),
(93, 'Add', 'monthly_sal_data', 3, '\"\"', '{\"sal_month\":\"October 2023\",\"emp_code\":\"A\\/71\\/E-006\",\"sal_breakup_id\":\"3\",\"paid_days\":29,\"month_days\":\"31\",\"breakup_label\":\"HRA\",\"monthly_gained_amts\":\"4800.00\",\"created_by\":\"1\",\"created_on\":\"2023-10-30 09:55:22\"}', 1, '2023-10-30 09:55:22'),
(94, 'Add', 'monthly_sal_data', 4, '\"\"', '{\"sal_month\":\"October 2023\",\"emp_code\":\"A\\/71\\/E-006\",\"sal_breakup_id\":\"4\",\"paid_days\":29,\"month_days\":\"31\",\"breakup_label\":\"Conveyance\",\"monthly_gained_amts\":\"1600.00\",\"created_by\":\"1\",\"created_on\":\"2023-10-30 09:55:22\"}', 1, '2023-10-30 09:55:22'),
(95, 'Add', 'monthly_sal_data', 5, '\"\"', '{\"sal_month\":\"October 2023\",\"emp_code\":\"A\\/71\\/E-006\",\"sal_breakup_id\":\"5\",\"paid_days\":29,\"month_days\":\"31\",\"breakup_label\":\"Medical Allowance\",\"monthly_gained_amts\":\"1600.00\",\"created_by\":\"1\",\"created_on\":\"2023-10-30 09:55:22\"}', 1, '2023-10-30 09:55:22'),
(96, 'Add', 'monthly_sal_data', 6, '\"\"', '{\"sal_month\":\"October 2023\",\"emp_code\":\"A\\/71\\/E-006\",\"sal_breakup_id\":\"7\",\"paid_days\":29,\"month_days\":\"31\",\"breakup_label\":\"Employer PF\",\"monthly_gained_amts\":\"1600.00\",\"created_by\":\"1\",\"created_on\":\"2023-10-30 09:55:22\"}', 1, '2023-10-30 09:55:22'),
(97, 'Add', 'monthly_sal_data', 7, '\"\"', '{\"sal_month\":\"October 2023\",\"emp_code\":\"A\\/71\\/E-006\",\"sal_breakup_id\":\"8\",\"paid_days\":29,\"month_days\":\"31\",\"breakup_label\":\"Employer ESIC\",\"monthly_gained_amts\":\"1600.00\",\"created_by\":\"1\",\"created_on\":\"2023-10-30 09:55:22\"}', 1, '2023-10-30 09:55:22'),
(98, 'Add', 'monthly_sal_data', 8, '\"\"', '{\"sal_month\":\"October 2023\",\"emp_code\":\"A\\/71\\/E-006\",\"sal_breakup_id\":\"9\",\"paid_days\":29,\"month_days\":\"31\",\"breakup_label\":\"Employee PF\",\"monthly_gained_amts\":\"960.00\",\"created_by\":\"1\",\"created_on\":\"2023-10-30 09:55:22\"}', 1, '2023-10-30 09:55:22'),
(99, 'Add', 'monthly_sal_data', 9, '\"\"', '{\"sal_month\":\"October 2023\",\"emp_code\":\"A\\/71\\/E-006\",\"sal_breakup_id\":\"10\",\"paid_days\":29,\"month_days\":\"31\",\"breakup_label\":\"Employee ESIC\",\"monthly_gained_amts\":\"120.00\",\"created_by\":\"1\",\"created_on\":\"2023-10-30 09:55:22\"}', 1, '2023-10-30 09:55:22'),
(100, 'Add', 'monthly_sal_data', 10, '\"\"', '{\"sal_month\":\"October 2023\",\"emp_code\":\"A\\/71\\/E-006\",\"sal_breakup_id\":\"11\",\"paid_days\":29,\"month_days\":\"31\",\"breakup_label\":\"Professional Tax\",\"monthly_gained_amts\":\"0.00\",\"created_by\":\"1\",\"created_on\":\"2023-10-30 09:55:22\"}', 1, '2023-10-30 09:55:22'),
(101, 'Add', 'monthly_sal_data', 11, '\"\"', '{\"sal_month\":\"October 2023\",\"emp_code\":\"A\\/71\\/E-006\",\"sal_breakup_id\":\"12\",\"paid_days\":29,\"month_days\":\"31\",\"breakup_label\":\"Bonus\",\"monthly_gained_amts\":\"0.00\",\"created_by\":\"1\",\"created_on\":\"2023-10-30 09:55:22\"}', 1, '2023-10-30 09:55:22'),
(102, 'Add', 'monthly_sal_data', 12, '\"\"', '{\"sal_month\":\"October 2023\",\"emp_code\":\"A\\/71\\/E-006\",\"sal_breakup_id\":\"1\",\"paid_days\":29,\"month_days\":\"31\",\"breakup_label\":\"Employee Code\",\"monthly_gained_amts\":\"A\\/71\\/E-006\",\"created_by\":\"1\",\"created_on\":\"2023-10-30 09:55:22\"}', 1, '2023-10-30 09:55:22'),
(103, 'Add', 'monthly_sal_data', 13, '\"\"', '{\"sal_month\":\"October 2023\",\"emp_code\":\"A\\/71\\/E-006\",\"sal_breakup_id\":\"2\",\"paid_days\":29,\"month_days\":\"31\",\"breakup_label\":\"Employee Name\",\"monthly_gained_amts\":\"Pooja  sharma\",\"created_by\":\"1\",\"created_on\":\"2023-10-30 09:55:22\"}', 1, '2023-10-30 09:55:22'),
(104, 'Add', 'monthly_sal_data', 14, '\"\"', '{\"sal_month\":\"October 2023\",\"emp_code\":\"A\\/71\\/E-006\",\"sal_breakup_id\":\"3\",\"paid_days\":29,\"month_days\":\"31\",\"breakup_label\":\"Days Worked\",\"monthly_gained_amts\":\"23\",\"created_by\":\"1\",\"created_on\":\"2023-10-30 09:55:22\"}', 1, '2023-10-30 09:55:22'),
(105, 'Add', 'monthly_sal_data', 15, '\"\"', '{\"sal_month\":\"October 2023\",\"emp_code\":\"A\\/71\\/E-006\",\"sal_breakup_id\":\"4\",\"paid_days\":29,\"month_days\":\"31\",\"breakup_label\":\"Week Off\",\"monthly_gained_amts\":\"4\",\"created_by\":\"1\",\"created_on\":\"2023-10-30 09:55:22\"}', 1, '2023-10-30 09:55:22'),
(106, 'Add', 'monthly_sal_data', 16, '\"\"', '{\"sal_month\":\"October 2023\",\"emp_code\":\"A\\/71\\/E-006\",\"sal_breakup_id\":\"5\",\"paid_days\":29,\"month_days\":\"31\",\"breakup_label\":\"Full Day Leaves\",\"monthly_gained_amts\":\"3\",\"created_by\":\"1\",\"created_on\":\"2023-10-30 09:55:22\"}', 1, '2023-10-30 09:55:22'),
(107, 'Add', 'monthly_sal_data', 17, '\"\"', '{\"sal_month\":\"October 2023\",\"emp_code\":\"A\\/71\\/E-006\",\"sal_breakup_id\":\"6\",\"paid_days\":29,\"month_days\":\"31\",\"breakup_label\":\"Half Day Leaves\",\"monthly_gained_amts\":\"2\",\"created_by\":\"1\",\"created_on\":\"2023-10-30 09:55:22\"}', 1, '2023-10-30 09:55:22'),
(108, 'Add', 'monthly_sal_data', 18, '\"\"', '{\"sal_month\":\"October 2023\",\"emp_code\":\"A\\/71\\/E-006\",\"sal_breakup_id\":\"7\",\"paid_days\":29,\"month_days\":\"31\",\"breakup_label\":\"Paid Leaves\",\"monthly_gained_amts\":\"2\",\"created_by\":\"1\",\"created_on\":\"2023-10-30 09:55:22\"}', 1, '2023-10-30 09:55:22'),
(109, 'Add', 'monthly_sal_data', 19, '\"\"', '{\"sal_month\":\"October 2023\",\"emp_code\":\"A\\/71\\/E-006\",\"sal_breakup_id\":\"8\",\"paid_days\":29,\"month_days\":\"31\",\"breakup_label\":\"Arrears\",\"monthly_gained_amts\":\"100\",\"created_by\":\"1\",\"created_on\":\"2023-10-30 09:55:22\"}', 1, '2023-10-30 09:55:22'),
(110, 'Add', 'monthly_sal_data', 20, '\"\"', '{\"sal_month\":\"October 2023\",\"emp_code\":\"A\\/71\\/E-006\",\"sal_breakup_id\":\"9\",\"paid_days\":29,\"month_days\":\"31\",\"breakup_label\":\"Bonus Ex-Gratia\",\"monthly_gained_amts\":\"1500\",\"created_by\":\"1\",\"created_on\":\"2023-10-30 09:55:22\"}', 1, '2023-10-30 09:55:22'),
(111, 'Add', 'monthly_sal_data', 21, '\"\"', '{\"sal_month\":\"October 2023\",\"emp_code\":\"A\\/71\\/E-006\",\"sal_breakup_id\":\"10\",\"paid_days\":29,\"month_days\":\"31\",\"breakup_label\":\"Increment\",\"monthly_gained_amts\":\"2500\",\"created_by\":\"1\",\"created_on\":\"2023-10-30 09:55:22\"}', 1, '2023-10-30 09:55:22'),
(112, 'Add', 'monthly_sal_data', 22, '\"\"', '{\"sal_month\":\"October 2023\",\"emp_code\":\"A\\/71\\/E-006\",\"sal_breakup_id\":\"11\",\"paid_days\":29,\"month_days\":\"31\",\"breakup_label\":\"Parking Charges\",\"monthly_gained_amts\":\"250\",\"created_by\":\"1\",\"created_on\":\"2023-10-30 09:55:22\"}', 1, '2023-10-30 09:55:22'),
(113, 'Add', 'monthly_sal_data', 23, '\"\"', '{\"sal_month\":\"October 2023\",\"emp_code\":\"A\\/71\\/E-006\",\"sal_breakup_id\":\"12\",\"paid_days\":29,\"month_days\":\"31\",\"breakup_label\":\"Advance\",\"monthly_gained_amts\":\"1500\",\"created_by\":\"1\",\"created_on\":\"2023-10-30 09:55:22\"}', 1, '2023-10-30 09:55:22'),
(114, 'Add', 'monthly_sal_data', 24, '\"\"', '{\"sal_month\":\"October 2023\",\"emp_code\":\"A\\/71\\/E-006\",\"sal_breakup_id\":\"13\",\"paid_days\":29,\"month_days\":\"31\",\"breakup_label\":\"Test\",\"monthly_gained_amts\":\"100\",\"created_by\":\"1\",\"created_on\":\"2023-10-30 09:55:22\"}', 1, '2023-10-30 09:55:22'),
(115, 'Add', 'salary_details', 43, '\"\"', '{\"emp_code\":\"A\\/71\\/E-007\",\"emp_name\":\"yogesh  yadav\",\"sal_breakup_id\":\"1\",\"sal_term_name\":\"Basic\",\"sal_breakup_perc\":\"50.00\",\"sal_breakup_amt\":\"10500\",\"net_salary\":\"20842.5\",\"gross_amt\":\"21000\",\"ctc_amt\":\"23432\",\"sal_rule_id\":\"4\",\"created_by\":\"1\",\"created_on\":\"2023-10-30 10:02:06\"}', 1, '2023-10-30 10:02:06'),
(116, 'Add', 'salary_details', 44, '\"\"', '{\"emp_code\":\"A\\/71\\/E-007\",\"emp_name\":\"yogesh  yadav\",\"sal_breakup_id\":\"2\",\"sal_term_name\":\"DA\",\"sal_breakup_perc\":\"10.00\",\"sal_breakup_amt\":\"2100\",\"net_salary\":\"20842.5\",\"gross_amt\":\"21000\",\"ctc_amt\":\"23432\",\"sal_rule_id\":\"4\",\"created_by\":\"1\",\"created_on\":\"2023-10-30 10:02:06\"}', 1, '2023-10-30 10:02:06'),
(117, 'Add', 'salary_details', 45, '\"\"', '{\"emp_code\":\"A\\/71\\/E-007\",\"emp_name\":\"yogesh  yadav\",\"sal_breakup_id\":\"3\",\"sal_term_name\":\"HRA\",\"sal_breakup_perc\":\"30.00\",\"sal_breakup_amt\":\"6300\",\"net_salary\":\"20842.5\",\"gross_amt\":\"21000\",\"ctc_amt\":\"23432\",\"sal_rule_id\":\"4\",\"created_by\":\"1\",\"created_on\":\"2023-10-30 10:02:06\"}', 1, '2023-10-30 10:02:06'),
(118, 'Add', 'salary_details', 46, '\"\"', '{\"emp_code\":\"A\\/71\\/E-007\",\"emp_name\":\"yogesh  yadav\",\"sal_breakup_id\":\"4\",\"sal_term_name\":\"Conveyance\",\"sal_breakup_perc\":\"5.00\",\"sal_breakup_amt\":\"1050\",\"net_salary\":\"20842.5\",\"gross_amt\":\"21000\",\"ctc_amt\":\"23432\",\"sal_rule_id\":\"4\",\"created_by\":\"1\",\"created_on\":\"2023-10-30 10:02:06\"}', 1, '2023-10-30 10:02:06'),
(119, 'Add', 'salary_details', 47, '\"\"', '{\"emp_code\":\"A\\/71\\/E-007\",\"emp_name\":\"yogesh  yadav\",\"sal_breakup_id\":\"5\",\"sal_term_name\":\"Medical Allowance\",\"sal_breakup_perc\":\"5.00\",\"sal_breakup_amt\":\"1050\",\"net_salary\":\"20842.5\",\"gross_amt\":\"21000\",\"ctc_amt\":\"23432\",\"sal_rule_id\":\"4\",\"created_by\":\"1\",\"created_on\":\"2023-10-30 10:02:06\"}', 1, '2023-10-30 10:02:06'),
(120, 'Add', 'salary_details', 48, '\"\"', '{\"emp_code\":\"A\\/71\\/E-007\",\"emp_name\":\"yogesh  yadav\",\"sal_breakup_id\":\"7\",\"sal_term_name\":\"Employer PF\",\"sal_breakup_perc\":\"13.00\",\"sal_breakup_amt\":\"0.00\",\"net_salary\":\"20842.5\",\"gross_amt\":\"21000\",\"ctc_amt\":\"23432\",\"sal_rule_id\":\"4\",\"created_by\":\"1\",\"created_on\":\"2023-10-30 10:02:06\"}', 1, '2023-10-30 10:02:06'),
(121, 'Add', 'salary_details', 49, '\"\"', '{\"emp_code\":\"A\\/71\\/E-007\",\"emp_name\":\"yogesh  yadav\",\"sal_breakup_id\":\"8\",\"sal_term_name\":\"Employer ESIC\",\"sal_breakup_perc\":\"3.25\",\"sal_breakup_amt\":\"682.5\",\"net_salary\":\"20842.5\",\"gross_amt\":\"21000\",\"ctc_amt\":\"23432\",\"sal_rule_id\":\"4\",\"created_by\":\"1\",\"created_on\":\"2023-10-30 10:02:06\"}', 1, '2023-10-30 10:02:06'),
(122, 'Add', 'salary_details', 50, '\"\"', '{\"emp_code\":\"A\\/71\\/E-007\",\"emp_name\":\"yogesh  yadav\",\"sal_breakup_id\":\"9\",\"sal_term_name\":\"Employee PF\",\"sal_breakup_perc\":\"12.00\",\"sal_breakup_amt\":\"0.00\",\"net_salary\":\"20842.5\",\"gross_amt\":\"21000\",\"ctc_amt\":\"23432\",\"sal_rule_id\":\"4\",\"created_by\":\"1\",\"created_on\":\"2023-10-30 10:02:06\"}', 1, '2023-10-30 10:02:06'),
(123, 'Add', 'salary_details', 51, '\"\"', '{\"emp_code\":\"A\\/71\\/E-007\",\"emp_name\":\"yogesh  yadav\",\"sal_breakup_id\":\"10\",\"sal_term_name\":\"Employee ESIC\",\"sal_breakup_perc\":\"0.75\",\"sal_breakup_amt\":\"157.5\",\"net_salary\":\"20842.5\",\"gross_amt\":\"21000\",\"ctc_amt\":\"23432\",\"sal_rule_id\":\"4\",\"created_by\":\"1\",\"created_on\":\"2023-10-30 10:02:06\"}', 1, '2023-10-30 10:02:06'),
(124, 'Add', 'salary_details', 52, '\"\"', '{\"emp_code\":\"A\\/71\\/E-007\",\"emp_name\":\"yogesh  yadav\",\"sal_breakup_id\":\"11\",\"sal_term_name\":\"Professional Tax\",\"sal_breakup_perc\":\"0.00\",\"sal_breakup_amt\":\"0.00\",\"net_salary\":\"20842.5\",\"gross_amt\":\"21000\",\"ctc_amt\":\"23432\",\"sal_rule_id\":\"4\",\"created_by\":\"1\",\"created_on\":\"2023-10-30 10:02:06\"}', 1, '2023-10-30 10:02:06'),
(125, 'Add', 'salary_details', 53, '\"\"', '{\"emp_code\":\"A\\/71\\/E-007\",\"emp_name\":\"yogesh  yadav\",\"sal_breakup_id\":\"12\",\"sal_term_name\":\"Bonus\",\"sal_breakup_perc\":\"8.33\",\"sal_breakup_amt\":\"1749.3\",\"net_salary\":\"20842.5\",\"gross_amt\":\"21000\",\"ctc_amt\":\"23432\",\"sal_rule_id\":\"4\",\"created_by\":\"1\",\"created_on\":\"2023-10-30 10:02:06\"}', 1, '2023-10-30 10:02:06'),
(126, 'Add', 'monthly_salary_details', 26, '\"\"', '[[{\"emp_code\":\"A\\/71\\/E-007\",\"salary_month\":\"October 2023\",\"term_name\":\"Employee Code\",\"term_value\":\"A\\/71\\/E-007\",\"created_on\":\"2023-10-30 10:02:51\",\"created_by\":\"1\"},{\"emp_code\":\"A\\/71\\/E-007\",\"salary_month\":\"October 2023\",\"term_name\":\"Employee Name\",\"term_value\":\"yogesh  yadav\",\"created_on\":\"2023-10-30 10:02:51\",\"created_by\":\"1\"},{\"emp_code\":\"A\\/71\\/E-007\",\"salary_month\":\"October 2023\",\"term_name\":\"Days Worked\",\"term_value\":21,\"created_on\":\"2023-10-30 10:02:51\",\"created_by\":\"1\"},{\"emp_code\":\"A\\/71\\/E-007\",\"salary_month\":\"October 2023\",\"term_name\":\"Week Off\",\"term_value\":6,\"created_on\":\"2023-10-30 10:02:51\",\"created_by\":\"1\"},{\"emp_code\":\"A\\/71\\/E-007\",\"salary_month\":\"October 2023\",\"term_name\":\"Full Day Leaves\",\"term_value\":3,\"created_on\":\"2023-10-30 10:02:51\",\"created_by\":\"1\"},{\"emp_code\":\"A\\/71\\/E-007\",\"salary_month\":\"October 2023\",\"term_name\":\"Half Day Leaves\",\"term_value\":2,\"created_on\":\"2023-10-30 10:02:51\",\"created_by\":\"1\"},{\"emp_code\":\"A\\/71\\/E-007\",\"salary_month\":\"October 2023\",\"term_name\":\"Paid Leaves\",\"term_value\":2,\"created_on\":\"2023-10-30 10:02:51\",\"created_by\":\"1\"},{\"emp_code\":\"A\\/71\\/E-007\",\"salary_month\":\"October 2023\",\"term_name\":\"Arrears\",\"term_value\":1200,\"created_on\":\"2023-10-30 10:02:51\",\"created_by\":\"1\"},{\"emp_code\":\"A\\/71\\/E-007\",\"salary_month\":\"October 2023\",\"term_name\":\"Bonus Ex-Gratia\",\"term_value\":2000,\"created_on\":\"2023-10-30 10:02:51\",\"created_by\":\"1\"},{\"emp_code\":\"A\\/71\\/E-007\",\"salary_month\":\"October 2023\",\"term_name\":\"Increment\",\"term_value\":250,\"created_on\":\"2023-10-30 10:02:51\",\"created_by\":\"1\"},{\"emp_code\":\"A\\/71\\/E-007\",\"salary_month\":\"October 2023\",\"term_name\":\"Parking Charges\",\"term_value\":350,\"created_on\":\"2023-10-30 10:02:51\",\"created_by\":\"1\"},{\"emp_code\":\"A\\/71\\/E-007\",\"salary_month\":\"October 2023\",\"term_name\":\"Advance\",\"term_value\":100,\"created_on\":\"2023-10-30 10:02:51\",\"created_by\":\"1\"},{\"emp_code\":\"A\\/71\\/E-007\",\"salary_month\":\"October 2023\",\"term_name\":\"Test\",\"term_value\":100,\"created_on\":\"2023-10-30 10:02:51\",\"created_by\":\"1\"}]]', 1, '2023-10-30 10:02:51'),
(127, 'Add', 'monthly_sal_data', 25, '\"\"', '{\"sal_month\":\"October 2023\",\"emp_code\":\"A\\/71\\/E-007\",\"sal_breakup_id\":\"1\",\"paid_days\":29,\"month_days\":\"31\",\"breakup_label\":\"Basic\",\"monthly_gained_amts\":\"10500.00\",\"created_by\":\"1\",\"created_on\":\"2023-10-30 10:02:53\"}', 1, '2023-10-30 10:02:53'),
(128, 'Add', 'monthly_sal_data', 26, '\"\"', '{\"sal_month\":\"October 2023\",\"emp_code\":\"A\\/71\\/E-007\",\"sal_breakup_id\":\"2\",\"paid_days\":29,\"month_days\":\"31\",\"breakup_label\":\"DA\",\"monthly_gained_amts\":\"2100.00\",\"created_by\":\"1\",\"created_on\":\"2023-10-30 10:02:53\"}', 1, '2023-10-30 10:02:53'),
(129, 'Add', 'monthly_sal_data', 27, '\"\"', '{\"sal_month\":\"October 2023\",\"emp_code\":\"A\\/71\\/E-007\",\"sal_breakup_id\":\"3\",\"paid_days\":29,\"month_days\":\"31\",\"breakup_label\":\"HRA\",\"monthly_gained_amts\":\"6300.00\",\"created_by\":\"1\",\"created_on\":\"2023-10-30 10:02:53\"}', 1, '2023-10-30 10:02:53'),
(130, 'Add', 'monthly_sal_data', 28, '\"\"', '{\"sal_month\":\"October 2023\",\"emp_code\":\"A\\/71\\/E-007\",\"sal_breakup_id\":\"4\",\"paid_days\":29,\"month_days\":\"31\",\"breakup_label\":\"Conveyance\",\"monthly_gained_amts\":\"1050.00\",\"created_by\":\"1\",\"created_on\":\"2023-10-30 10:02:53\"}', 1, '2023-10-30 10:02:53'),
(131, 'Add', 'monthly_sal_data', 29, '\"\"', '{\"sal_month\":\"October 2023\",\"emp_code\":\"A\\/71\\/E-007\",\"sal_breakup_id\":\"5\",\"paid_days\":29,\"month_days\":\"31\",\"breakup_label\":\"Medical Allowance\",\"monthly_gained_amts\":\"1050.00\",\"created_by\":\"1\",\"created_on\":\"2023-10-30 10:02:53\"}', 1, '2023-10-30 10:02:53'),
(132, 'Add', 'monthly_sal_data', 30, '\"\"', '{\"sal_month\":\"October 2023\",\"emp_code\":\"A\\/71\\/E-007\",\"sal_breakup_id\":\"7\",\"paid_days\":29,\"month_days\":\"31\",\"breakup_label\":\"Employer PF\",\"monthly_gained_amts\":\"1050.00\",\"created_by\":\"1\",\"created_on\":\"2023-10-30 10:02:53\"}', 1, '2023-10-30 10:02:53'),
(133, 'Add', 'monthly_sal_data', 31, '\"\"', '{\"sal_month\":\"October 2023\",\"emp_code\":\"A\\/71\\/E-007\",\"sal_breakup_id\":\"8\",\"paid_days\":29,\"month_days\":\"31\",\"breakup_label\":\"Employer ESIC\",\"monthly_gained_amts\":\"1050.00\",\"created_by\":\"1\",\"created_on\":\"2023-10-30 10:02:53\"}', 1, '2023-10-30 10:02:53'),
(134, 'Add', 'monthly_sal_data', 32, '\"\"', '{\"sal_month\":\"October 2023\",\"emp_code\":\"A\\/71\\/E-007\",\"sal_breakup_id\":\"9\",\"paid_days\":29,\"month_days\":\"31\",\"breakup_label\":\"Employee PF\",\"monthly_gained_amts\":\"0.00\",\"created_by\":\"1\",\"created_on\":\"2023-10-30 10:02:53\"}', 1, '2023-10-30 10:02:53'),
(135, 'Add', 'monthly_sal_data', 33, '\"\"', '{\"sal_month\":\"October 2023\",\"emp_code\":\"A\\/71\\/E-007\",\"sal_breakup_id\":\"10\",\"paid_days\":29,\"month_days\":\"31\",\"breakup_label\":\"Employee ESIC\",\"monthly_gained_amts\":\"157.50\",\"created_by\":\"1\",\"created_on\":\"2023-10-30 10:02:53\"}', 1, '2023-10-30 10:02:53'),
(136, 'Add', 'monthly_sal_data', 34, '\"\"', '{\"sal_month\":\"October 2023\",\"emp_code\":\"A\\/71\\/E-007\",\"sal_breakup_id\":\"11\",\"paid_days\":29,\"month_days\":\"31\",\"breakup_label\":\"Professional Tax\",\"monthly_gained_amts\":\"0.00\",\"created_by\":\"1\",\"created_on\":\"2023-10-30 10:02:53\"}', 1, '2023-10-30 10:02:53'),
(137, 'Add', 'monthly_sal_data', 35, '\"\"', '{\"sal_month\":\"October 2023\",\"emp_code\":\"A\\/71\\/E-007\",\"sal_breakup_id\":\"12\",\"paid_days\":29,\"month_days\":\"31\",\"breakup_label\":\"Bonus\",\"monthly_gained_amts\":\"0.00\",\"created_by\":\"1\",\"created_on\":\"2023-10-30 10:02:53\"}', 1, '2023-10-30 10:02:53'),
(138, 'Add', 'monthly_sal_data', 36, '\"\"', '{\"sal_month\":\"October 2023\",\"emp_code\":\"A\\/71\\/E-007\",\"sal_breakup_id\":\"14\",\"paid_days\":29,\"month_days\":\"31\",\"breakup_label\":\"Employee Code\",\"monthly_gained_amts\":\"A\\/71\\/E-007\",\"created_by\":\"1\",\"created_on\":\"2023-10-30 10:02:53\"}', 1, '2023-10-30 10:02:53'),
(139, 'Add', 'monthly_sal_data', 37, '\"\"', '{\"sal_month\":\"October 2023\",\"emp_code\":\"A\\/71\\/E-007\",\"sal_breakup_id\":\"15\",\"paid_days\":29,\"month_days\":\"31\",\"breakup_label\":\"Employee Name\",\"monthly_gained_amts\":\"yogesh  yadav\",\"created_by\":\"1\",\"created_on\":\"2023-10-30 10:02:53\"}', 1, '2023-10-30 10:02:53'),
(140, 'Add', 'monthly_sal_data', 38, '\"\"', '{\"sal_month\":\"October 2023\",\"emp_code\":\"A\\/71\\/E-007\",\"sal_breakup_id\":\"16\",\"paid_days\":29,\"month_days\":\"31\",\"breakup_label\":\"Days Worked\",\"monthly_gained_amts\":\"21\",\"created_by\":\"1\",\"created_on\":\"2023-10-30 10:02:53\"}', 1, '2023-10-30 10:02:53'),
(141, 'Add', 'monthly_sal_data', 39, '\"\"', '{\"sal_month\":\"October 2023\",\"emp_code\":\"A\\/71\\/E-007\",\"sal_breakup_id\":\"17\",\"paid_days\":29,\"month_days\":\"31\",\"breakup_label\":\"Week Off\",\"monthly_gained_amts\":\"6\",\"created_by\":\"1\",\"created_on\":\"2023-10-30 10:02:53\"}', 1, '2023-10-30 10:02:53'),
(142, 'Add', 'monthly_sal_data', 40, '\"\"', '{\"sal_month\":\"October 2023\",\"emp_code\":\"A\\/71\\/E-007\",\"sal_breakup_id\":\"18\",\"paid_days\":29,\"month_days\":\"31\",\"breakup_label\":\"Full Day Leaves\",\"monthly_gained_amts\":\"3\",\"created_by\":\"1\",\"created_on\":\"2023-10-30 10:02:53\"}', 1, '2023-10-30 10:02:53'),
(143, 'Add', 'monthly_sal_data', 41, '\"\"', '{\"sal_month\":\"October 2023\",\"emp_code\":\"A\\/71\\/E-007\",\"sal_breakup_id\":\"19\",\"paid_days\":29,\"month_days\":\"31\",\"breakup_label\":\"Half Day Leaves\",\"monthly_gained_amts\":\"2\",\"created_by\":\"1\",\"created_on\":\"2023-10-30 10:02:53\"}', 1, '2023-10-30 10:02:53'),
(144, 'Add', 'monthly_sal_data', 42, '\"\"', '{\"sal_month\":\"October 2023\",\"emp_code\":\"A\\/71\\/E-007\",\"sal_breakup_id\":\"20\",\"paid_days\":29,\"month_days\":\"31\",\"breakup_label\":\"Paid Leaves\",\"monthly_gained_amts\":\"2\",\"created_by\":\"1\",\"created_on\":\"2023-10-30 10:02:53\"}', 1, '2023-10-30 10:02:53'),
(145, 'Add', 'monthly_sal_data', 43, '\"\"', '{\"sal_month\":\"October 2023\",\"emp_code\":\"A\\/71\\/E-007\",\"sal_breakup_id\":\"21\",\"paid_days\":29,\"month_days\":\"31\",\"breakup_label\":\"Arrears\",\"monthly_gained_amts\":\"1200\",\"created_by\":\"1\",\"created_on\":\"2023-10-30 10:02:53\"}', 1, '2023-10-30 10:02:53'),
(146, 'Add', 'monthly_sal_data', 44, '\"\"', '{\"sal_month\":\"October 2023\",\"emp_code\":\"A\\/71\\/E-007\",\"sal_breakup_id\":\"22\",\"paid_days\":29,\"month_days\":\"31\",\"breakup_label\":\"Bonus Ex-Gratia\",\"monthly_gained_amts\":\"2000\",\"created_by\":\"1\",\"created_on\":\"2023-10-30 10:02:53\"}', 1, '2023-10-30 10:02:53'),
(147, 'Add', 'monthly_sal_data', 45, '\"\"', '{\"sal_month\":\"October 2023\",\"emp_code\":\"A\\/71\\/E-007\",\"sal_breakup_id\":\"23\",\"paid_days\":29,\"month_days\":\"31\",\"breakup_label\":\"Increment\",\"monthly_gained_amts\":\"250\",\"created_by\":\"1\",\"created_on\":\"2023-10-30 10:02:53\"}', 1, '2023-10-30 10:02:53'),
(148, 'Add', 'monthly_sal_data', 46, '\"\"', '{\"sal_month\":\"October 2023\",\"emp_code\":\"A\\/71\\/E-007\",\"sal_breakup_id\":\"24\",\"paid_days\":29,\"month_days\":\"31\",\"breakup_label\":\"Parking Charges\",\"monthly_gained_amts\":\"350\",\"created_by\":\"1\",\"created_on\":\"2023-10-30 10:02:53\"}', 1, '2023-10-30 10:02:53'),
(149, 'Add', 'monthly_sal_data', 47, '\"\"', '{\"sal_month\":\"October 2023\",\"emp_code\":\"A\\/71\\/E-007\",\"sal_breakup_id\":\"25\",\"paid_days\":29,\"month_days\":\"31\",\"breakup_label\":\"Advance\",\"monthly_gained_amts\":\"100\",\"created_by\":\"1\",\"created_on\":\"2023-10-30 10:02:53\"}', 1, '2023-10-30 10:02:53'),
(150, 'Add', 'monthly_sal_data', 48, '\"\"', '{\"sal_month\":\"October 2023\",\"emp_code\":\"A\\/71\\/E-007\",\"sal_breakup_id\":\"26\",\"paid_days\":29,\"month_days\":\"31\",\"breakup_label\":\"Test\",\"monthly_gained_amts\":\"100\",\"created_by\":\"1\",\"created_on\":\"2023-10-30 10:02:53\"}', 1, '2023-10-30 10:02:53'),
(151, 'Update', 'department', 3, '\"\"', '{\"dept_name\":\"BDE\",\"branch_id\":\"1\",\"is_active\":\"1\",\"updated_by\":\"1\",\"updated_on\":\"2023-11-16 04:56:55\"}', 1, '2023-11-16 04:56:55'),
(152, 'Update', 'salary_details', 0, '\"\"', '{\"emp_code\":\"A\\/71\\/E-007\",\"emp_name\":\"yogesh  yadav\",\"sal_breakup_id\":\"1\",\"sal_term_name\":\"Basic\",\"sal_breakup_perc\":\"50.00\",\"sal_breakup_amt\":\"10750\",\"net_salary\":\"21500\",\"gross_amt\":\"21500.00\",\"ctc_amt\":\"23291\",\"sal_rule_id\":\"4\",\"updated_by\":\"1\",\"updated_on\":\"2023-11-16 07:21:07\"}', 1, '2023-11-16 07:21:07'),
(153, 'Update', 'salary_details', 0, '\"\"', '{\"emp_code\":\"A\\/71\\/E-007\",\"emp_name\":\"yogesh  yadav\",\"sal_breakup_id\":\"2\",\"sal_term_name\":\"DA\",\"sal_breakup_perc\":\"10.00\",\"sal_breakup_amt\":\"2150\",\"net_salary\":\"21500\",\"gross_amt\":\"21500.00\",\"ctc_amt\":\"23291\",\"sal_rule_id\":\"4\",\"updated_by\":\"1\",\"updated_on\":\"2023-11-16 07:21:07\"}', 1, '2023-11-16 07:21:07'),
(154, 'Update', 'salary_details', 0, '\"\"', '{\"emp_code\":\"A\\/71\\/E-007\",\"emp_name\":\"yogesh  yadav\",\"sal_breakup_id\":\"3\",\"sal_term_name\":\"HRA\",\"sal_breakup_perc\":\"30.00\",\"sal_breakup_amt\":\"6450\",\"net_salary\":\"21500\",\"gross_amt\":\"21500.00\",\"ctc_amt\":\"23291\",\"sal_rule_id\":\"4\",\"updated_by\":\"1\",\"updated_on\":\"2023-11-16 07:21:07\"}', 1, '2023-11-16 07:21:07'),
(155, 'Update', 'salary_details', 0, '\"\"', '{\"emp_code\":\"A\\/71\\/E-007\",\"emp_name\":\"yogesh  yadav\",\"sal_breakup_id\":\"4\",\"sal_term_name\":\"Conveyance\",\"sal_breakup_perc\":\"5.00\",\"sal_breakup_amt\":\"1075\",\"net_salary\":\"21500\",\"gross_amt\":\"21500.00\",\"ctc_amt\":\"23291\",\"sal_rule_id\":\"4\",\"updated_by\":\"1\",\"updated_on\":\"2023-11-16 07:21:07\"}', 1, '2023-11-16 07:21:07'),
(156, 'Update', 'salary_details', 0, '\"\"', '{\"emp_code\":\"A\\/71\\/E-007\",\"emp_name\":\"yogesh  yadav\",\"sal_breakup_id\":\"5\",\"sal_term_name\":\"Medical Allowance\",\"sal_breakup_perc\":\"5.00\",\"sal_breakup_amt\":\"1075\",\"net_salary\":\"21500\",\"gross_amt\":\"21500.00\",\"ctc_amt\":\"23291\",\"sal_rule_id\":\"4\",\"updated_by\":\"1\",\"updated_on\":\"2023-11-16 07:21:07\"}', 1, '2023-11-16 07:21:07'),
(157, 'Update', 'salary_details', 0, '\"\"', '{\"emp_code\":\"A\\/71\\/E-007\",\"emp_name\":\"yogesh  yadav\",\"sal_breakup_id\":\"7\",\"sal_term_name\":\"Employer PF\",\"sal_breakup_perc\":\"13.00\",\"sal_breakup_amt\":\"0.00\",\"net_salary\":\"21500\",\"gross_amt\":\"21500.00\",\"ctc_amt\":\"23291\",\"sal_rule_id\":\"4\",\"updated_by\":\"1\",\"updated_on\":\"2023-11-16 07:21:07\"}', 1, '2023-11-16 07:21:07'),
(158, 'Update', 'salary_details', 0, '\"\"', '{\"emp_code\":\"A\\/71\\/E-007\",\"emp_name\":\"yogesh  yadav\",\"sal_breakup_id\":\"8\",\"sal_term_name\":\"Employer ESIC\",\"sal_breakup_perc\":\"3.25\",\"sal_breakup_amt\":\"0.00\",\"net_salary\":\"21500\",\"gross_amt\":\"21500.00\",\"ctc_amt\":\"23291\",\"sal_rule_id\":\"4\",\"updated_by\":\"1\",\"updated_on\":\"2023-11-16 07:21:07\"}', 1, '2023-11-16 07:21:07'),
(159, 'Update', 'salary_details', 0, '\"\"', '{\"emp_code\":\"A\\/71\\/E-007\",\"emp_name\":\"yogesh  yadav\",\"sal_breakup_id\":\"9\",\"sal_term_name\":\"Employee PF\",\"sal_breakup_perc\":\"12.00\",\"sal_breakup_amt\":\"0.00\",\"net_salary\":\"21500\",\"gross_amt\":\"21500.00\",\"ctc_amt\":\"23291\",\"sal_rule_id\":\"4\",\"updated_by\":\"1\",\"updated_on\":\"2023-11-16 07:21:07\"}', 1, '2023-11-16 07:21:07'),
(160, 'Update', 'salary_details', 0, '\"\"', '{\"emp_code\":\"A\\/71\\/E-007\",\"emp_name\":\"yogesh  yadav\",\"sal_breakup_id\":\"10\",\"sal_term_name\":\"Employee ESIC\",\"sal_breakup_perc\":\"0.75\",\"sal_breakup_amt\":\"0.00\",\"net_salary\":\"21500\",\"gross_amt\":\"21500.00\",\"ctc_amt\":\"23291\",\"sal_rule_id\":\"4\",\"updated_by\":\"1\",\"updated_on\":\"2023-11-16 07:21:07\"}', 1, '2023-11-16 07:21:07'),
(161, 'Update', 'salary_details', 0, '\"\"', '{\"emp_code\":\"A\\/71\\/E-007\",\"emp_name\":\"yogesh  yadav\",\"sal_breakup_id\":\"11\",\"sal_term_name\":\"Professional Tax\",\"sal_breakup_perc\":\"0.00\",\"sal_breakup_amt\":\"0.00\",\"net_salary\":\"21500\",\"gross_amt\":\"21500.00\",\"ctc_amt\":\"23291\",\"sal_rule_id\":\"4\",\"updated_by\":\"1\",\"updated_on\":\"2023-11-16 07:21:07\"}', 1, '2023-11-16 07:21:07'),
(162, 'Update', 'salary_details', 0, '\"\"', '{\"emp_code\":\"A\\/71\\/E-007\",\"emp_name\":\"yogesh  yadav\",\"sal_breakup_id\":\"12\",\"sal_term_name\":\"Bonus\",\"sal_breakup_perc\":\"8.33\",\"sal_breakup_amt\":\"1790.95\",\"net_salary\":\"21500\",\"gross_amt\":\"21500.00\",\"ctc_amt\":\"23291\",\"sal_rule_id\":\"4\",\"updated_by\":\"1\",\"updated_on\":\"2023-11-16 07:21:07\"}', 1, '2023-11-16 07:21:07'),
(163, 'Update', 'salary_details', 0, '\"\"', '{\"emp_code\":\"A\\/71\\/E-006\",\"emp_name\":\"Pooja  sharma\",\"sal_breakup_id\":\"1\",\"sal_term_name\":\"Basic\",\"sal_breakup_perc\":\"40.00\",\"sal_breakup_amt\":\"5600\",\"net_salary\":\"13895\",\"gross_amt\":\"14000.00\",\"ctc_amt\":\"15621\",\"sal_rule_id\":\"3\",\"updated_by\":\"1\",\"updated_on\":\"2023-11-16 07:21:16\"}', 1, '2023-11-16 07:21:16'),
(164, 'Update', 'salary_details', 0, '\"\"', '{\"emp_code\":\"A\\/71\\/E-006\",\"emp_name\":\"Pooja  sharma\",\"sal_breakup_id\":\"2\",\"sal_term_name\":\"DA\",\"sal_breakup_perc\":\"10.00\",\"sal_breakup_amt\":\"1400\",\"net_salary\":\"13895\",\"gross_amt\":\"14000.00\",\"ctc_amt\":\"15621\",\"sal_rule_id\":\"3\",\"updated_by\":\"1\",\"updated_on\":\"2023-11-16 07:21:16\"}', 1, '2023-11-16 07:21:16'),
(165, 'Update', 'salary_details', 0, '\"\"', '{\"emp_code\":\"A\\/71\\/E-006\",\"emp_name\":\"Pooja  sharma\",\"sal_breakup_id\":\"3\",\"sal_term_name\":\"HRA\",\"sal_breakup_perc\":\"30.00\",\"sal_breakup_amt\":\"4200\",\"net_salary\":\"13895\",\"gross_amt\":\"14000.00\",\"ctc_amt\":\"15621\",\"sal_rule_id\":\"3\",\"updated_by\":\"1\",\"updated_on\":\"2023-11-16 07:21:16\"}', 1, '2023-11-16 07:21:16'),
(166, 'Update', 'salary_details', 0, '\"\"', '{\"emp_code\":\"A\\/71\\/E-006\",\"emp_name\":\"Pooja  sharma\",\"sal_breakup_id\":\"4\",\"sal_term_name\":\"Conveyance\",\"sal_breakup_perc\":\"10.00\",\"sal_breakup_amt\":\"1400\",\"net_salary\":\"13895\",\"gross_amt\":\"14000.00\",\"ctc_amt\":\"15621\",\"sal_rule_id\":\"3\",\"updated_by\":\"1\",\"updated_on\":\"2023-11-16 07:21:16\"}', 1, '2023-11-16 07:21:16'),
(167, 'Update', 'salary_details', 0, '\"\"', '{\"emp_code\":\"A\\/71\\/E-006\",\"emp_name\":\"Pooja  sharma\",\"sal_breakup_id\":\"5\",\"sal_term_name\":\"Medical Allowance\",\"sal_breakup_perc\":\"10.00\",\"sal_breakup_amt\":\"1400\",\"net_salary\":\"13895\",\"gross_amt\":\"14000.00\",\"ctc_amt\":\"15621\",\"sal_rule_id\":\"3\",\"updated_by\":\"1\",\"updated_on\":\"2023-11-16 07:21:16\"}', 1, '2023-11-16 07:21:16'),
(168, 'Update', 'salary_details', 0, '\"\"', '{\"emp_code\":\"A\\/71\\/E-006\",\"emp_name\":\"Pooja  sharma\",\"sal_breakup_id\":\"7\",\"sal_term_name\":\"Employer PF\",\"sal_breakup_perc\":\"13.00\",\"sal_breakup_amt\":\"0.00\",\"net_salary\":\"13895\",\"gross_amt\":\"14000.00\",\"ctc_amt\":\"15621\",\"sal_rule_id\":\"3\",\"updated_by\":\"1\",\"updated_on\":\"2023-11-16 07:21:16\"}', 1, '2023-11-16 07:21:16'),
(169, 'Update', 'salary_details', 0, '\"\"', '{\"emp_code\":\"A\\/71\\/E-006\",\"emp_name\":\"Pooja  sharma\",\"sal_breakup_id\":\"8\",\"sal_term_name\":\"Employer ESIC\",\"sal_breakup_perc\":\"3.25\",\"sal_breakup_amt\":\"455\",\"net_salary\":\"13895\",\"gross_amt\":\"14000.00\",\"ctc_amt\":\"15621\",\"sal_rule_id\":\"3\",\"updated_by\":\"1\",\"updated_on\":\"2023-11-16 07:21:16\"}', 1, '2023-11-16 07:21:16'),
(170, 'Update', 'salary_details', 0, '\"\"', '{\"emp_code\":\"A\\/71\\/E-006\",\"emp_name\":\"Pooja  sharma\",\"sal_breakup_id\":\"9\",\"sal_term_name\":\"Employee PF\",\"sal_breakup_perc\":\"12.00\",\"sal_breakup_amt\":\"0.00\",\"net_salary\":\"13895\",\"gross_amt\":\"14000.00\",\"ctc_amt\":\"15621\",\"sal_rule_id\":\"3\",\"updated_by\":\"1\",\"updated_on\":\"2023-11-16 07:21:16\"}', 1, '2023-11-16 07:21:16'),
(171, 'Update', 'salary_details', 0, '\"\"', '{\"emp_code\":\"A\\/71\\/E-006\",\"emp_name\":\"Pooja  sharma\",\"sal_breakup_id\":\"10\",\"sal_term_name\":\"Employee ESIC\",\"sal_breakup_perc\":\"0.75\",\"sal_breakup_amt\":\"105\",\"net_salary\":\"13895\",\"gross_amt\":\"14000.00\",\"ctc_amt\":\"15621\",\"sal_rule_id\":\"3\",\"updated_by\":\"1\",\"updated_on\":\"2023-11-16 07:21:16\"}', 1, '2023-11-16 07:21:16'),
(172, 'Update', 'salary_details', 0, '\"\"', '{\"emp_code\":\"A\\/71\\/E-006\",\"emp_name\":\"Pooja  sharma\",\"sal_breakup_id\":\"11\",\"sal_term_name\":\"Professional Tax\",\"sal_breakup_perc\":\"0.00\",\"sal_breakup_amt\":\"0.00\",\"net_salary\":\"13895\",\"gross_amt\":\"14000.00\",\"ctc_amt\":\"15621\",\"sal_rule_id\":\"3\",\"updated_by\":\"1\",\"updated_on\":\"2023-11-16 07:21:16\"}', 1, '2023-11-16 07:21:16'),
(173, 'Update', 'salary_details', 0, '\"\"', '{\"emp_code\":\"A\\/71\\/E-006\",\"emp_name\":\"Pooja  sharma\",\"sal_breakup_id\":\"12\",\"sal_term_name\":\"Bonus\",\"sal_breakup_perc\":\"8.33\",\"sal_breakup_amt\":\"1166.2\",\"net_salary\":\"13895\",\"gross_amt\":\"14000.00\",\"ctc_amt\":\"15621\",\"sal_rule_id\":\"3\",\"updated_by\":\"1\",\"updated_on\":\"2023-11-16 07:21:16\"}', 1, '2023-11-16 07:21:16');
INSERT INTO `system_log` (`log_id`, `operation`, `table_name`, `reference_id`, `from_data`, `to_data`, `updated_by`, `updated_on`) VALUES
(174, 'Add', 'company_branches', 3, '\"\"', '{\"branch_name\":\"Thane\",\"is_active\":\"1\",\"created_by\":\"1\",\"created_on\":\"2023-11-21 04:53:44\"}', 1, '2023-11-21 04:53:44'),
(175, 'Add', 'department', 4, '\"\"', '{\"dept_name\":\"IT\",\"branch_id\":\"1\",\"is_active\":\"1\",\"created_by\":\"1\",\"created_on\":\"2023-11-21 04:54:04\"}', 1, '2023-11-21 04:54:04'),
(176, 'Add', 'employee_bank_master', 2, '\"\"', '{\"emp_id\":\"5\",\"emp_code\":\"A\\/71\\/E-002\",\"acc_hol_name\":\"priyanka\",\"bank_name\":\"SBI\",\"branch_name\":\"Mumbai\",\"acc_no\":\"123456897\",\"ifsc_code\":\"SBI00001234\",\"is_active\":\"1\",\"created_by\":\"1\",\"created_on\":\"2023-11-21 04:59:31\"}', 1, '2023-11-21 04:59:31'),
(177, 'Add', 'holiday_master', 1, '\"\"', '{\"holiday_desc\":\"Republic Day \",\"holiday_date\":\"2024-01-26\",\"holiday_type\":\"F\",\"created_by\":\"1\",\"created_on\":\"2023-11-21 12:30:37\"}', 1, '2023-11-21 12:30:37'),
(178, 'Add', 'holiday_master', 2, '\"\"', '{\"holiday_desc\":\"Holi\",\"holiday_date\":\"2024-03-07\",\"holiday_type\":\"F\",\"created_by\":\"1\",\"created_on\":\"2023-11-21 12:31:07\"}', 1, '2023-11-21 12:31:07'),
(179, 'Add', 'holiday_master', 3, '\"\"', '{\"holiday_desc\":\"Maharashtra Day\",\"holiday_date\":\"2024-05-01\",\"holiday_type\":\"F\",\"created_by\":\"1\",\"created_on\":\"2023-11-21 12:31:36\"}', 1, '2023-11-21 12:31:36'),
(180, 'Add', 'holiday_master', 4, '\"\"', '{\"holiday_desc\":\"Independence Day \",\"holiday_date\":\"2024-08-15\",\"holiday_type\":\"F\",\"created_by\":\"1\",\"created_on\":\"2023-11-21 12:32:16\"}', 1, '2023-11-21 12:32:16'),
(181, 'Add', 'company_branches', 4, '\"\"', '{\"branch_name\":\"Airoli\",\"is_active\":\"1\",\"created_by\":\"1\",\"created_on\":\"2023-12-22 07:08:28\"}', 1, '2023-12-22 07:08:28'),
(182, 'Update', 'company_branches', 4, '\"\"', '{\"branch_name\":\"Ghansoli\",\"is_active\":\"1\",\"updated_by\":\"1\",\"updated_on\":\"2023-12-22 07:08:42\"}', 1, '2023-12-22 07:08:42'),
(183, 'Update', 'company_branches', 4, '\"\"', '{\"branch_name\":\"Airoli\",\"is_active\":\"0\",\"updated_by\":\"1\",\"updated_on\":\"2023-12-22 07:08:54\"}', 1, '2023-12-22 07:08:54'),
(184, 'Add', 'company_branches', 5, '\"\"', '{\"branch_name\":\"test\",\"is_active\":\"1\",\"created_by\":\"1\",\"created_on\":\"2023-12-22 07:09:08\"}', 1, '2023-12-22 07:09:08'),
(185, 'Delete', 'company_branches', 5, '\"\"', '\"\"', 1, '2023-12-22 07:09:11'),
(186, 'Add', 'tax', 3, '\"\"', '{\"tax_name\":\"test\",\"tax_details\":\"testing purpose\",\"tax_percent\":\"2\",\"is_active\":\"1\",\"created_by\":\"1\",\"created_on\":\"2023-12-22 07:09:32\"}', 1, '2023-12-22 07:09:32'),
(187, 'Update', 'tax', 3, '\"\"', '{\"tax_name\":\"asdfghjkl\",\"tax_details\":\"aaaaaaaaaa\",\"is_active\":\"1\",\"tax_percent\":\"5\",\"updated_by\":\"1\",\"updated_on\":\"2023-12-22 07:09:49\"}', 1, '2023-12-22 07:09:49'),
(188, 'Add', 'department', 5, '\"\"', '{\"dept_name\":\"BDE\",\"branch_id\":\"2\",\"is_active\":\"1\",\"created_by\":\"1\",\"created_on\":\"2023-12-22 07:11:13\"}', 1, '2023-12-22 07:11:13'),
(189, 'Update', 'department', 5, '\"\"', '{\"dept_name\":\"Operation\",\"branch_id\":\"2\",\"is_active\":\"1\",\"updated_by\":\"1\",\"updated_on\":\"2023-12-22 07:12:32\"}', 1, '2023-12-22 07:12:32'),
(190, 'Update', 'department', 5, '\"\"', '{\"dept_name\":\"Operation\",\"branch_id\":\"2\",\"is_active\":\"0\",\"updated_by\":\"1\",\"updated_on\":\"2023-12-22 07:13:43\"}', 1, '2023-12-22 07:13:43'),
(191, 'Update', 'department', 3, '\"\"', '{\"dept_name\":\"BDE\",\"branch_id\":\"1\",\"is_active\":\"0\",\"updated_by\":\"1\",\"updated_on\":\"2024-01-22 04:50:49\"}', 1, '2024-01-22 04:50:49'),
(192, 'Update', 'company_branches', 3, '\"\"', '{\"branch_name\":\"Thane\",\"is_active\":\"0\",\"updated_by\":\"1\",\"updated_on\":\"2024-01-22 04:52:05\"}', 1, '2024-01-22 04:52:05'),
(193, 'Add', 'monthly_salary_details', 43, '\"\"', '[[{\"emp_code\":\"A\\/71\\/E-002\",\"salary_month\":\"January 2024\",\"term_name\":\"Employee Code\",\"term_value\":\"A\\/71\\/E-002\",\"created_on\":\"2024-01-24 04:57:13\",\"created_by\":\"1\"},{\"emp_code\":\"A\\/71\\/E-002\",\"salary_month\":\"January 2024\",\"term_name\":\"Employee Name\",\"term_value\":\"Priyanka Kulkarni\",\"created_on\":\"2024-01-24 04:57:13\",\"created_by\":\"1\"},{\"emp_code\":\"A\\/71\\/E-002\",\"salary_month\":\"January 2024\",\"term_name\":\"Days Worked\",\"term_value\":22,\"created_on\":\"2024-01-24 04:57:13\",\"created_by\":\"1\"},{\"emp_code\":\"A\\/71\\/E-002\",\"salary_month\":\"January 2024\",\"term_name\":\"Week Off\",\"term_value\":4,\"created_on\":\"2024-01-24 04:57:13\",\"created_by\":\"1\"},{\"emp_code\":\"A\\/71\\/E-002\",\"salary_month\":\"January 2024\",\"term_name\":\"CL\",\"term_value\":1,\"created_on\":\"2024-01-24 04:57:13\",\"created_by\":\"1\"},{\"emp_code\":\"A\\/71\\/E-002\",\"salary_month\":\"January 2024\",\"term_name\":\"PL\",\"term_value\":1,\"created_on\":\"2024-01-24 04:57:13\",\"created_by\":\"1\"},{\"emp_code\":\"A\\/71\\/E-002\",\"salary_month\":\"January 2024\",\"term_name\":\"LOP\",\"term_value\":2,\"created_on\":\"2024-01-24 04:57:13\",\"created_by\":\"1\"},{\"emp_code\":\"A\\/71\\/E-002\",\"salary_month\":\"January 2024\",\"term_name\":\"Holidays\",\"term_value\":1,\"created_on\":\"2024-01-24 04:57:13\",\"created_by\":\"1\"},{\"emp_code\":\"A\\/71\\/E-002\",\"salary_month\":\"January 2024\",\"term_name\":\"Arrears\",\"term_value\":0,\"created_on\":\"2024-01-24 04:57:13\",\"created_by\":\"1\"},{\"emp_code\":\"A\\/71\\/E-002\",\"salary_month\":\"January 2024\",\"term_name\":\"Increment\",\"term_value\":0,\"created_on\":\"2024-01-24 04:57:13\",\"created_by\":\"1\"},{\"emp_code\":\"A\\/71\\/E-002\",\"salary_month\":\"January 2024\",\"term_name\":\"Other Reimbursement\",\"term_value\":0,\"created_on\":\"2024-01-24 04:57:13\",\"created_by\":\"1\"},{\"emp_code\":\"A\\/71\\/E-002\",\"salary_month\":\"January 2024\",\"term_name\":\"Other Allowence\",\"term_value\":0,\"created_on\":\"2024-01-24 04:57:13\",\"created_by\":\"1\"},{\"emp_code\":\"A\\/71\\/E-002\",\"salary_month\":\"January 2024\",\"term_name\":\"Incentives\",\"term_value\":0,\"created_on\":\"2024-01-24 04:57:13\",\"created_by\":\"1\"},{\"emp_code\":\"A\\/71\\/E-002\",\"salary_month\":\"January 2024\",\"term_name\":\"Parking Charges\",\"term_value\":0,\"created_on\":\"2024-01-24 04:57:13\",\"created_by\":\"1\"},{\"emp_code\":\"A\\/71\\/E-002\",\"salary_month\":\"January 2024\",\"term_name\":\"Advance\",\"term_value\":0,\"created_on\":\"2024-01-24 04:57:13\",\"created_by\":\"1\"},{\"emp_code\":\"A\\/71\\/E-002\",\"salary_month\":\"January 2024\",\"term_name\":\"Security Deposit\",\"term_value\":0,\"created_on\":\"2024-01-24 04:57:13\",\"created_by\":\"1\"},{\"emp_code\":\"A\\/71\\/E-002\",\"salary_month\":\"January 2024\",\"term_name\":\"TDS\",\"term_value\":0,\"created_on\":\"2024-01-24 04:57:13\",\"created_by\":\"1\"}]]', 1, '2024-01-24 04:57:13'),
(194, 'Add', 'monthly_salary_details', 60, '\"\"', '[[{\"emp_code\":\"A\\/71\\/E-006\",\"salary_month\":\"January 2024\",\"term_name\":\"Employee Code\",\"term_value\":\"A\\/71\\/E-006\",\"created_on\":\"2024-01-24 04:57:13\",\"created_by\":\"1\"},{\"emp_code\":\"A\\/71\\/E-006\",\"salary_month\":\"January 2024\",\"term_name\":\"Employee Name\",\"term_value\":\"Pooja  sharma\",\"created_on\":\"2024-01-24 04:57:13\",\"created_by\":\"1\"},{\"emp_code\":\"A\\/71\\/E-006\",\"salary_month\":\"January 2024\",\"term_name\":\"Days Worked\",\"term_value\":20,\"created_on\":\"2024-01-24 04:57:13\",\"created_by\":\"1\"},{\"emp_code\":\"A\\/71\\/E-006\",\"salary_month\":\"January 2024\",\"term_name\":\"Week Off\",\"term_value\":4,\"created_on\":\"2024-01-24 04:57:13\",\"created_by\":\"1\"},{\"emp_code\":\"A\\/71\\/E-006\",\"salary_month\":\"January 2024\",\"term_name\":\"CL\",\"term_value\":0,\"created_on\":\"2024-01-24 04:57:13\",\"created_by\":\"1\"},{\"emp_code\":\"A\\/71\\/E-006\",\"salary_month\":\"January 2024\",\"term_name\":\"PL\",\"term_value\":3,\"created_on\":\"2024-01-24 04:57:13\",\"created_by\":\"1\"},{\"emp_code\":\"A\\/71\\/E-006\",\"salary_month\":\"January 2024\",\"term_name\":\"LOP\",\"term_value\":3,\"created_on\":\"2024-01-24 04:57:13\",\"created_by\":\"1\"},{\"emp_code\":\"A\\/71\\/E-006\",\"salary_month\":\"January 2024\",\"term_name\":\"Holidays\",\"term_value\":1,\"created_on\":\"2024-01-24 04:57:13\",\"created_by\":\"1\"},{\"emp_code\":\"A\\/71\\/E-006\",\"salary_month\":\"January 2024\",\"term_name\":\"Arrears\",\"term_value\":0,\"created_on\":\"2024-01-24 04:57:13\",\"created_by\":\"1\"},{\"emp_code\":\"A\\/71\\/E-006\",\"salary_month\":\"January 2024\",\"term_name\":\"Increment\",\"term_value\":0,\"created_on\":\"2024-01-24 04:57:13\",\"created_by\":\"1\"},{\"emp_code\":\"A\\/71\\/E-006\",\"salary_month\":\"January 2024\",\"term_name\":\"Other Reimbursement\",\"term_value\":0,\"created_on\":\"2024-01-24 04:57:13\",\"created_by\":\"1\"},{\"emp_code\":\"A\\/71\\/E-006\",\"salary_month\":\"January 2024\",\"term_name\":\"Other Allowence\",\"term_value\":0,\"created_on\":\"2024-01-24 04:57:13\",\"created_by\":\"1\"},{\"emp_code\":\"A\\/71\\/E-006\",\"salary_month\":\"January 2024\",\"term_name\":\"Incentives\",\"term_value\":0,\"created_on\":\"2024-01-24 04:57:13\",\"created_by\":\"1\"},{\"emp_code\":\"A\\/71\\/E-006\",\"salary_month\":\"January 2024\",\"term_name\":\"Parking Charges\",\"term_value\":0,\"created_on\":\"2024-01-24 04:57:13\",\"created_by\":\"1\"},{\"emp_code\":\"A\\/71\\/E-006\",\"salary_month\":\"January 2024\",\"term_name\":\"Advance\",\"term_value\":0,\"created_on\":\"2024-01-24 04:57:13\",\"created_by\":\"1\"},{\"emp_code\":\"A\\/71\\/E-006\",\"salary_month\":\"January 2024\",\"term_name\":\"Security Deposit\",\"term_value\":0,\"created_on\":\"2024-01-24 04:57:13\",\"created_by\":\"1\"},{\"emp_code\":\"A\\/71\\/E-006\",\"salary_month\":\"January 2024\",\"term_name\":\"TDS\",\"term_value\":0,\"created_on\":\"2024-01-24 04:57:13\",\"created_by\":\"1\"}]]', 1, '2024-01-24 04:57:13'),
(195, 'Add', 'monthly_salary_details', 77, '\"\"', '[[{\"emp_code\":\"A\\/71\\/E-007\",\"salary_month\":\"January 2024\",\"term_name\":\"Employee Code\",\"term_value\":\"A\\/71\\/E-007\",\"created_on\":\"2024-01-24 04:57:13\",\"created_by\":\"1\"},{\"emp_code\":\"A\\/71\\/E-007\",\"salary_month\":\"January 2024\",\"term_name\":\"Employee Name\",\"term_value\":\"yogesh  yadav\",\"created_on\":\"2024-01-24 04:57:13\",\"created_by\":\"1\"},{\"emp_code\":\"A\\/71\\/E-007\",\"salary_month\":\"January 2024\",\"term_name\":\"Days Worked\",\"term_value\":20,\"created_on\":\"2024-01-24 04:57:13\",\"created_by\":\"1\"},{\"emp_code\":\"A\\/71\\/E-007\",\"salary_month\":\"January 2024\",\"term_name\":\"Week Off\",\"term_value\":4,\"created_on\":\"2024-01-24 04:57:13\",\"created_by\":\"1\"},{\"emp_code\":\"A\\/71\\/E-007\",\"salary_month\":\"January 2024\",\"term_name\":\"CL\",\"term_value\":2,\"created_on\":\"2024-01-24 04:57:13\",\"created_by\":\"1\"},{\"emp_code\":\"A\\/71\\/E-007\",\"salary_month\":\"January 2024\",\"term_name\":\"PL\",\"term_value\":0,\"created_on\":\"2024-01-24 04:57:13\",\"created_by\":\"1\"},{\"emp_code\":\"A\\/71\\/E-007\",\"salary_month\":\"January 2024\",\"term_name\":\"LOP\",\"term_value\":4,\"created_on\":\"2024-01-24 04:57:13\",\"created_by\":\"1\"},{\"emp_code\":\"A\\/71\\/E-007\",\"salary_month\":\"January 2024\",\"term_name\":\"Holidays\",\"term_value\":1,\"created_on\":\"2024-01-24 04:57:13\",\"created_by\":\"1\"},{\"emp_code\":\"A\\/71\\/E-007\",\"salary_month\":\"January 2024\",\"term_name\":\"Arrears\",\"term_value\":0,\"created_on\":\"2024-01-24 04:57:13\",\"created_by\":\"1\"},{\"emp_code\":\"A\\/71\\/E-007\",\"salary_month\":\"January 2024\",\"term_name\":\"Increment\",\"term_value\":0,\"created_on\":\"2024-01-24 04:57:13\",\"created_by\":\"1\"},{\"emp_code\":\"A\\/71\\/E-007\",\"salary_month\":\"January 2024\",\"term_name\":\"Other Reimbursement\",\"term_value\":0,\"created_on\":\"2024-01-24 04:57:13\",\"created_by\":\"1\"},{\"emp_code\":\"A\\/71\\/E-007\",\"salary_month\":\"January 2024\",\"term_name\":\"Other Allowence\",\"term_value\":0,\"created_on\":\"2024-01-24 04:57:13\",\"created_by\":\"1\"},{\"emp_code\":\"A\\/71\\/E-007\",\"salary_month\":\"January 2024\",\"term_name\":\"Incentives\",\"term_value\":0,\"created_on\":\"2024-01-24 04:57:13\",\"created_by\":\"1\"},{\"emp_code\":\"A\\/71\\/E-007\",\"salary_month\":\"January 2024\",\"term_name\":\"Parking Charges\",\"term_value\":0,\"created_on\":\"2024-01-24 04:57:13\",\"created_by\":\"1\"},{\"emp_code\":\"A\\/71\\/E-007\",\"salary_month\":\"January 2024\",\"term_name\":\"Advance\",\"term_value\":0,\"created_on\":\"2024-01-24 04:57:13\",\"created_by\":\"1\"},{\"emp_code\":\"A\\/71\\/E-007\",\"salary_month\":\"January 2024\",\"term_name\":\"Security Deposit\",\"term_value\":0,\"created_on\":\"2024-01-24 04:57:13\",\"created_by\":\"1\"},{\"emp_code\":\"A\\/71\\/E-007\",\"salary_month\":\"January 2024\",\"term_name\":\"TDS\",\"term_value\":0,\"created_on\":\"2024-01-24 04:57:13\",\"created_by\":\"1\"}]]', 1, '2024-01-24 04:57:13'),
(196, 'Add', 'monthly_sal_data', 49, '\"\"', '{\"sal_month\":\"January 2024\",\"emp_code\":\"A\\/71\\/E-002\",\"sal_breakup_id\":\"1\",\"paid_days\":28,\"month_days\":\"31\",\"breakup_label\":\"Basic\",\"monthly_gained_amts\":9484,\"created_by\":\"1\",\"created_on\":\"2024-01-24 06:26:49\"}', 1, '2024-01-24 06:26:49'),
(197, 'Add', 'monthly_sal_data', 50, '\"\"', '{\"sal_month\":\"January 2024\",\"emp_code\":\"A\\/71\\/E-002\",\"sal_breakup_id\":\"2\",\"paid_days\":28,\"month_days\":\"31\",\"breakup_label\":\"DA\",\"monthly_gained_amts\":1897,\"created_by\":\"1\",\"created_on\":\"2024-01-24 06:26:49\"}', 1, '2024-01-24 06:26:49'),
(198, 'Add', 'monthly_sal_data', 51, '\"\"', '{\"sal_month\":\"January 2024\",\"emp_code\":\"A\\/71\\/E-002\",\"sal_breakup_id\":\"3\",\"paid_days\":28,\"month_days\":\"31\",\"breakup_label\":\"HRA\",\"monthly_gained_amts\":5690,\"created_by\":\"1\",\"created_on\":\"2024-01-24 06:26:49\"}', 1, '2024-01-24 06:26:49'),
(199, 'Add', 'monthly_sal_data', 52, '\"\"', '{\"sal_month\":\"January 2024\",\"emp_code\":\"A\\/71\\/E-002\",\"sal_breakup_id\":\"4\",\"paid_days\":28,\"month_days\":\"31\",\"breakup_label\":\"Conveyance\",\"monthly_gained_amts\":948,\"created_by\":\"1\",\"created_on\":\"2024-01-24 06:26:49\"}', 1, '2024-01-24 06:26:49'),
(200, 'Add', 'monthly_sal_data', 53, '\"\"', '{\"sal_month\":\"January 2024\",\"emp_code\":\"A\\/71\\/E-002\",\"sal_breakup_id\":\"5\",\"paid_days\":28,\"month_days\":\"31\",\"breakup_label\":\"Medical Allowance\",\"monthly_gained_amts\":948,\"created_by\":\"1\",\"created_on\":\"2024-01-24 06:26:49\"}', 1, '2024-01-24 06:26:49'),
(201, 'Add', 'monthly_sal_data', 54, '\"\"', '{\"sal_month\":\"January 2024\",\"emp_code\":\"A\\/71\\/E-002\",\"sal_breakup_id\":\"7\",\"paid_days\":28,\"month_days\":\"31\",\"breakup_label\":\"Employer PF\",\"monthly_gained_amts\":1726,\"created_by\":\"1\",\"created_on\":\"2024-01-24 06:26:49\"}', 1, '2024-01-24 06:26:49'),
(202, 'Add', 'monthly_sal_data', 55, '\"\"', '{\"sal_month\":\"January 2024\",\"emp_code\":\"A\\/71\\/E-002\",\"sal_breakup_id\":\"8\",\"paid_days\":28,\"month_days\":\"31\",\"breakup_label\":\"Employer ESIC\",\"monthly_gained_amts\":586,\"created_by\":\"1\",\"created_on\":\"2024-01-24 06:26:49\"}', 1, '2024-01-24 06:26:49'),
(203, 'Add', 'monthly_sal_data', 56, '\"\"', '{\"sal_month\":\"January 2024\",\"emp_code\":\"A\\/71\\/E-002\",\"sal_breakup_id\":\"9\",\"paid_days\":28,\"month_days\":\"31\",\"breakup_label\":\"Employee PF\",\"monthly_gained_amts\":1593,\"created_by\":\"1\",\"created_on\":\"2024-01-24 06:26:49\"}', 1, '2024-01-24 06:26:49'),
(204, 'Add', 'monthly_sal_data', 57, '\"\"', '{\"sal_month\":\"January 2024\",\"emp_code\":\"A\\/71\\/E-002\",\"sal_breakup_id\":\"10\",\"paid_days\":28,\"month_days\":\"31\",\"breakup_label\":\"Employee ESIC\",\"monthly_gained_amts\":135,\"created_by\":\"1\",\"created_on\":\"2024-01-24 06:26:49\"}', 1, '2024-01-24 06:26:49'),
(205, 'Add', 'monthly_sal_data', 58, '\"\"', '{\"sal_month\":\"January 2024\",\"emp_code\":\"A\\/71\\/E-002\",\"sal_breakup_id\":\"11\",\"paid_days\":28,\"month_days\":\"31\",\"breakup_label\":\"Professional Tax\",\"monthly_gained_amts\":200,\"created_by\":\"1\",\"created_on\":\"2024-01-24 06:26:49\"}', 1, '2024-01-24 06:26:49'),
(206, 'Add', 'monthly_sal_data', 59, '\"\"', '{\"sal_month\":\"January 2024\",\"emp_code\":\"A\\/71\\/E-002\",\"sal_breakup_id\":\"12\",\"paid_days\":28,\"month_days\":\"31\",\"breakup_label\":\"Bonus\",\"monthly_gained_amts\":1749,\"created_by\":\"1\",\"created_on\":\"2024-01-24 06:26:49\"}', 1, '2024-01-24 06:26:49'),
(207, 'Add', 'monthly_sal_data', 60, '\"\"', '{\"sal_month\":\"January 2024\",\"emp_code\":\"A\\/71\\/E-002\",\"sal_breakup_id\":\"27\",\"paid_days\":28,\"month_days\":\"31\",\"breakup_label\":\"Employee Code\",\"monthly_gained_amts\":\"A\\/71\\/E-002\",\"created_by\":\"1\",\"created_on\":\"2024-01-24 06:26:49\"}', 1, '2024-01-24 06:26:49'),
(208, 'Add', 'monthly_sal_data', 61, '\"\"', '{\"sal_month\":\"January 2024\",\"emp_code\":\"A\\/71\\/E-002\",\"sal_breakup_id\":\"28\",\"paid_days\":28,\"month_days\":\"31\",\"breakup_label\":\"Employee Name\",\"monthly_gained_amts\":\"Priyanka Kulkarni\",\"created_by\":\"1\",\"created_on\":\"2024-01-24 06:26:49\"}', 1, '2024-01-24 06:26:49'),
(209, 'Add', 'monthly_sal_data', 62, '\"\"', '{\"sal_month\":\"January 2024\",\"emp_code\":\"A\\/71\\/E-002\",\"sal_breakup_id\":\"29\",\"paid_days\":28,\"month_days\":\"31\",\"breakup_label\":\"Days Worked\",\"monthly_gained_amts\":\"22\",\"created_by\":\"1\",\"created_on\":\"2024-01-24 06:26:49\"}', 1, '2024-01-24 06:26:49'),
(210, 'Add', 'monthly_sal_data', 63, '\"\"', '{\"sal_month\":\"January 2024\",\"emp_code\":\"A\\/71\\/E-002\",\"sal_breakup_id\":\"30\",\"paid_days\":28,\"month_days\":\"31\",\"breakup_label\":\"Week Off\",\"monthly_gained_amts\":\"4\",\"created_by\":\"1\",\"created_on\":\"2024-01-24 06:26:49\"}', 1, '2024-01-24 06:26:49'),
(211, 'Add', 'monthly_sal_data', 64, '\"\"', '{\"sal_month\":\"January 2024\",\"emp_code\":\"A\\/71\\/E-002\",\"sal_breakup_id\":\"31\",\"paid_days\":28,\"month_days\":\"31\",\"breakup_label\":\"CL\",\"monthly_gained_amts\":\"1\",\"created_by\":\"1\",\"created_on\":\"2024-01-24 06:26:49\"}', 1, '2024-01-24 06:26:49'),
(212, 'Add', 'monthly_sal_data', 65, '\"\"', '{\"sal_month\":\"January 2024\",\"emp_code\":\"A\\/71\\/E-002\",\"sal_breakup_id\":\"32\",\"paid_days\":28,\"month_days\":\"31\",\"breakup_label\":\"PL\",\"monthly_gained_amts\":\"1\",\"created_by\":\"1\",\"created_on\":\"2024-01-24 06:26:49\"}', 1, '2024-01-24 06:26:49'),
(213, 'Add', 'monthly_sal_data', 66, '\"\"', '{\"sal_month\":\"January 2024\",\"emp_code\":\"A\\/71\\/E-002\",\"sal_breakup_id\":\"33\",\"paid_days\":28,\"month_days\":\"31\",\"breakup_label\":\"LOP\",\"monthly_gained_amts\":\"2\",\"created_by\":\"1\",\"created_on\":\"2024-01-24 06:26:49\"}', 1, '2024-01-24 06:26:49'),
(214, 'Add', 'monthly_sal_data', 67, '\"\"', '{\"sal_month\":\"January 2024\",\"emp_code\":\"A\\/71\\/E-002\",\"sal_breakup_id\":\"34\",\"paid_days\":28,\"month_days\":\"31\",\"breakup_label\":\"Holidays\",\"monthly_gained_amts\":\"1\",\"created_by\":\"1\",\"created_on\":\"2024-01-24 06:26:49\"}', 1, '2024-01-24 06:26:49'),
(215, 'Add', 'monthly_sal_data', 68, '\"\"', '{\"sal_month\":\"January 2024\",\"emp_code\":\"A\\/71\\/E-002\",\"sal_breakup_id\":\"35\",\"paid_days\":28,\"month_days\":\"31\",\"breakup_label\":\"Arrears\",\"monthly_gained_amts\":0,\"created_by\":\"1\",\"created_on\":\"2024-01-24 06:26:49\"}', 1, '2024-01-24 06:26:49'),
(216, 'Add', 'monthly_sal_data', 69, '\"\"', '{\"sal_month\":\"January 2024\",\"emp_code\":\"A\\/71\\/E-002\",\"sal_breakup_id\":\"36\",\"paid_days\":28,\"month_days\":\"31\",\"breakup_label\":\"Increment\",\"monthly_gained_amts\":0,\"created_by\":\"1\",\"created_on\":\"2024-01-24 06:26:49\"}', 1, '2024-01-24 06:26:49'),
(217, 'Add', 'monthly_sal_data', 70, '\"\"', '{\"sal_month\":\"January 2024\",\"emp_code\":\"A\\/71\\/E-002\",\"sal_breakup_id\":\"37\",\"paid_days\":28,\"month_days\":\"31\",\"breakup_label\":\"Other Reimbursement\",\"monthly_gained_amts\":0,\"created_by\":\"1\",\"created_on\":\"2024-01-24 06:26:49\"}', 1, '2024-01-24 06:26:49'),
(218, 'Add', 'monthly_sal_data', 71, '\"\"', '{\"sal_month\":\"January 2024\",\"emp_code\":\"A\\/71\\/E-002\",\"sal_breakup_id\":\"38\",\"paid_days\":28,\"month_days\":\"31\",\"breakup_label\":\"Other Allowence\",\"monthly_gained_amts\":0,\"created_by\":\"1\",\"created_on\":\"2024-01-24 06:26:49\"}', 1, '2024-01-24 06:26:49'),
(219, 'Add', 'monthly_sal_data', 72, '\"\"', '{\"sal_month\":\"January 2024\",\"emp_code\":\"A\\/71\\/E-002\",\"sal_breakup_id\":\"39\",\"paid_days\":28,\"month_days\":\"31\",\"breakup_label\":\"Incentives\",\"monthly_gained_amts\":0,\"created_by\":\"1\",\"created_on\":\"2024-01-24 06:26:49\"}', 1, '2024-01-24 06:26:49'),
(220, 'Add', 'monthly_sal_data', 73, '\"\"', '{\"sal_month\":\"January 2024\",\"emp_code\":\"A\\/71\\/E-002\",\"sal_breakup_id\":\"40\",\"paid_days\":28,\"month_days\":\"31\",\"breakup_label\":\"Parking Charges\",\"monthly_gained_amts\":0,\"created_by\":\"1\",\"created_on\":\"2024-01-24 06:26:49\"}', 1, '2024-01-24 06:26:49'),
(221, 'Add', 'monthly_sal_data', 74, '\"\"', '{\"sal_month\":\"January 2024\",\"emp_code\":\"A\\/71\\/E-002\",\"sal_breakup_id\":\"41\",\"paid_days\":28,\"month_days\":\"31\",\"breakup_label\":\"Advance\",\"monthly_gained_amts\":0,\"created_by\":\"1\",\"created_on\":\"2024-01-24 06:26:49\"}', 1, '2024-01-24 06:26:49'),
(222, 'Add', 'monthly_sal_data', 75, '\"\"', '{\"sal_month\":\"January 2024\",\"emp_code\":\"A\\/71\\/E-002\",\"sal_breakup_id\":\"42\",\"paid_days\":28,\"month_days\":\"31\",\"breakup_label\":\"Security Deposit\",\"monthly_gained_amts\":0,\"created_by\":\"1\",\"created_on\":\"2024-01-24 06:26:49\"}', 1, '2024-01-24 06:26:49'),
(223, 'Add', 'monthly_sal_data', 76, '\"\"', '{\"sal_month\":\"January 2024\",\"emp_code\":\"A\\/71\\/E-002\",\"sal_breakup_id\":\"43\",\"paid_days\":28,\"month_days\":\"31\",\"breakup_label\":\"TDS\",\"monthly_gained_amts\":0,\"created_by\":\"1\",\"created_on\":\"2024-01-24 06:26:49\"}', 1, '2024-01-24 06:26:49'),
(224, 'Add', 'monthly_sal_data', 77, '\"\"', '{\"sal_month\":\"January 2024\",\"emp_code\":\"A\\/71\\/E-006\",\"sal_breakup_id\":\"1\",\"paid_days\":2527,\"month_days\":\"31\",\"breakup_label\":\"Basic\",\"monthly_gained_amts\":456490,\"created_by\":\"1\",\"created_on\":\"2024-01-24 06:26:49\"}', 1, '2024-01-24 06:26:49'),
(225, 'Add', 'monthly_sal_data', 78, '\"\"', '{\"sal_month\":\"January 2024\",\"emp_code\":\"A\\/71\\/E-006\",\"sal_breakup_id\":\"2\",\"paid_days\":2527,\"month_days\":\"31\",\"breakup_label\":\"DA\",\"monthly_gained_amts\":114123,\"created_by\":\"1\",\"created_on\":\"2024-01-24 06:26:49\"}', 1, '2024-01-24 06:26:49'),
(226, 'Add', 'monthly_sal_data', 79, '\"\"', '{\"sal_month\":\"January 2024\",\"emp_code\":\"A\\/71\\/E-006\",\"sal_breakup_id\":\"3\",\"paid_days\":2527,\"month_days\":\"31\",\"breakup_label\":\"HRA\",\"monthly_gained_amts\":342368,\"created_by\":\"1\",\"created_on\":\"2024-01-24 06:26:49\"}', 1, '2024-01-24 06:26:49'),
(227, 'Add', 'monthly_sal_data', 80, '\"\"', '{\"sal_month\":\"January 2024\",\"emp_code\":\"A\\/71\\/E-006\",\"sal_breakup_id\":\"4\",\"paid_days\":2527,\"month_days\":\"31\",\"breakup_label\":\"Conveyance\",\"monthly_gained_amts\":114123,\"created_by\":\"1\",\"created_on\":\"2024-01-24 06:26:49\"}', 1, '2024-01-24 06:26:49'),
(228, 'Add', 'monthly_sal_data', 81, '\"\"', '{\"sal_month\":\"January 2024\",\"emp_code\":\"A\\/71\\/E-006\",\"sal_breakup_id\":\"5\",\"paid_days\":2527,\"month_days\":\"31\",\"breakup_label\":\"Medical Allowance\",\"monthly_gained_amts\":114123,\"created_by\":\"1\",\"created_on\":\"2024-01-24 06:26:49\"}', 1, '2024-01-24 06:26:49'),
(229, 'Add', 'monthly_sal_data', 82, '\"\"', '{\"sal_month\":\"January 2024\",\"emp_code\":\"A\\/71\\/E-006\",\"sal_breakup_id\":\"7\",\"paid_days\":2527,\"month_days\":\"31\",\"breakup_label\":\"Employer PF\",\"monthly_gained_amts\":1950,\"created_by\":\"1\",\"created_on\":\"2024-01-24 06:26:49\"}', 1, '2024-01-24 06:26:49'),
(230, 'Add', 'monthly_sal_data', 83, '\"\"', '{\"sal_month\":\"January 2024\",\"emp_code\":\"A\\/71\\/E-006\",\"sal_breakup_id\":\"8\",\"paid_days\":2527,\"month_days\":\"31\",\"breakup_label\":\"Employer ESIC\",\"monthly_gained_amts\":33381,\"created_by\":\"1\",\"created_on\":\"2024-01-24 06:26:49\"}', 1, '2024-01-24 06:26:49'),
(231, 'Add', 'monthly_sal_data', 84, '\"\"', '{\"sal_month\":\"January 2024\",\"emp_code\":\"A\\/71\\/E-006\",\"sal_breakup_id\":\"9\",\"paid_days\":2527,\"month_days\":\"31\",\"breakup_label\":\"Employee PF\",\"monthly_gained_amts\":1800,\"created_by\":\"1\",\"created_on\":\"2024-01-24 06:26:49\"}', 1, '2024-01-24 06:26:49'),
(232, 'Add', 'monthly_sal_data', 85, '\"\"', '{\"sal_month\":\"January 2024\",\"emp_code\":\"A\\/71\\/E-006\",\"sal_breakup_id\":\"10\",\"paid_days\":2527,\"month_days\":\"31\",\"breakup_label\":\"Employee ESIC\",\"monthly_gained_amts\":7703,\"created_by\":\"1\",\"created_on\":\"2024-01-24 06:26:49\"}', 1, '2024-01-24 06:26:49'),
(233, 'Add', 'monthly_sal_data', 86, '\"\"', '{\"sal_month\":\"January 2024\",\"emp_code\":\"A\\/71\\/E-006\",\"sal_breakup_id\":\"11\",\"paid_days\":2527,\"month_days\":\"31\",\"breakup_label\":\"Professional Tax\",\"monthly_gained_amts\":200,\"created_by\":\"1\",\"created_on\":\"2024-01-24 06:26:49\"}', 1, '2024-01-24 06:26:49'),
(234, 'Add', 'monthly_sal_data', 87, '\"\"', '{\"sal_month\":\"January 2024\",\"emp_code\":\"A\\/71\\/E-006\",\"sal_breakup_id\":\"12\",\"paid_days\":2527,\"month_days\":\"31\",\"breakup_label\":\"Bonus\",\"monthly_gained_amts\":1166,\"created_by\":\"1\",\"created_on\":\"2024-01-24 06:26:49\"}', 1, '2024-01-24 06:26:49'),
(235, 'Add', 'monthly_sal_data', 88, '\"\"', '{\"sal_month\":\"January 2024\",\"emp_code\":\"A\\/71\\/E-006\",\"sal_breakup_id\":\"1\",\"paid_days\":2527,\"month_days\":\"31\",\"breakup_label\":\"Employee Code\",\"monthly_gained_amts\":\"A\\/71\\/E-006\",\"created_by\":\"1\",\"created_on\":\"2024-01-24 06:26:49\"}', 1, '2024-01-24 06:26:49'),
(236, 'Add', 'monthly_sal_data', 89, '\"\"', '{\"sal_month\":\"January 2024\",\"emp_code\":\"A\\/71\\/E-006\",\"sal_breakup_id\":\"2\",\"paid_days\":2527,\"month_days\":\"31\",\"breakup_label\":\"Employee Name\",\"monthly_gained_amts\":\"Pooja  sharma\",\"created_by\":\"1\",\"created_on\":\"2024-01-24 06:26:49\"}', 1, '2024-01-24 06:26:49'),
(237, 'Add', 'monthly_sal_data', 90, '\"\"', '{\"sal_month\":\"January 2024\",\"emp_code\":\"A\\/71\\/E-006\",\"sal_breakup_id\":\"3\",\"paid_days\":2527,\"month_days\":\"31\",\"breakup_label\":\"Days Worked\",\"monthly_gained_amts\":\"23\",\"created_by\":\"1\",\"created_on\":\"2024-01-24 06:26:49\"}', 1, '2024-01-24 06:26:49'),
(238, 'Add', 'monthly_sal_data', 91, '\"\"', '{\"sal_month\":\"January 2024\",\"emp_code\":\"A\\/71\\/E-006\",\"sal_breakup_id\":\"4\",\"paid_days\":2527,\"month_days\":\"31\",\"breakup_label\":\"Week Off\",\"monthly_gained_amts\":\"4\",\"created_by\":\"1\",\"created_on\":\"2024-01-24 06:26:49\"}', 1, '2024-01-24 06:26:49'),
(239, 'Add', 'monthly_sal_data', 92, '\"\"', '{\"sal_month\":\"January 2024\",\"emp_code\":\"A\\/71\\/E-006\",\"sal_breakup_id\":\"8\",\"paid_days\":2527,\"month_days\":\"31\",\"breakup_label\":\"Arrears\",\"monthly_gained_amts\":100,\"created_by\":\"1\",\"created_on\":\"2024-01-24 06:26:49\"}', 1, '2024-01-24 06:26:49'),
(240, 'Add', 'monthly_sal_data', 93, '\"\"', '{\"sal_month\":\"January 2024\",\"emp_code\":\"A\\/71\\/E-006\",\"sal_breakup_id\":\"9\",\"paid_days\":2527,\"month_days\":\"31\",\"breakup_label\":\"Bonus Ex-Gratia\",\"monthly_gained_amts\":1500,\"created_by\":\"1\",\"created_on\":\"2024-01-24 06:26:49\"}', 1, '2024-01-24 06:26:49'),
(241, 'Add', 'monthly_sal_data', 94, '\"\"', '{\"sal_month\":\"January 2024\",\"emp_code\":\"A\\/71\\/E-006\",\"sal_breakup_id\":\"10\",\"paid_days\":2527,\"month_days\":\"31\",\"breakup_label\":\"Increment\",\"monthly_gained_amts\":2500,\"created_by\":\"1\",\"created_on\":\"2024-01-24 06:26:49\"}', 1, '2024-01-24 06:26:49'),
(242, 'Add', 'monthly_sal_data', 95, '\"\"', '{\"sal_month\":\"January 2024\",\"emp_code\":\"A\\/71\\/E-006\",\"sal_breakup_id\":\"11\",\"paid_days\":2527,\"month_days\":\"31\",\"breakup_label\":\"Parking Charges\",\"monthly_gained_amts\":250,\"created_by\":\"1\",\"created_on\":\"2024-01-24 06:26:49\"}', 1, '2024-01-24 06:26:49'),
(243, 'Add', 'monthly_sal_data', 96, '\"\"', '{\"sal_month\":\"January 2024\",\"emp_code\":\"A\\/71\\/E-006\",\"sal_breakup_id\":\"12\",\"paid_days\":2527,\"month_days\":\"31\",\"breakup_label\":\"Advance\",\"monthly_gained_amts\":1500,\"created_by\":\"1\",\"created_on\":\"2024-01-24 06:26:49\"}', 1, '2024-01-24 06:26:49'),
(244, 'Add', 'monthly_sal_data', 97, '\"\"', '{\"sal_month\":\"January 2024\",\"emp_code\":\"A\\/71\\/E-006\",\"sal_breakup_id\":\"48\",\"paid_days\":2527,\"month_days\":\"31\",\"breakup_label\":\"CL\",\"monthly_gained_amts\":\"0\",\"created_by\":\"1\",\"created_on\":\"2024-01-24 06:26:49\"}', 1, '2024-01-24 06:26:49'),
(245, 'Add', 'monthly_sal_data', 98, '\"\"', '{\"sal_month\":\"January 2024\",\"emp_code\":\"A\\/71\\/E-006\",\"sal_breakup_id\":\"49\",\"paid_days\":2527,\"month_days\":\"31\",\"breakup_label\":\"PL\",\"monthly_gained_amts\":\"3\",\"created_by\":\"1\",\"created_on\":\"2024-01-24 06:26:49\"}', 1, '2024-01-24 06:26:49'),
(246, 'Add', 'monthly_sal_data', 99, '\"\"', '{\"sal_month\":\"January 2024\",\"emp_code\":\"A\\/71\\/E-006\",\"sal_breakup_id\":\"50\",\"paid_days\":2527,\"month_days\":\"31\",\"breakup_label\":\"LOP\",\"monthly_gained_amts\":\"3\",\"created_by\":\"1\",\"created_on\":\"2024-01-24 06:26:49\"}', 1, '2024-01-24 06:26:49'),
(247, 'Add', 'monthly_sal_data', 100, '\"\"', '{\"sal_month\":\"January 2024\",\"emp_code\":\"A\\/71\\/E-006\",\"sal_breakup_id\":\"51\",\"paid_days\":2527,\"month_days\":\"31\",\"breakup_label\":\"Holidays\",\"monthly_gained_amts\":\"1\",\"created_by\":\"1\",\"created_on\":\"2024-01-24 06:26:49\"}', 1, '2024-01-24 06:26:49'),
(248, 'Add', 'monthly_sal_data', 101, '\"\"', '{\"sal_month\":\"January 2024\",\"emp_code\":\"A\\/71\\/E-006\",\"sal_breakup_id\":\"54\",\"paid_days\":2527,\"month_days\":\"31\",\"breakup_label\":\"Other Reimbursement\",\"monthly_gained_amts\":0,\"created_by\":\"1\",\"created_on\":\"2024-01-24 06:26:49\"}', 1, '2024-01-24 06:26:49'),
(249, 'Add', 'monthly_sal_data', 102, '\"\"', '{\"sal_month\":\"January 2024\",\"emp_code\":\"A\\/71\\/E-006\",\"sal_breakup_id\":\"55\",\"paid_days\":2527,\"month_days\":\"31\",\"breakup_label\":\"Other Allowence\",\"monthly_gained_amts\":0,\"created_by\":\"1\",\"created_on\":\"2024-01-24 06:26:49\"}', 1, '2024-01-24 06:26:49'),
(250, 'Add', 'monthly_sal_data', 103, '\"\"', '{\"sal_month\":\"January 2024\",\"emp_code\":\"A\\/71\\/E-006\",\"sal_breakup_id\":\"56\",\"paid_days\":2527,\"month_days\":\"31\",\"breakup_label\":\"Incentives\",\"monthly_gained_amts\":0,\"created_by\":\"1\",\"created_on\":\"2024-01-24 06:26:49\"}', 1, '2024-01-24 06:26:49'),
(251, 'Add', 'monthly_sal_data', 104, '\"\"', '{\"sal_month\":\"January 2024\",\"emp_code\":\"A\\/71\\/E-006\",\"sal_breakup_id\":\"59\",\"paid_days\":2527,\"month_days\":\"31\",\"breakup_label\":\"Security Deposit\",\"monthly_gained_amts\":0,\"created_by\":\"1\",\"created_on\":\"2024-01-24 06:26:49\"}', 1, '2024-01-24 06:26:49'),
(252, 'Add', 'monthly_sal_data', 105, '\"\"', '{\"sal_month\":\"January 2024\",\"emp_code\":\"A\\/71\\/E-006\",\"sal_breakup_id\":\"60\",\"paid_days\":2527,\"month_days\":\"31\",\"breakup_label\":\"TDS\",\"monthly_gained_amts\":0,\"created_by\":\"1\",\"created_on\":\"2024-01-24 06:26:49\"}', 1, '2024-01-24 06:26:49'),
(253, 'Add', 'monthly_sal_data', 106, '\"\"', '{\"sal_month\":\"January 2024\",\"emp_code\":\"A\\/71\\/E-007\",\"sal_breakup_id\":\"1\",\"paid_days\":277,\"month_days\":\"31\",\"breakup_label\":\"Basic\",\"monthly_gained_amts\":96056,\"created_by\":\"1\",\"created_on\":\"2024-01-24 06:26:49\"}', 1, '2024-01-24 06:26:49'),
(254, 'Add', 'monthly_sal_data', 107, '\"\"', '{\"sal_month\":\"January 2024\",\"emp_code\":\"A\\/71\\/E-007\",\"sal_breakup_id\":\"2\",\"paid_days\":277,\"month_days\":\"31\",\"breakup_label\":\"DA\",\"monthly_gained_amts\":19211,\"created_by\":\"1\",\"created_on\":\"2024-01-24 06:26:49\"}', 1, '2024-01-24 06:26:49'),
(255, 'Add', 'monthly_sal_data', 108, '\"\"', '{\"sal_month\":\"January 2024\",\"emp_code\":\"A\\/71\\/E-007\",\"sal_breakup_id\":\"3\",\"paid_days\":277,\"month_days\":\"31\",\"breakup_label\":\"HRA\",\"monthly_gained_amts\":57634,\"created_by\":\"1\",\"created_on\":\"2024-01-24 06:26:49\"}', 1, '2024-01-24 06:26:49'),
(256, 'Add', 'monthly_sal_data', 109, '\"\"', '{\"sal_month\":\"January 2024\",\"emp_code\":\"A\\/71\\/E-007\",\"sal_breakup_id\":\"4\",\"paid_days\":277,\"month_days\":\"31\",\"breakup_label\":\"Conveyance\",\"monthly_gained_amts\":9606,\"created_by\":\"1\",\"created_on\":\"2024-01-24 06:26:49\"}', 1, '2024-01-24 06:26:49'),
(257, 'Add', 'monthly_sal_data', 110, '\"\"', '{\"sal_month\":\"January 2024\",\"emp_code\":\"A\\/71\\/E-007\",\"sal_breakup_id\":\"5\",\"paid_days\":277,\"month_days\":\"31\",\"breakup_label\":\"Medical Allowance\",\"monthly_gained_amts\":9606,\"created_by\":\"1\",\"created_on\":\"2024-01-24 06:26:49\"}', 1, '2024-01-24 06:26:49'),
(258, 'Add', 'monthly_sal_data', 111, '\"\"', '{\"sal_month\":\"January 2024\",\"emp_code\":\"A\\/71\\/E-007\",\"sal_breakup_id\":\"7\",\"paid_days\":277,\"month_days\":\"31\",\"breakup_label\":\"Employer PF\",\"monthly_gained_amts\":1950,\"created_by\":\"1\",\"created_on\":\"2024-01-24 06:26:49\"}', 1, '2024-01-24 06:26:49'),
(259, 'Add', 'monthly_sal_data', 112, '\"\"', '{\"sal_month\":\"January 2024\",\"emp_code\":\"A\\/71\\/E-007\",\"sal_breakup_id\":\"8\",\"paid_days\":277,\"month_days\":\"31\",\"breakup_label\":\"Employer ESIC\",\"monthly_gained_amts\":5931,\"created_by\":\"1\",\"created_on\":\"2024-01-24 06:26:49\"}', 1, '2024-01-24 06:26:49'),
(260, 'Add', 'monthly_sal_data', 113, '\"\"', '{\"sal_month\":\"January 2024\",\"emp_code\":\"A\\/71\\/E-007\",\"sal_breakup_id\":\"9\",\"paid_days\":277,\"month_days\":\"31\",\"breakup_label\":\"Employee PF\",\"monthly_gained_amts\":1800,\"created_by\":\"1\",\"created_on\":\"2024-01-24 06:26:49\"}', 1, '2024-01-24 06:26:49'),
(261, 'Add', 'monthly_sal_data', 114, '\"\"', '{\"sal_month\":\"January 2024\",\"emp_code\":\"A\\/71\\/E-007\",\"sal_breakup_id\":\"10\",\"paid_days\":277,\"month_days\":\"31\",\"breakup_label\":\"Employee ESIC\",\"monthly_gained_amts\":1369,\"created_by\":\"1\",\"created_on\":\"2024-01-24 06:26:49\"}', 1, '2024-01-24 06:26:49'),
(262, 'Add', 'monthly_sal_data', 115, '\"\"', '{\"sal_month\":\"January 2024\",\"emp_code\":\"A\\/71\\/E-007\",\"sal_breakup_id\":\"11\",\"paid_days\":277,\"month_days\":\"31\",\"breakup_label\":\"Professional Tax\",\"monthly_gained_amts\":200,\"created_by\":\"1\",\"created_on\":\"2024-01-24 06:26:49\"}', 1, '2024-01-24 06:26:49'),
(263, 'Add', 'monthly_sal_data', 116, '\"\"', '{\"sal_month\":\"January 2024\",\"emp_code\":\"A\\/71\\/E-007\",\"sal_breakup_id\":\"12\",\"paid_days\":277,\"month_days\":\"31\",\"breakup_label\":\"Bonus\",\"monthly_gained_amts\":1791,\"created_by\":\"1\",\"created_on\":\"2024-01-24 06:26:49\"}', 1, '2024-01-24 06:26:49'),
(264, 'Add', 'monthly_sal_data', 117, '\"\"', '{\"sal_month\":\"January 2024\",\"emp_code\":\"A\\/71\\/E-007\",\"sal_breakup_id\":\"14\",\"paid_days\":277,\"month_days\":\"31\",\"breakup_label\":\"Employee Code\",\"monthly_gained_amts\":\"A\\/71\\/E-007\",\"created_by\":\"1\",\"created_on\":\"2024-01-24 06:26:49\"}', 1, '2024-01-24 06:26:49'),
(265, 'Add', 'monthly_sal_data', 118, '\"\"', '{\"sal_month\":\"January 2024\",\"emp_code\":\"A\\/71\\/E-007\",\"sal_breakup_id\":\"15\",\"paid_days\":277,\"month_days\":\"31\",\"breakup_label\":\"Employee Name\",\"monthly_gained_amts\":\"yogesh  yadav\",\"created_by\":\"1\",\"created_on\":\"2024-01-24 06:26:49\"}', 1, '2024-01-24 06:26:49'),
(266, 'Add', 'monthly_sal_data', 119, '\"\"', '{\"sal_month\":\"January 2024\",\"emp_code\":\"A\\/71\\/E-007\",\"sal_breakup_id\":\"16\",\"paid_days\":277,\"month_days\":\"31\",\"breakup_label\":\"Days Worked\",\"monthly_gained_amts\":\"21\",\"created_by\":\"1\",\"created_on\":\"2024-01-24 06:26:49\"}', 1, '2024-01-24 06:26:49'),
(267, 'Add', 'monthly_sal_data', 120, '\"\"', '{\"sal_month\":\"January 2024\",\"emp_code\":\"A\\/71\\/E-007\",\"sal_breakup_id\":\"17\",\"paid_days\":277,\"month_days\":\"31\",\"breakup_label\":\"Week Off\",\"monthly_gained_amts\":\"6\",\"created_by\":\"1\",\"created_on\":\"2024-01-24 06:26:49\"}', 1, '2024-01-24 06:26:49'),
(268, 'Add', 'monthly_sal_data', 121, '\"\"', '{\"sal_month\":\"January 2024\",\"emp_code\":\"A\\/71\\/E-007\",\"sal_breakup_id\":\"21\",\"paid_days\":277,\"month_days\":\"31\",\"breakup_label\":\"Arrears\",\"monthly_gained_amts\":1200,\"created_by\":\"1\",\"created_on\":\"2024-01-24 06:26:49\"}', 1, '2024-01-24 06:26:49'),
(269, 'Add', 'monthly_sal_data', 122, '\"\"', '{\"sal_month\":\"January 2024\",\"emp_code\":\"A\\/71\\/E-007\",\"sal_breakup_id\":\"22\",\"paid_days\":277,\"month_days\":\"31\",\"breakup_label\":\"Bonus Ex-Gratia\",\"monthly_gained_amts\":2000,\"created_by\":\"1\",\"created_on\":\"2024-01-24 06:26:49\"}', 1, '2024-01-24 06:26:49'),
(270, 'Add', 'monthly_sal_data', 123, '\"\"', '{\"sal_month\":\"January 2024\",\"emp_code\":\"A\\/71\\/E-007\",\"sal_breakup_id\":\"23\",\"paid_days\":277,\"month_days\":\"31\",\"breakup_label\":\"Increment\",\"monthly_gained_amts\":250,\"created_by\":\"1\",\"created_on\":\"2024-01-24 06:26:49\"}', 1, '2024-01-24 06:26:49'),
(271, 'Add', 'monthly_sal_data', 124, '\"\"', '{\"sal_month\":\"January 2024\",\"emp_code\":\"A\\/71\\/E-007\",\"sal_breakup_id\":\"24\",\"paid_days\":277,\"month_days\":\"31\",\"breakup_label\":\"Parking Charges\",\"monthly_gained_amts\":350,\"created_by\":\"1\",\"created_on\":\"2024-01-24 06:26:49\"}', 1, '2024-01-24 06:26:49'),
(272, 'Add', 'monthly_sal_data', 125, '\"\"', '{\"sal_month\":\"January 2024\",\"emp_code\":\"A\\/71\\/E-007\",\"sal_breakup_id\":\"25\",\"paid_days\":277,\"month_days\":\"31\",\"breakup_label\":\"Advance\",\"monthly_gained_amts\":100,\"created_by\":\"1\",\"created_on\":\"2024-01-24 06:26:49\"}', 1, '2024-01-24 06:26:49'),
(273, 'Add', 'monthly_sal_data', 126, '\"\"', '{\"sal_month\":\"January 2024\",\"emp_code\":\"A\\/71\\/E-007\",\"sal_breakup_id\":\"65\",\"paid_days\":277,\"month_days\":\"31\",\"breakup_label\":\"CL\",\"monthly_gained_amts\":\"2\",\"created_by\":\"1\",\"created_on\":\"2024-01-24 06:26:49\"}', 1, '2024-01-24 06:26:49'),
(274, 'Add', 'monthly_sal_data', 127, '\"\"', '{\"sal_month\":\"January 2024\",\"emp_code\":\"A\\/71\\/E-007\",\"sal_breakup_id\":\"66\",\"paid_days\":277,\"month_days\":\"31\",\"breakup_label\":\"PL\",\"monthly_gained_amts\":\"0\",\"created_by\":\"1\",\"created_on\":\"2024-01-24 06:26:49\"}', 1, '2024-01-24 06:26:49'),
(275, 'Add', 'monthly_sal_data', 128, '\"\"', '{\"sal_month\":\"January 2024\",\"emp_code\":\"A\\/71\\/E-007\",\"sal_breakup_id\":\"67\",\"paid_days\":277,\"month_days\":\"31\",\"breakup_label\":\"LOP\",\"monthly_gained_amts\":\"4\",\"created_by\":\"1\",\"created_on\":\"2024-01-24 06:26:49\"}', 1, '2024-01-24 06:26:49'),
(276, 'Add', 'monthly_sal_data', 129, '\"\"', '{\"sal_month\":\"January 2024\",\"emp_code\":\"A\\/71\\/E-007\",\"sal_breakup_id\":\"68\",\"paid_days\":277,\"month_days\":\"31\",\"breakup_label\":\"Holidays\",\"monthly_gained_amts\":\"1\",\"created_by\":\"1\",\"created_on\":\"2024-01-24 06:26:49\"}', 1, '2024-01-24 06:26:49'),
(277, 'Add', 'monthly_sal_data', 130, '\"\"', '{\"sal_month\":\"January 2024\",\"emp_code\":\"A\\/71\\/E-007\",\"sal_breakup_id\":\"71\",\"paid_days\":277,\"month_days\":\"31\",\"breakup_label\":\"Other Reimbursement\",\"monthly_gained_amts\":0,\"created_by\":\"1\",\"created_on\":\"2024-01-24 06:26:49\"}', 1, '2024-01-24 06:26:49'),
(278, 'Add', 'monthly_sal_data', 131, '\"\"', '{\"sal_month\":\"January 2024\",\"emp_code\":\"A\\/71\\/E-007\",\"sal_breakup_id\":\"72\",\"paid_days\":277,\"month_days\":\"31\",\"breakup_label\":\"Other Allowence\",\"monthly_gained_amts\":0,\"created_by\":\"1\",\"created_on\":\"2024-01-24 06:26:49\"}', 1, '2024-01-24 06:26:49'),
(279, 'Add', 'monthly_sal_data', 132, '\"\"', '{\"sal_month\":\"January 2024\",\"emp_code\":\"A\\/71\\/E-007\",\"sal_breakup_id\":\"73\",\"paid_days\":277,\"month_days\":\"31\",\"breakup_label\":\"Incentives\",\"monthly_gained_amts\":0,\"created_by\":\"1\",\"created_on\":\"2024-01-24 06:26:49\"}', 1, '2024-01-24 06:26:49'),
(280, 'Add', 'monthly_sal_data', 133, '\"\"', '{\"sal_month\":\"January 2024\",\"emp_code\":\"A\\/71\\/E-007\",\"sal_breakup_id\":\"76\",\"paid_days\":277,\"month_days\":\"31\",\"breakup_label\":\"Security Deposit\",\"monthly_gained_amts\":0,\"created_by\":\"1\",\"created_on\":\"2024-01-24 06:26:49\"}', 1, '2024-01-24 06:26:49'),
(281, 'Add', 'monthly_sal_data', 134, '\"\"', '{\"sal_month\":\"January 2024\",\"emp_code\":\"A\\/71\\/E-007\",\"sal_breakup_id\":\"77\",\"paid_days\":277,\"month_days\":\"31\",\"breakup_label\":\"TDS\",\"monthly_gained_amts\":0,\"created_by\":\"1\",\"created_on\":\"2024-01-24 06:26:49\"}', 1, '2024-01-24 06:26:49'),
(282, 'Update', 'employee', 7, '\"\"', '{\"emp_name\":\"yogesh yadav\",\"prefix\":\"\",\"First_name\":\"yogesh\",\"Middle_name\":\"\",\"last_name\":\"yadav\",\"username\":\"yogesh\",\"password\":\"yogesh\",\"user_type\":\"U\",\"gender\":\"F\",\"is_active\":\"1\",\"ticket_no\":\"\",\"father_name_or_husband_name\":\"\",\"dob\":\"2023-10-01\",\"doj\":\"2023-10-01\",\"date_of_probation\":null,\"confirmation_date\":null,\"date_of_leaving\":null,\"doj_pf\":null,\"esi_no\":\"403\",\"pan_no\":\"ABCDEF1234F\",\"pf_no\":\"\",\"uan\":\"\",\"doj_eps\":null,\"dept_id\":\"1\",\"dept_head\":\"\",\"grade\":\"A\",\"designation\":\"Developer\",\"payment_mode\":\"T\",\"rule_id\":\"4\",\"flat_1\":\"\",\"premise_1\":\"\",\"road_1\":\"\",\"area_1\":\"\",\"town_1\":\"\",\"state_1\":\"\",\"country_1\":\"\",\"pincode_1\":\"0\",\"flat_2\":\"\",\"premise_2\":\"\",\"road_2\":\"\",\"area_2\":\"\",\"town_2\":\"\",\"state_2\":\"\",\"country_2\":\"\",\"pincode_2\":\"0\",\"tel1\":\"8574963210\",\"tel2\":\"\",\"mob\":\"8574963210\",\"marital_status\":\"Unmarried\",\"no_of_child\":\"0\",\"marriage_date\":null,\"birth_place\":\"\",\"religion\":\"\",\"lic_no\":\"\",\"educational_qualification\":\"BCA\",\"physically_handicapped\":\"No\",\"vehicle_details\":\"\",\"professional_membership\":\"\",\"blood_group\":\"\",\"esic_dispensary\":\"\",\"work_exp\":\"\",\"email\":\"yogesh.yadav@salasarauction.com\",\"updated_by\":\"1\",\"updated_on\":\"2024-01-24 06:45:23\",\"branch\":\"2\"}', 1, '2024-01-24 06:45:23'),
(283, 'Update', 'employee', 5, '\"\"', '{\"emp_name\":\"Priyanka Kulkarni\",\"prefix\":\"\",\"First_name\":\"Priyanka\",\"Middle_name\":\"\",\"last_name\":\"Kulkarni\",\"username\":\"priyanka\",\"password\":\"priyanka \",\"user_type\":\"U\",\"gender\":\"F\",\"is_active\":\"1\",\"ticket_no\":\"\",\"father_name_or_husband_name\":\"\",\"dob\":\"1993-09-16\",\"doj\":\"2023-10-01\",\"date_of_probation\":null,\"confirmation_date\":null,\"date_of_leaving\":null,\"doj_pf\":null,\"esi_no\":\"\",\"pan_no\":\"ABCDE1234F\",\"pf_no\":\"1122\",\"uan\":\"\",\"doj_eps\":null,\"dept_id\":\"3\",\"dept_head\":\"\",\"grade\":\"A\",\"designation\":\"business head\",\"payment_mode\":\"T\",\"rule_id\":\"2\",\"flat_1\":\"\",\"premise_1\":\"\",\"road_1\":\"\",\"area_1\":\"\",\"town_1\":\"\",\"state_1\":\"\",\"country_1\":\"\",\"pincode_1\":\"0\",\"flat_2\":\"\",\"premise_2\":\"\",\"road_2\":\"\",\"area_2\":\"\",\"town_2\":\"\",\"state_2\":\"\",\"country_2\":\"\",\"pincode_2\":\"0\",\"tel1\":\"9874521630\",\"tel2\":\"\",\"mob\":\"8574963210\",\"marital_status\":\"Unmarried\",\"no_of_child\":\"0\",\"marriage_date\":null,\"birth_place\":\"\",\"religion\":\"\",\"lic_no\":\"\",\"educational_qualification\":\"graduate \",\"physically_handicapped\":\"No\",\"vehicle_details\":\"\",\"professional_membership\":\"\",\"blood_group\":\"\",\"esic_dispensary\":\"\",\"work_exp\":\"\",\"email\":\"priyanka.kulkarni@salasarauction.com\",\"updated_by\":\"1\",\"updated_on\":\"2024-01-24 11:51:01\",\"branch\":\"1\"}', 1, '2024-01-24 11:51:01'),
(284, 'Update', 'employee', 5, '\"\"', '{\"emp_name\":\"Priyanka Kulkarni\",\"prefix\":\"\",\"First_name\":\"Priyanka\",\"Middle_name\":\"\",\"last_name\":\"Kulkarni\",\"username\":\"priyanka\",\"password\":\"priyanka \",\"user_type\":\"U\",\"gender\":\"F\",\"is_active\":\"1\",\"ticket_no\":\"\",\"father_name_or_husband_name\":\"demo\",\"dob\":\"1993-09-16\",\"doj\":\"2023-10-01\",\"date_of_probation\":null,\"confirmation_date\":null,\"date_of_leaving\":null,\"doj_pf\":null,\"esi_no\":\"\",\"pan_no\":\"ABCDE1234F\",\"pf_no\":\"1122\",\"uan\":\"\",\"doj_eps\":null,\"dept_id\":\"3\",\"dept_head\":\"\",\"grade\":\"A\",\"designation\":\"business head\",\"payment_mode\":\"T\",\"rule_id\":\"2\",\"flat_1\":\"\",\"premise_1\":\"\",\"road_1\":\"\",\"area_1\":\"\",\"town_1\":\"\",\"state_1\":\"\",\"country_1\":\"\",\"pincode_1\":\"0\",\"flat_2\":\"\",\"premise_2\":\"\",\"road_2\":\"\",\"area_2\":\"\",\"town_2\":\"\",\"state_2\":\"\",\"country_2\":\"\",\"pincode_2\":\"0\",\"tel1\":\"9874521630\",\"tel2\":\"\",\"mob\":\"8574963210\",\"marital_status\":\"Unmarried\",\"no_of_child\":\"0\",\"marriage_date\":null,\"birth_place\":\"\",\"religion\":\"Hindu\",\"lic_no\":\"\",\"educational_qualification\":\"graduate \",\"physically_handicapped\":\"No\",\"vehicle_details\":\"\",\"professional_membership\":\"\",\"blood_group\":\"A-\",\"esic_dispensary\":\"\",\"work_exp\":\"\",\"email\":\"priyanka.kulkarni@salasarauction.com\",\"updated_by\":\"1\",\"updated_on\":\"2024-01-24 11:51:07\",\"branch\":\"1\"}', 1, '2024-01-24 11:51:07'),
(285, 'Update', 'employee', 5, '\"\"', '{\"emp_name\":\"Priyanka Kulkarni\",\"prefix\":\"\",\"First_name\":\"Priyanka\",\"Middle_name\":\"\",\"last_name\":\"Kulkarni\",\"username\":\"priyanka\",\"password\":\"priyanka \",\"user_type\":\"U\",\"gender\":\"F\",\"is_active\":\"1\",\"ticket_no\":\"\",\"father_name_or_husband_name\":\"demo\",\"dob\":\"1993-09-16\",\"doj\":\"2023-10-01\",\"date_of_probation\":null,\"confirmation_date\":null,\"date_of_leaving\":null,\"doj_pf\":null,\"esi_no\":\"\",\"pan_no\":\"ABCDE1234F\",\"pf_no\":\"1122\",\"uan\":\"\",\"doj_eps\":null,\"dept_id\":\"3\",\"dept_head\":\"\",\"grade\":\"A\",\"designation\":\"business head\",\"payment_mode\":\"T\",\"rule_id\":\"2\",\"flat_1\":\"\",\"premise_1\":\"\",\"road_1\":\"\",\"area_1\":\"\",\"town_1\":\"\",\"state_1\":\"\",\"country_1\":\"\",\"pincode_1\":\"0\",\"flat_2\":\"\",\"premise_2\":\"\",\"road_2\":\"\",\"area_2\":\"\",\"town_2\":\"\",\"state_2\":\"\",\"country_2\":\"\",\"pincode_2\":\"0\",\"tel1\":\"9874521630\",\"tel2\":\"\",\"mob\":\"8574963210\",\"marital_status\":\"Unmarried\",\"no_of_child\":\"0\",\"marriage_date\":null,\"birth_place\":\"\",\"religion\":\"Hindu\",\"lic_no\":\"\",\"educational_qualification\":\"graduate \",\"physically_handicapped\":\"No\",\"vehicle_details\":\"\",\"professional_membership\":\"\",\"blood_group\":\"A-\",\"esic_dispensary\":\"\",\"work_exp\":\"\",\"email\":\"priyanka.kulkarni@salasarauction.com\",\"updated_by\":\"1\",\"updated_on\":\"2024-01-24 11:51:09\",\"branch\":\"1\"}', 1, '2024-01-24 11:51:09'),
(286, 'Update', 'employee', 5, '\"\"', '{\"emp_name\":\"Priyanka Kulkarni\",\"prefix\":\"\",\"First_name\":\"Priyanka\",\"Middle_name\":\"\",\"last_name\":\"Kulkarni\",\"username\":\"priyanka\",\"password\":\"priyanka \",\"user_type\":\"U\",\"gender\":\"F\",\"is_active\":\"1\",\"ticket_no\":\"\",\"father_name_or_husband_name\":\"demo\",\"dob\":\"1993-09-16\",\"doj\":\"2023-10-01\",\"date_of_probation\":null,\"confirmation_date\":null,\"date_of_leaving\":null,\"doj_pf\":null,\"esi_no\":\"\",\"pan_no\":\"ABCDE1234F\",\"pf_no\":\"1122\",\"uan\":\"\",\"doj_eps\":null,\"dept_id\":\"4\",\"dept_head\":\"No\",\"grade\":\"A\",\"designation\":\"business head\",\"payment_mode\":\"T\",\"rule_id\":\"2\",\"flat_1\":\"\",\"premise_1\":\"\",\"road_1\":\"\",\"area_1\":\"\",\"town_1\":\"\",\"state_1\":\"\",\"country_1\":\"\",\"pincode_1\":\"0\",\"flat_2\":\"\",\"premise_2\":\"\",\"road_2\":\"\",\"area_2\":\"\",\"town_2\":\"\",\"state_2\":\"\",\"country_2\":\"\",\"pincode_2\":\"0\",\"tel1\":\"9874521630\",\"tel2\":\"\",\"mob\":\"8574963210\",\"marital_status\":\"Unmarried\",\"no_of_child\":\"0\",\"marriage_date\":null,\"birth_place\":\"\",\"religion\":\"Hindu\",\"lic_no\":\"\",\"educational_qualification\":\"graduate \",\"physically_handicapped\":\"No\",\"vehicle_details\":\"\",\"professional_membership\":\"\",\"blood_group\":\"A-\",\"esic_dispensary\":\"\",\"work_exp\":\"2\",\"email\":\"priyanka.kulkarni@salasarauction.com\",\"updated_by\":\"1\",\"updated_on\":\"2024-01-24 11:51:15\",\"branch\":\"1\"}', 1, '2024-01-24 11:51:15');
INSERT INTO `system_log` (`log_id`, `operation`, `table_name`, `reference_id`, `from_data`, `to_data`, `updated_by`, `updated_on`) VALUES
(287, 'Update', 'employee', 5, '\"\"', '{\"emp_name\":\"Priyanka Kulkarni\",\"prefix\":\"\",\"First_name\":\"Priyanka\",\"Middle_name\":\"\",\"last_name\":\"Kulkarni\",\"username\":\"priyanka\",\"password\":\"priyanka \",\"user_type\":\"U\",\"gender\":\"F\",\"is_active\":\"1\",\"ticket_no\":\"\",\"father_name_or_husband_name\":\"demo\",\"dob\":\"1993-09-16\",\"doj\":\"2023-10-01\",\"date_of_probation\":null,\"confirmation_date\":null,\"date_of_leaving\":null,\"doj_pf\":null,\"esi_no\":\"\",\"pan_no\":\"ABCDE1234F\",\"pf_no\":\"1122\",\"uan\":\"\",\"doj_eps\":null,\"dept_id\":\"4\",\"dept_head\":\"No\",\"grade\":\"A\",\"designation\":\"business head\",\"payment_mode\":\"T\",\"rule_id\":\"2\",\"flat_1\":\"aaaa\",\"premise_1\":\"aaaa\",\"road_1\":\"aaaa\",\"area_1\":\"aaaa\",\"town_1\":\"aaaa\",\"state_1\":\"aaaa\",\"country_1\":\"aaaa\",\"pincode_1\":\"124578\",\"flat_2\":\"\",\"premise_2\":\"\",\"road_2\":\"\",\"area_2\":\"\",\"town_2\":\"\",\"state_2\":\"\",\"country_2\":\"\",\"pincode_2\":\"0\",\"tel1\":\"9874521630\",\"tel2\":\"\",\"mob\":\"8574963210\",\"marital_status\":\"Unmarried\",\"no_of_child\":\"0\",\"marriage_date\":null,\"birth_place\":\"\",\"religion\":\"Hindu\",\"lic_no\":\"\",\"educational_qualification\":\"graduate \",\"physically_handicapped\":\"No\",\"vehicle_details\":\"\",\"professional_membership\":\"\",\"blood_group\":\"A-\",\"esic_dispensary\":\"\",\"work_exp\":\"2\",\"email\":\"priyanka.kulkarni@salasarauction.com\",\"updated_by\":\"1\",\"updated_on\":\"2024-01-24 11:51:29\",\"branch\":\"1\"}', 1, '2024-01-24 11:51:29'),
(288, 'Update', 'employee', 5, '\"\"', '{\"emp_name\":\"Priyanka Kulkarni\",\"prefix\":\"\",\"First_name\":\"Priyanka\",\"Middle_name\":\"\",\"last_name\":\"Kulkarni\",\"username\":\"priyanka\",\"password\":\"priyanka \",\"user_type\":\"U\",\"gender\":\"F\",\"is_active\":\"1\",\"ticket_no\":\"\",\"father_name_or_husband_name\":\"demo\",\"dob\":\"1993-09-16\",\"doj\":\"2023-10-01\",\"date_of_probation\":null,\"confirmation_date\":null,\"date_of_leaving\":null,\"doj_pf\":null,\"esi_no\":\"\",\"pan_no\":\"ABCDE1234F\",\"pf_no\":\"1122\",\"uan\":\"\",\"doj_eps\":null,\"dept_id\":\"4\",\"dept_head\":\"No\",\"grade\":\"A\",\"designation\":\"business head\",\"payment_mode\":\"T\",\"rule_id\":\"2\",\"flat_1\":\"aaaa\",\"premise_1\":\"aaaa\",\"road_1\":\"aaaa\",\"area_1\":\"aaaa\",\"town_1\":\"aaaa\",\"state_1\":\"aaaa\",\"country_1\":\"aaaa\",\"pincode_1\":\"124578\",\"flat_2\":\"\",\"premise_2\":\"\",\"road_2\":\"\",\"area_2\":\"\",\"town_2\":\"\",\"state_2\":\"\",\"country_2\":\"\",\"pincode_2\":\"0\",\"tel1\":\"9874521630\",\"tel2\":\"\",\"mob\":\"8574963210\",\"marital_status\":\"Unmarried\",\"no_of_child\":\"0\",\"marriage_date\":null,\"birth_place\":\"\",\"religion\":\"Hindu\",\"lic_no\":\"\",\"educational_qualification\":\"graduate \",\"physically_handicapped\":\"No\",\"vehicle_details\":\"\",\"professional_membership\":\"\",\"blood_group\":\"A-\",\"esic_dispensary\":\"\",\"work_exp\":\"2\",\"email\":\"priyanka.kulkarni@salasarauction.com\",\"updated_by\":\"1\",\"updated_on\":\"2024-01-24 12:27:20\",\"branch\":\"1\"}', 1, '2024-01-24 12:27:20'),
(289, 'Update', 'employee', 5, '\"\"', '{\"emp_name\":\"Priyanka Kulkarni\",\"prefix\":\"\",\"First_name\":\"Priyanka\",\"Middle_name\":\"\",\"last_name\":\"Kulkarni\",\"username\":\"priyanka\",\"password\":\"priyanka \",\"user_type\":\"U\",\"gender\":\"F\",\"is_active\":\"1\",\"ticket_no\":\"\",\"father_name_or_husband_name\":\"demo\",\"dob\":\"1993-09-16\",\"doj\":\"2023-10-01\",\"date_of_probation\":null,\"confirmation_date\":null,\"date_of_leaving\":null,\"doj_pf\":null,\"esi_no\":\"\",\"pan_no\":\"ABCDE1234F\",\"pf_no\":\"1122\",\"uan\":\"\",\"doj_eps\":null,\"dept_id\":\"4\",\"dept_head\":\"No\",\"grade\":\"A\",\"designation\":\"business head\",\"payment_mode\":\"T\",\"rule_id\":\"2\",\"flat_1\":\"aaaa\",\"premise_1\":\"aaaa\",\"road_1\":\"aaaa\",\"area_1\":\"aaaa\",\"town_1\":\"aaaa\",\"state_1\":\"aaaa\",\"country_1\":\"aaaa\",\"pincode_1\":\"124578\",\"flat_2\":\"\",\"premise_2\":\"\",\"road_2\":\"\",\"area_2\":\"\",\"town_2\":\"\",\"state_2\":\"\",\"country_2\":\"\",\"pincode_2\":\"0\",\"tel1\":\"9874521630\",\"tel2\":\"\",\"mob\":\"8574963210\",\"marital_status\":\"Unmarried\",\"no_of_child\":\"0\",\"marriage_date\":null,\"birth_place\":\"\",\"religion\":\"Hindu\",\"lic_no\":\"\",\"educational_qualification\":\"graduate \",\"physically_handicapped\":\"No\",\"vehicle_details\":\"\",\"professional_membership\":\"\",\"blood_group\":\"A-\",\"esic_dispensary\":\"\",\"work_exp\":\"2\",\"email\":\"priyanka.kulkarni@salasarauction.com\",\"updated_by\":\"1\",\"updated_on\":\"2024-01-24 12:27:21\",\"branch\":\"1\"}', 1, '2024-01-24 12:27:21'),
(290, 'Update', 'employee', 5, '\"\"', '{\"emp_name\":\"Priyanka Kulkarni\",\"prefix\":\"\",\"First_name\":\"Priyanka\",\"Middle_name\":\"\",\"last_name\":\"Kulkarni\",\"username\":\"priyanka\",\"password\":\"priyanka \",\"user_type\":\"U\",\"gender\":\"F\",\"is_active\":\"1\",\"ticket_no\":\"\",\"father_name_or_husband_name\":\"demo\",\"dob\":\"1993-09-16\",\"doj\":\"2023-10-01\",\"date_of_probation\":null,\"confirmation_date\":null,\"date_of_leaving\":null,\"doj_pf\":null,\"esi_no\":\"\",\"pan_no\":\"ABCDE1234F\",\"pf_no\":\"1122\",\"uan\":\"\",\"doj_eps\":null,\"dept_id\":\"4\",\"dept_head\":\"No\",\"grade\":\"A\",\"designation\":\"business head\",\"payment_mode\":\"T\",\"rule_id\":\"2\",\"flat_1\":\"aaaa\",\"premise_1\":\"aaaa\",\"road_1\":\"aaaa\",\"area_1\":\"aaaa\",\"town_1\":\"aaaa\",\"state_1\":\"aaaa\",\"country_1\":\"aaaa\",\"pincode_1\":\"124578\",\"flat_2\":\"\",\"premise_2\":\"\",\"road_2\":\"\",\"area_2\":\"\",\"town_2\":\"\",\"state_2\":\"\",\"country_2\":\"\",\"pincode_2\":\"0\",\"tel1\":\"9874521630\",\"tel2\":\"\",\"mob\":\"8574963210\",\"marital_status\":\"Unmarried\",\"no_of_child\":\"0\",\"marriage_date\":null,\"birth_place\":\"\",\"religion\":\"Hindu\",\"lic_no\":\"\",\"educational_qualification\":\"graduate \",\"physically_handicapped\":\"No\",\"vehicle_details\":\"\",\"professional_membership\":\"\",\"blood_group\":\"A-\",\"esic_dispensary\":\"\",\"work_exp\":\"2\",\"email\":\"priyanka.kulkarni@salasarauction.com\",\"updated_by\":\"1\",\"updated_on\":\"2024-01-24 12:27:23\",\"branch\":\"1\"}', 1, '2024-01-24 12:27:23'),
(291, 'Update', 'employee', 5, '\"\"', '{\"emp_name\":\"Priyanka Kulkarni\",\"prefix\":\"\",\"First_name\":\"Priyanka\",\"Middle_name\":\"\",\"last_name\":\"Kulkarni\",\"username\":\"priyanka\",\"password\":\"priyanka \",\"user_type\":\"U\",\"gender\":\"F\",\"is_active\":\"1\",\"ticket_no\":\"\",\"father_name_or_husband_name\":\"demo\",\"dob\":\"1993-09-16\",\"doj\":\"2023-10-01\",\"date_of_probation\":null,\"confirmation_date\":null,\"date_of_leaving\":null,\"doj_pf\":null,\"esi_no\":\"\",\"pan_no\":\"ABCDE1234F\",\"pf_no\":\"1122\",\"uan\":\"\",\"doj_eps\":null,\"dept_id\":\"4\",\"dept_head\":\"No\",\"grade\":\"A\",\"designation\":\"business head\",\"payment_mode\":\"T\",\"rule_id\":\"3\",\"flat_1\":\"aaaa\",\"premise_1\":\"aaaa\",\"road_1\":\"aaaa\",\"area_1\":\"aaaa\",\"town_1\":\"aaaa\",\"state_1\":\"aaaa\",\"country_1\":\"aaaa\",\"pincode_1\":\"124578\",\"flat_2\":\"\",\"premise_2\":\"\",\"road_2\":\"\",\"area_2\":\"\",\"town_2\":\"\",\"state_2\":\"\",\"country_2\":\"\",\"pincode_2\":\"0\",\"tel1\":\"9874521630\",\"tel2\":\"\",\"mob\":\"8574963210\",\"marital_status\":\"Unmarried\",\"no_of_child\":\"0\",\"marriage_date\":null,\"birth_place\":\"\",\"religion\":\"Hindu\",\"lic_no\":\"\",\"educational_qualification\":\"graduate \",\"physically_handicapped\":\"No\",\"vehicle_details\":\"\",\"professional_membership\":\"\",\"blood_group\":\"A-\",\"esic_dispensary\":\"\",\"work_exp\":\"2\",\"email\":\"priyanka.kulkarni@salasarauction.com\",\"updated_by\":\"1\",\"updated_on\":\"2024-01-24 12:27:26\",\"branch\":\"1\"}', 1, '2024-01-24 12:27:26'),
(292, 'Update', 'employee', 5, '\"\"', '{\"emp_name\":\"Priyanka Kulkarni\",\"prefix\":\"\",\"First_name\":\"Priyanka\",\"Middle_name\":\"\",\"last_name\":\"Kulkarni\",\"username\":\"priyanka\",\"password\":\"priyanka \",\"user_type\":\"U\",\"gender\":\"F\",\"is_active\":\"1\",\"ticket_no\":\"\",\"father_name_or_husband_name\":\"demo\",\"dob\":\"1993-09-16\",\"doj\":\"2023-10-01\",\"date_of_probation\":\"2024-01-24\",\"confirmation_date\":\"2024-01-24\",\"date_of_leaving\":null,\"doj_pf\":null,\"esi_no\":\"\",\"pan_no\":\"ABCDE1234F\",\"pf_no\":\"1122\",\"uan\":\"\",\"doj_eps\":null,\"dept_id\":\"4\",\"dept_head\":\"No\",\"grade\":\"A\",\"designation\":\"business head\",\"payment_mode\":\"T\",\"rule_id\":\"3\",\"flat_1\":\"aaaa\",\"premise_1\":\"aaaa\",\"road_1\":\"aaaa\",\"area_1\":\"aaaa\",\"town_1\":\"aaaa\",\"state_1\":\"aaaa\",\"country_1\":\"aaaa\",\"pincode_1\":\"124578\",\"flat_2\":\"\",\"premise_2\":\"\",\"road_2\":\"\",\"area_2\":\"\",\"town_2\":\"\",\"state_2\":\"\",\"country_2\":\"\",\"pincode_2\":\"0\",\"tel1\":\"9874521630\",\"tel2\":\"\",\"mob\":\"8574963210\",\"marital_status\":\"Unmarried\",\"no_of_child\":\"0\",\"marriage_date\":null,\"birth_place\":\"\",\"religion\":\"Hindu\",\"lic_no\":\"\",\"educational_qualification\":\"graduate \",\"physically_handicapped\":\"No\",\"vehicle_details\":\"\",\"professional_membership\":\"\",\"blood_group\":\"A-\",\"esic_dispensary\":\"\",\"work_exp\":\"2\",\"email\":\"priyanka.kulkarni@salasarauction.com\",\"updated_by\":\"1\",\"updated_on\":\"2024-01-24 12:27:39\",\"branch\":\"1\"}', 1, '2024-01-24 12:27:39'),
(293, 'Update', 'employee', 5, '\"\"', '{\"emp_name\":\"Priyanka Kulkarni\",\"prefix\":\"\",\"First_name\":\"Priyanka\",\"Middle_name\":\"\",\"last_name\":\"Kulkarni\",\"username\":\"priyanka\",\"password\":\"priyanka \",\"user_type\":\"U\",\"gender\":\"F\",\"is_active\":\"1\",\"ticket_no\":\"\",\"father_name_or_husband_name\":\"demo\",\"dob\":\"1993-09-16\",\"doj\":\"2023-10-01\",\"date_of_probation\":\"2024-01-24\",\"confirmation_date\":\"2024-01-24\",\"date_of_leaving\":null,\"doj_pf\":null,\"esi_no\":\"\",\"pan_no\":\"ABCDE1234F\",\"pf_no\":\"1122\",\"uan\":\"\",\"doj_eps\":null,\"dept_id\":\"4\",\"dept_head\":\"No\",\"grade\":\"A\",\"designation\":\"business head\",\"payment_mode\":\"T\",\"rule_id\":\"3\",\"flat_1\":\"aaaa\",\"premise_1\":\"aaaa\",\"road_1\":\"aaaa\",\"area_1\":\"aaaa\",\"town_1\":\"aaaa\",\"state_1\":\"aaaa\",\"country_1\":\"aaaa\",\"pincode_1\":\"124578\",\"flat_2\":\"\",\"premise_2\":\"\",\"road_2\":\"\",\"area_2\":\"\",\"town_2\":\"\",\"state_2\":\"\",\"country_2\":\"\",\"pincode_2\":\"0\",\"tel1\":\"9874521630\",\"tel2\":\"\",\"mob\":\"8574963210\",\"marital_status\":\"Unmarried\",\"no_of_child\":\"0\",\"marriage_date\":null,\"birth_place\":\"\",\"religion\":\"Hindu\",\"lic_no\":\"\",\"educational_qualification\":\"graduate \",\"physically_handicapped\":\"No\",\"vehicle_details\":\"\",\"professional_membership\":\"\",\"blood_group\":\"A-\",\"esic_dispensary\":\"\",\"work_exp\":\"2\",\"email\":\"priyanka.kulkarni@salasarauction.com\",\"updated_by\":\"1\",\"updated_on\":\"2024-01-24 12:27:39\",\"branch\":\"1\"}', 1, '2024-01-24 12:27:39'),
(294, 'Update', 'department', 5, '\"\"', '{\"dept_name\":\"Operation\",\"branch_id\":\"2\",\"is_active\":\"1\",\"updated_by\":\"1\",\"updated_on\":\"2024-01-25 11:38:01\"}', 1, '2024-01-25 11:38:01'),
(295, 'Update', 'employee', 7, '\"\"', '{\"emp_name\":\"yogesh yadav\",\"prefix\":\"\",\"First_name\":\"yogesh\",\"Middle_name\":\"\",\"last_name\":\"yadav\",\"username\":\"yogesh\",\"password\":\"yogesh\",\"user_type\":\"S\",\"gender\":\"F\",\"is_active\":\"1\",\"ticket_no\":\"\",\"father_name_or_husband_name\":\"\",\"dob\":\"2023-10-01\",\"doj\":\"2023-10-01\",\"date_of_probation\":null,\"confirmation_date\":null,\"date_of_leaving\":null,\"doj_pf\":null,\"esi_no\":\"403\",\"pan_no\":\"ABCDEF1234F\",\"pf_no\":\"\",\"uan\":\"\",\"doj_eps\":null,\"dept_id\":\"1\",\"dept_head\":\"\",\"grade\":\"A\",\"designation\":\"Developer\",\"payment_mode\":\"T\",\"rule_id\":\"4\",\"flat_1\":\"\",\"premise_1\":\"\",\"road_1\":\"\",\"area_1\":\"\",\"town_1\":\"\",\"state_1\":\"\",\"country_1\":\"\",\"pincode_1\":\"0\",\"flat_2\":\"\",\"premise_2\":\"\",\"road_2\":\"\",\"area_2\":\"\",\"town_2\":\"\",\"state_2\":\"\",\"country_2\":\"\",\"pincode_2\":\"0\",\"tel1\":\"8574963210\",\"tel2\":\"\",\"mob\":\"8574963210\",\"marital_status\":\"Unmarried\",\"no_of_child\":\"0\",\"marriage_date\":null,\"birth_place\":\"\",\"religion\":\"\",\"lic_no\":\"\",\"educational_qualification\":\"BCA\",\"physically_handicapped\":\"No\",\"vehicle_details\":\"\",\"professional_membership\":\"\",\"blood_group\":\"\",\"esic_dispensary\":\"\",\"work_exp\":\"\",\"email\":\"yogesh.yadav@salasarauction.com\",\"updated_by\":\"1\",\"updated_on\":\"2024-02-02 06:29:08\",\"branch\":\"2\"}', 1, '2024-02-02 06:29:08'),
(296, 'Update', 'employee', 5, '\"\"', '{\"emp_name\":\"Priyanka Kulkarni\",\"prefix\":\"\",\"First_name\":\"Priyanka\",\"Middle_name\":\"\",\"last_name\":\"Kulkarni\",\"username\":\"priyanka\",\"password\":\"priyanka \",\"user_type\":\"S\",\"gender\":\"F\",\"is_active\":\"1\",\"ticket_no\":\"\",\"father_name_or_husband_name\":\"demo\",\"dob\":\"1993-09-16\",\"doj\":\"2023-10-01\",\"date_of_probation\":\"2024-01-24\",\"confirmation_date\":\"2024-01-24\",\"date_of_leaving\":null,\"doj_pf\":null,\"esi_no\":\"\",\"pan_no\":\"ABCDE1234F\",\"pf_no\":\"1122\",\"uan\":\"\",\"doj_eps\":null,\"dept_id\":\"4\",\"dept_head\":\"No\",\"grade\":\"A\",\"designation\":\"business head\",\"payment_mode\":\"T\",\"rule_id\":\"3\",\"flat_1\":\"aaaa\",\"premise_1\":\"aaaa\",\"road_1\":\"aaaa\",\"area_1\":\"aaaa\",\"town_1\":\"aaaa\",\"state_1\":\"aaaa\",\"country_1\":\"aaaa\",\"pincode_1\":\"124578\",\"flat_2\":\"\",\"premise_2\":\"\",\"road_2\":\"\",\"area_2\":\"\",\"town_2\":\"\",\"state_2\":\"\",\"country_2\":\"\",\"pincode_2\":\"0\",\"tel1\":\"9874521630\",\"tel2\":\"\",\"mob\":\"8574963210\",\"marital_status\":\"Unmarried\",\"no_of_child\":\"0\",\"marriage_date\":null,\"birth_place\":\"\",\"religion\":\"Hindu\",\"lic_no\":\"\",\"educational_qualification\":\"graduate \",\"physically_handicapped\":\"No\",\"vehicle_details\":\"\",\"professional_membership\":\"\",\"blood_group\":\"A-\",\"esic_dispensary\":\"\",\"work_exp\":\"2\",\"email\":\"priyanka.kulkarni@salasarauction.com\",\"updated_by\":\"1\",\"updated_on\":\"2024-02-02 06:29:19\",\"branch\":\"1\"}', 1, '2024-02-02 06:29:19'),
(297, 'Update', 'company_branches', 3, '\"\"', '{\"branch_name\":\"Thane\",\"is_active\":\"1\",\"updated_by\":\"1\",\"updated_on\":\"2024-02-02 07:05:10\"}', 1, '2024-02-02 07:05:10'),
(298, 'Add', 'department', 6, '\"\"', '{\"dept_name\":\"BDE\",\"branch_id\":\"3\",\"is_active\":\"1\",\"created_by\":\"1\",\"created_on\":\"2024-02-02 07:05:21\"}', 1, '2024-02-02 07:05:21'),
(299, 'Add', 'department', 7, '\"\"', '{\"dept_name\":\"IT\",\"branch_id\":\"3\",\"is_active\":\"1\",\"created_by\":\"1\",\"created_on\":\"2024-02-02 07:05:27\"}', 1, '2024-02-02 07:05:27'),
(300, 'Add', 'department', 8, '\"\"', '{\"dept_name\":\"Operation\",\"branch_id\":\"3\",\"is_active\":\"1\",\"created_by\":\"1\",\"created_on\":\"2024-02-02 07:05:35\"}', 1, '2024-02-02 07:05:35'),
(301, 'Update', 'company_branches', 4, '\"\"', '{\"branch_name\":\"Airoli\",\"is_active\":\"1\",\"updated_by\":\"1\",\"updated_on\":\"2024-02-02 07:06:29\"}', 1, '2024-02-02 07:06:29'),
(302, 'Add', 'department', 9, '\"\"', '{\"dept_name\":\"BDE\",\"branch_id\":\"4\",\"is_active\":\"1\",\"created_by\":\"1\",\"created_on\":\"2024-02-02 07:07:01\"}', 1, '2024-02-02 07:07:01'),
(303, 'Add', 'department', 10, '\"\"', '{\"dept_name\":\"IT\",\"branch_id\":\"4\",\"is_active\":\"1\",\"created_by\":\"1\",\"created_on\":\"2024-02-02 07:07:08\"}', 1, '2024-02-02 07:07:08'),
(304, 'Add', 'department', 11, '\"\"', '{\"dept_name\":\"Operation\",\"branch_id\":\"4\",\"is_active\":\"1\",\"created_by\":\"1\",\"created_on\":\"2024-02-02 07:07:17\"}', 1, '2024-02-02 07:07:17'),
(305, 'Update', 'company_branches', 5, '\"\"', '{\"branch_name\":\"test\",\"is_active\":\"1\",\"updated_by\":\"1\",\"updated_on\":\"2024-02-02 07:08:32\"}', 1, '2024-02-02 07:08:32'),
(306, 'Add', 'department', 12, '\"\"', '{\"dept_name\":\"BDE\",\"branch_id\":\"5\",\"is_active\":\"1\",\"created_by\":\"1\",\"created_on\":\"2024-02-02 07:08:47\"}', 1, '2024-02-02 07:08:47'),
(307, 'Add', 'department', 13, '\"\"', '{\"dept_name\":\"IT\",\"branch_id\":\"5\",\"is_active\":\"1\",\"created_by\":\"1\",\"created_on\":\"2024-02-02 07:08:53\"}', 1, '2024-02-02 07:08:53'),
(308, 'Add', 'department', 14, '\"\"', '{\"dept_name\":\"Operation\",\"branch_id\":\"5\",\"is_active\":\"1\",\"created_by\":\"1\",\"created_on\":\"2024-02-02 07:09:03\"}', 1, '2024-02-02 07:09:03');

-- --------------------------------------------------------

--
-- Table structure for table `tax`
--

CREATE TABLE `tax` (
  `tax_id` int(11) NOT NULL,
  `tax_name` varchar(250) NOT NULL,
  `tax_details` varchar(250) NOT NULL,
  `tax_percent` varchar(255) NOT NULL,
  `is_active` int(11) NOT NULL DEFAULT '1',
  `created_by` int(11) NOT NULL,
  `created_on` datetime NOT NULL,
  `updated_by` int(11) NOT NULL,
  `updated_on` timestamp NOT NULL DEFAULT CURRENT_TIMESTAMP
) ENGINE=InnoDB DEFAULT CHARSET=utf8mb4;

--
-- Dumping data for table `tax`
--

INSERT INTO `tax` (`tax_id`, `tax_name`, `tax_details`, `tax_percent`, `is_active`, `created_by`, `created_on`, `updated_by`, `updated_on`) VALUES
(1, 'GST', 'Demo', '18', 1, 0, '2023-10-20 09:50:10', 0, '2023-10-20 10:56:08'),
(2, 'TIN', 'Demo', '5', 1, 0, '2023-10-20 10:59:27', 0, '2023-10-20 10:59:27'),
(3, 'asdfghjkl', 'aaaaaaaaaa', '5', 1, 1, '2023-12-22 07:09:32', 1, '2023-12-22 01:39:49');

-- --------------------------------------------------------

--
-- Table structure for table `tds_master`
--

CREATE TABLE `tds_master` (
  `tds_id` int(11) NOT NULL,
  `emp_id` int(11) NOT NULL,
  `fin_yr` int(11) NOT NULL,
  `tds_type` varchar(20) NOT NULL,
  `tds_amt` decimal(10,2) NOT NULL,
  `tds_perc` decimal(10,2) NOT NULL,
  `tds_certi_no` varchar(50) NOT NULL,
  `tds_certi_dt` date NOT NULL,
  `tds_payment_dt` date NOT NULL,
  `tds_chalan_no` varchar(50) NOT NULL,
  `tds_challan_dt` date NOT NULL,
  `remark` text NOT NULL,
  `is_active` int(1) NOT NULL,
  `created_by` int(11) NOT NULL,
  `created_on` datetime NOT NULL,
  `updated_by` int(11) NOT NULL,
  `updated_on` timestamp NOT NULL DEFAULT CURRENT_TIMESTAMP ON UPDATE CURRENT_TIMESTAMP
) ENGINE=InnoDB DEFAULT CHARSET=utf8mb4;

--
-- Dumping data for table `tds_master`
--

INSERT INTO `tds_master` (`tds_id`, `emp_id`, `fin_yr`, `tds_type`, `tds_amt`, `tds_perc`, `tds_certi_no`, `tds_certi_dt`, `tds_payment_dt`, `tds_chalan_no`, `tds_challan_dt`, `remark`, `is_active`, `created_by`, `created_on`, `updated_by`, `updated_on`) VALUES
(1, 1, 2024, 'type3', 2000.00, 5.00, '12345', '2023-10-20', '2023-10-31', '2525', '2023-10-25', 'Demo test', 1, 0, '2023-10-20 11:05:16', 0, '2023-10-20 11:05:16'),
(2, 4, 2024, 'type1', 1000.00, 5.00, '1234', '2023-10-21', '2023-10-21', '5263', '2023-10-21', 'Demo test', 1, 1, '2023-10-21 05:02:03', 0, '2023-10-21 05:02:03');

--
-- Indexes for dumped tables
--

--
-- Indexes for table `attendance_rules`
--
ALTER TABLE `attendance_rules`
  ADD PRIMARY KEY (`atte_rule_id`);

--
-- Indexes for table `company`
--
ALTER TABLE `company`
  ADD PRIMARY KEY (`cmp_id`);

--
-- Indexes for table `company_branches`
--
ALTER TABLE `company_branches`
  ADD PRIMARY KEY (`branch_id`);

--
-- Indexes for table `contact_us`
--
ALTER TABLE `contact_us`
  ADD PRIMARY KEY (`contact_us_id`);

--
-- Indexes for table `department`
--
ALTER TABLE `department`
  ADD PRIMARY KEY (`dept_id`);

--
-- Indexes for table `email_logs`
--
ALTER TABLE `email_logs`
  ADD PRIMARY KEY (`id`);

--
-- Indexes for table `employee_attendence`
--
ALTER TABLE `employee_attendence`
  ADD PRIMARY KEY (`atte_id`);

--
-- Indexes for table `employee_bank_master`
--
ALTER TABLE `employee_bank_master`
  ADD PRIMARY KEY (`id`);

--
-- Indexes for table `employee_code_setting`
--
ALTER TABLE `employee_code_setting`
  ADD PRIMARY KEY (`set_id`);

--
-- Indexes for table `emp_leaves_transaction`
--
ALTER TABLE `emp_leaves_transaction`
  ADD PRIMARY KEY (`id`);

--
-- Indexes for table `emp_leave_calculation_log`
--
ALTER TABLE `emp_leave_calculation_log`
  ADD PRIMARY KEY (`id`);

--
-- Indexes for table `emp_sal_breakup`
--
ALTER TABLE `emp_sal_breakup`
  ADD PRIMARY KEY (`id`);

--
-- Indexes for table `holiday_master`
--
ALTER TABLE `holiday_master`
  ADD PRIMARY KEY (`id`);

--
-- Indexes for table `itr_master`
--
ALTER TABLE `itr_master`
  ADD PRIMARY KEY (`itr_id`);

--
-- Indexes for table `leave_application`
--
ALTER TABLE `leave_application`
  ADD PRIMARY KEY (`id`);

--
-- Indexes for table `leave_application_approval`
--
ALTER TABLE `leave_application_approval`
  ADD PRIMARY KEY (`id`);

--
-- Indexes for table `leave_approval_setting`
--
ALTER TABLE `leave_approval_setting`
  ADD PRIMARY KEY (`id`);

--
-- Indexes for table `leave_type`
--
ALTER TABLE `leave_type`
  ADD PRIMARY KEY (`id`);

--
-- Indexes for table `maintain_daily_leave_count`
--
ALTER TABLE `maintain_daily_leave_count`
  ADD PRIMARY KEY (`id`);

--
-- Indexes for table `monthly_salary_details`
--
ALTER TABLE `monthly_salary_details`
  ADD PRIMARY KEY (`id`);

--
-- Indexes for table `monthly_sal_data`
--
ALTER TABLE `monthly_sal_data`
  ADD PRIMARY KEY (`sal_id`);

--
-- Indexes for table `reports_permissoion`
--
ALTER TABLE `reports_permissoion`
  ADD PRIMARY KEY (`id`);

--
-- Indexes for table `salary_breakup_setting`
--
ALTER TABLE `salary_breakup_setting`
  ADD PRIMARY KEY (`id`);

--
-- Indexes for table `salary_details`
--
ALTER TABLE `salary_details`
  ADD PRIMARY KEY (`details_id`);

--
-- Indexes for table `salary_rules`
--
ALTER TABLE `salary_rules`
  ADD PRIMARY KEY (`rule_id`);

--
-- Indexes for table `settings`
--
ALTER TABLE `settings`
  ADD PRIMARY KEY (`id`);

--
-- Indexes for table `system_log`
--
ALTER TABLE `system_log`
  ADD PRIMARY KEY (`log_id`);

--
-- Indexes for table `tax`
--
ALTER TABLE `tax`
  ADD PRIMARY KEY (`tax_id`);

--
-- Indexes for table `tds_master`
--
ALTER TABLE `tds_master`
  ADD PRIMARY KEY (`tds_id`);

--
-- AUTO_INCREMENT for dumped tables
--

--
-- AUTO_INCREMENT for table `attendance_rules`
--
ALTER TABLE `attendance_rules`
  MODIFY `atte_rule_id` int(11) NOT NULL AUTO_INCREMENT;

--
-- AUTO_INCREMENT for table `company`
--
ALTER TABLE `company`
  MODIFY `cmp_id` int(11) NOT NULL AUTO_INCREMENT;

--
-- AUTO_INCREMENT for table `company_branches`
--
ALTER TABLE `company_branches`
  MODIFY `branch_id` int(11) NOT NULL AUTO_INCREMENT, AUTO_INCREMENT=6;

--
-- AUTO_INCREMENT for table `contact_us`
--
ALTER TABLE `contact_us`
  MODIFY `contact_us_id` int(11) NOT NULL AUTO_INCREMENT;

--
-- AUTO_INCREMENT for table `department`
--
ALTER TABLE `department`
  MODIFY `dept_id` int(11) NOT NULL AUTO_INCREMENT, AUTO_INCREMENT=15;

--
-- AUTO_INCREMENT for table `email_logs`
--
ALTER TABLE `email_logs`
  MODIFY `id` int(11) NOT NULL AUTO_INCREMENT;

--
-- AUTO_INCREMENT for table `employee_attendence`
--
ALTER TABLE `employee_attendence`
  MODIFY `atte_id` int(11) NOT NULL AUTO_INCREMENT, AUTO_INCREMENT=21;

--
-- AUTO_INCREMENT for table `employee_bank_master`
--
ALTER TABLE `employee_bank_master`
  MODIFY `id` int(11) NOT NULL AUTO_INCREMENT, AUTO_INCREMENT=3;

--
-- AUTO_INCREMENT for table `employee_code_setting`
--
ALTER TABLE `employee_code_setting`
  MODIFY `set_id` int(11) NOT NULL AUTO_INCREMENT;

--
-- AUTO_INCREMENT for table `emp_leaves_transaction`
--
ALTER TABLE `emp_leaves_transaction`
  MODIFY `id` int(11) NOT NULL AUTO_INCREMENT;

--
-- AUTO_INCREMENT for table `emp_leave_calculation_log`
--
ALTER TABLE `emp_leave_calculation_log`
  MODIFY `id` int(11) NOT NULL AUTO_INCREMENT;

--
-- AUTO_INCREMENT for table `emp_sal_breakup`
--
ALTER TABLE `emp_sal_breakup`
  MODIFY `id` int(11) NOT NULL AUTO_INCREMENT, AUTO_INCREMENT=19;

--
-- AUTO_INCREMENT for table `holiday_master`
--
ALTER TABLE `holiday_master`
  MODIFY `id` int(11) NOT NULL AUTO_INCREMENT, AUTO_INCREMENT=5;

--
-- AUTO_INCREMENT for table `itr_master`
--
ALTER TABLE `itr_master`
  MODIFY `itr_id` int(11) NOT NULL AUTO_INCREMENT, AUTO_INCREMENT=2;

--
-- AUTO_INCREMENT for table `leave_application`
--
ALTER TABLE `leave_application`
  MODIFY `id` int(11) NOT NULL AUTO_INCREMENT;

--
-- AUTO_INCREMENT for table `leave_application_approval`
--
ALTER TABLE `leave_application_approval`
  MODIFY `id` int(11) NOT NULL AUTO_INCREMENT;

--
-- AUTO_INCREMENT for table `leave_approval_setting`
--
ALTER TABLE `leave_approval_setting`
  MODIFY `id` int(11) NOT NULL AUTO_INCREMENT;

--
-- AUTO_INCREMENT for table `leave_type`
--
ALTER TABLE `leave_type`
  MODIFY `id` int(11) NOT NULL AUTO_INCREMENT, AUTO_INCREMENT=4;

--
-- AUTO_INCREMENT for table `maintain_daily_leave_count`
--
ALTER TABLE `maintain_daily_leave_count`
  MODIFY `id` int(11) NOT NULL AUTO_INCREMENT;

--
-- AUTO_INCREMENT for table `monthly_salary_details`
--
ALTER TABLE `monthly_salary_details`
  MODIFY `id` int(11) NOT NULL AUTO_INCREMENT, AUTO_INCREMENT=78;

--
-- AUTO_INCREMENT for table `monthly_sal_data`
--
ALTER TABLE `monthly_sal_data`
  MODIFY `sal_id` int(11) NOT NULL AUTO_INCREMENT, AUTO_INCREMENT=135;

--
-- AUTO_INCREMENT for table `reports_permissoion`
--
ALTER TABLE `reports_permissoion`
  MODIFY `id` int(11) NOT NULL AUTO_INCREMENT;

--
-- AUTO_INCREMENT for table `salary_breakup_setting`
--
ALTER TABLE `salary_breakup_setting`
  MODIFY `id` int(11) NOT NULL AUTO_INCREMENT, AUTO_INCREMENT=5;

--
-- AUTO_INCREMENT for table `salary_details`
--
ALTER TABLE `salary_details`
  MODIFY `details_id` int(11) NOT NULL AUTO_INCREMENT, AUTO_INCREMENT=54;

--
-- AUTO_INCREMENT for table `salary_rules`
--
ALTER TABLE `salary_rules`
  MODIFY `rule_id` int(11) NOT NULL AUTO_INCREMENT, AUTO_INCREMENT=5;

--
-- AUTO_INCREMENT for table `settings`
--
ALTER TABLE `settings`
  MODIFY `id` int(11) NOT NULL AUTO_INCREMENT, AUTO_INCREMENT=3;

--
-- AUTO_INCREMENT for table `system_log`
--
ALTER TABLE `system_log`
  MODIFY `log_id` int(11) NOT NULL AUTO_INCREMENT, AUTO_INCREMENT=309;

--
-- AUTO_INCREMENT for table `tax`
--
ALTER TABLE `tax`
  MODIFY `tax_id` int(11) NOT NULL AUTO_INCREMENT, AUTO_INCREMENT=4;

--
-- AUTO_INCREMENT for table `tds_master`
--
ALTER TABLE `tds_master`
  MODIFY `tds_id` int(11) NOT NULL AUTO_INCREMENT, AUTO_INCREMENT=3;
COMMIT;

