INSERT INTO `employee_doc_relation` (`id`, `emp_id`, `doc_title`, `doc_path`, `doc_name`, `created_at`, `created_by`) VALUES
(1114, 229, 'Terms & Conditions', 'site_docs/employee_doc/229/Terms & Conditions.', 'Terms & Conditions.', '2025-01-28 08:53:51', 'BANTU JAIN'),
(1115, 229, 'Education Certificate', 'site_docs/employee_doc/229/Education Certificate.', 'Education Certificate.', '2025-01-28 08:53:51', 'BANTU JAIN'),
(1116, 229, 'Other', 'site_docs/employee_doc/229/Other.', 'Other.', '2025-01-28 08:53:51', 'BANTU JAIN'),
(1117, 229, 'Police Verification', 'site_docs/employee_doc/229/Police Verification.png', 'Police Verification.png', '2025-01-28 08:53:51', 'BANTU JAIN'),
(1118, 229, 'Passport ', 'site_docs/employee_doc/229/Passport .png', 'Passport .png', '2025-01-28 08:53:51', 'BANTU JAIN'),
(1119, 230, 'Aadhar Card Front', 'site_docs/employee_doc/230/Aadhar Card Front.pdf', 'Aadhar Card Front.pdf', '2025-01-28 10:33:25', 'BANTU JAIN'),
(1120, 230, 'Aadhar Card Back', 'site_docs/employee_doc/230/Aadhar Card Back.pdf', 'Aadhar Card Back.pdf', '2025-01-28 10:33:25', 'BANTU JAIN'),
(1121, 230, 'Profile Photo ', 'site_docs/employee_doc/230/Profile Photo .pdf', 'Profile Photo .pdf', '2025-01-28 10:33:25', 'BANTU JAIN'),
(1122, 230, 'Signature ', 'site_docs/employee_doc/230/Signature .pdf', 'Signature .pdf', '2025-01-28 10:33:25', 'BANTU JAIN'),
(1123, 230, 'Terms & Conditions', 'site_docs/employee_doc/230/Terms & Conditions.pdf', 'Terms & Conditions.pdf', '2025-01-28 10:33:25', 'BANTU JAIN'),
(1124, 230, 'Education Certificate', 'site_docs/employee_doc/230/Education Certificate.pdf', 'Education Certificate.pdf', '2025-01-28 10:33:25', 'BANTU JAIN'),
(1125, 230, 'Other', 'site_docs/employee_doc/230/Other.pdf', 'Other.pdf', '2025-01-28 10:33:25', 'BANTU JAIN'),
(1126, 230, 'Police Verification', 'site_docs/employee_doc/230/Police Verification.pdf', 'Police Verification.pdf', '2025-01-28 10:33:25', 'BANTU JAIN'),
(1127, 230, 'Passport ', 'site_docs/employee_doc/230/Passport .pdf', 'Passport .pdf', '2025-01-28 10:33:25', 'BANTU JAIN'),
(1128, 230, 'Term', 'site_docs/employee_doc/230/term.pdf', 'Term.pdf', '2025-01-28 10:33:37', 'BANTU JAIN'),
(1129, 231, 'Aadhar Card Front', 'site_docs/employee_doc/231/Aadhar Card Front.', 'Aadhar Card Front.', '2025-01-28 12:18:01', 'BANTU JAIN'),
(1130, 231, 'Aadhar Card Back', 'site_docs/employee_doc/231/Aadhar Card Back.', 'Aadhar Card Back.', '2025-01-28 12:18:01', 'BANTU JAIN'),
(1131, 231, 'Profile Photo ', 'site_docs/employee_doc/231/Profile Photo .', 'Profile Photo .', '2025-01-28 12:18:01', 'BANTU JAIN'),
(1132, 231, 'Signature ', 'site_docs/employee_doc/231/Signature .', 'Signature .', '2025-01-28 12:18:01', 'BANTU JAIN'),
(1133, 231, 'Terms & Conditions', 'site_docs/employee_doc/231/Terms & Conditions.', 'Terms & Conditions.', '2025-01-28 12:18:01', 'BANTU JAIN'),
(1134, 231, 'Education Certificate', 'site_docs/employee_doc/231/Education Certificate.', 'Education Certificate.', '2025-01-28 12:18:01', 'BANTU JAIN'),
(1135, 231, 'Other', 'site_docs/employee_doc/231/Other.', 'Other.', '2025-01-28 12:18:01', 'BANTU JAIN'),
(1136, 231, 'Police Verification', 'site_docs/employee_doc/231/Police Verification.png', 'Police Verification.png', '2025-01-28 12:18:01', 'BANTU JAIN'),
(1137, 231, 'Passport ', 'site_docs/employee_doc/231/Passport .png', 'Passport .png', '2025-01-28 12:18:01', 'BANTU JAIN'),
(1138, 232, 'Aadhar Card Front', 'site_docs/employee_doc/232/Aadhar Card Front.pdf', 'Aadhar Card Front.pdf', '2025-02-01 12:00:41', 'BANTU JAIN'),
(1139, 232, 'Aadhar Card Back', 'site_docs/employee_doc/232/Aadhar Card Back.pdf', 'Aadhar Card Back.pdf', '2025-02-01 12:00:41', 'BANTU JAIN'),
(1140, 232, 'Profile Photo ', 'site_docs/employee_doc/232/Profile Photo .pdf', 'Profile Photo .pdf', '2025-02-01 12:00:41', 'BANTU JAIN'),
(1141, 232, 'Signature ', 'site_docs/employee_doc/232/Signature .', 'Signature .', '2025-02-01 12:00:41', 'BANTU JAIN'),
(1142, 232, 'Terms & Conditions', 'site_docs/employee_doc/232/Terms & Conditions.pdf', 'Terms & Conditions.pdf', '2025-02-01 12:00:41', 'BANTU JAIN'),
(1143, 232, 'Education Certificate', 'site_docs/employee_doc/232/Education Certificate.pdf', 'Education Certificate.pdf', '2025-02-01 12:00:41', 'BANTU JAIN'),
(1144, 232, 'Other', 'site_docs/employee_doc/232/Other.pdf', 'Other.pdf', '2025-02-01 12:00:41', 'BANTU JAIN'),
(1145, 232, 'Police Verification', 'site_docs/employee_doc/232/Police Verification.pdf', 'Police Verification.pdf', '2025-02-01 12:00:41', 'BANTU JAIN'),
(1146, 232, 'Passport ', 'site_docs/employee_doc/232/Passport .pdf', 'Passport .pdf', '2025-02-01 12:00:41', 'BANTU JAIN'),
(1147, 234, 'Aadhar Card Front', 'site_docs/employee_doc/234/Aadhar Card Front.', 'Aadhar Card Front.', '2025-02-10 04:40:19', 'BANTU JAIN'),
(1148, 234, 'Aadhar Card Back', 'site_docs/employee_doc/234/Aadhar Card Back.', 'Aadhar Card Back.', '2025-02-10 04:40:19', 'BANTU JAIN'),
(1149, 234, 'Profile Photo ', 'site_docs/employee_doc/234/Profile Photo .', 'Profile Photo .', '2025-02-10 04:40:19', 'BANTU JAIN'),
(1150, 234, 'Signature ', 'site_docs/employee_doc/234/Signature .', 'Signature .', '2025-02-10 04:40:19', 'BANTU JAIN'),
(1151, 234, 'Terms & Conditions', 'site_docs/employee_doc/234/Terms & Conditions.', 'Terms & Conditions.', '2025-02-10 04:40:19', 'BANTU JAIN'),
(1152, 234, 'Education Certificate', 'site_docs/employee_doc/234/Education Certificate.', 'Education Certificate.', '2025-02-10 04:40:19', 'BANTU JAIN'),
(1153, 234, 'Other', 'site_docs/employee_doc/234/Other.', 'Other.', '2025-02-10 04:40:19', 'BANTU JAIN'),
(1154, 234, 'Police Verification', 'site_docs/employee_doc/234/Police Verification.', 'Police Verification.', '2025-02-10 04:40:19', 'BANTU JAIN'),
(1155, 234, 'Passport ', 'site_docs/employee_doc/234/Passport .jpg', 'Passport .jpg', '2025-02-10 04:40:19', 'BANTU JAIN');

-- --------------------------------------------------------

--
-- Table structure for table `employee_location`
--

CREATE TABLE `employee_location` (
  `id` int(100) NOT NULL,
  `emp_id` int(100) NOT NULL,
  `location` varchar(500) DEFAULT NULL,
  `from_date` date DEFAULT NULL,
  `to_date` date DEFAULT NULL,
  `prev_to_date` date DEFAULT NULL,
  `extend` varchar(1) NOT NULL DEFAULT 'N',
  `extended_date` datetime DEFAULT NULL,
  `extended_by` varchar(255) DEFAULT NULL,
  `description` text,
  `terminate` text,
  `created_at` datetime NOT NULL DEFAULT CURRENT_TIMESTAMP,
  `created_by` varchar(50) DEFAULT NULL
) ENGINE=InnoDB DEFAULT CHARSET=latin1;

--
-- Dumping data for table `employee_location`
--

INSERT INTO `employee_location` (`id`, `emp_id`, `location`, `from_date`, `to_date`, `prev_to_date`, `extend`, `extended_date`, `extended_by`, `description`, `terminate`, `created_at`, `created_by`) VALUES
(2, 2, 'RDC', '2023-07-01', NULL, NULL, 'N', NULL, NULL, NULL, NULL, '2023-07-14 00:00:00', 'HARSHIT JAIN'),
(9, 7, 'ESL', '2023-01-10', NULL, NULL, 'N', NULL, NULL, NULL, NULL, '2023-07-23 00:00:00', 'JAIPAL SINGH'),
(10, 8, 'RAM', '2023-07-03', NULL, NULL, 'N', NULL, NULL, NULL, NULL, '2023-08-04 00:00:00', 'HARSHIT JAIN'),
(11, 9, 'RAM', '2023-07-18', NULL, NULL, 'N', NULL, NULL, NULL, NULL, '2023-08-04 00:00:00', 'HARSHIT JAIN'),
(12, 10, 'RAM', '2023-06-16', NULL, NULL, 'N', NULL, NULL, NULL, NULL, '2023-08-04 00:00:00', 'HARSHIT JAIN'),
(13, 11, 'RAM', '2023-04-01', NULL, NULL, 'N', NULL, NULL, NULL, NULL, '2023-08-04 00:00:00', 'HARSHIT JAIN'),
(14, 12, 'KYM', '2023-06-22', NULL, NULL, 'N', NULL, NULL, NULL, NULL, '2023-08-04 00:00:00', 'HARSHIT JAIN'),
(16, 14, 'ZWM', '2023-07-26', NULL, NULL, 'N', NULL, NULL, NULL, NULL, '2023-08-09 00:00:00', 'HARSHIT JAIN'),
(17, 15, 'ZWM', '2023-07-19', NULL, NULL, 'N', NULL, NULL, NULL, NULL, '2023-08-09 00:00:00', 'HARSHIT JAIN'),
(18, 16, 'ZWM', '2023-01-19', NULL, NULL, 'N', NULL, NULL, NULL, NULL, '2023-08-09 00:00:00', 'HARSHIT JAIN'),
(19, 17, 'ZWM', '2023-02-10', NULL, NULL, 'N', NULL, NULL, NULL, NULL, '2023-08-09 00:00:00', 'HARSHIT JAIN'),
(20, 18, 'ZWM', '2023-07-19', NULL, NULL, 'N', NULL, NULL, NULL, NULL, '2023-08-09 00:00:00', 'HARSHIT JAIN'),
(21, 19, 'ZSD', '2023-05-22', NULL, NULL, 'N', NULL, NULL, NULL, NULL, '2023-08-09 00:00:00', 'HARSHIT JAIN'),
(22, 20, 'ESL', '2016-04-01', NULL, NULL, 'N', NULL, NULL, NULL, NULL, '2023-08-10 00:00:00', 'JAIPAL SINGH'),
(24, 22, 'ESL', '2023-06-01', NULL, NULL, 'N', NULL, NULL, NULL, NULL, '2023-08-10 00:00:00', 'JAIPAL SINGH'),
(25, 23, 'RDC', '2023-01-13', NULL, NULL, 'N', NULL, NULL, NULL, NULL, '2023-08-11 00:00:00', 'HARSHIT JAIN'),
(26, 24, 'RDC', '2023-04-13', NULL, NULL, 'N', NULL, NULL, NULL, NULL, '2023-08-11 00:00:00', 'HARSHIT JAIN'),
(27, 25, 'RDC', '2023-02-11', NULL, NULL, 'N', NULL, NULL, NULL, NULL, '2023-08-11 00:00:00', 'HARSHIT JAIN'),
(28, 26, 'RDC', '2023-05-14', NULL, NULL, 'N', NULL, NULL, NULL, NULL, '2023-08-11 00:00:00', 'HARSHIT JAIN'),
(29, 27, 'RDC', '2023-06-27', NULL, NULL, 'N', NULL, NULL, NULL, NULL, '2023-08-11 00:00:00', 'HARSHIT JAIN'),
(30, 28, 'RDC', '2023-06-27', NULL, NULL, 'N', NULL, NULL, NULL, NULL, '2023-08-11 00:00:00', 'HARSHIT JAIN'),
(31, 29, 'RDC', '2022-12-14', NULL, NULL, 'N', NULL, NULL, NULL, NULL, '2023-08-11 00:00:00', 'HARSHIT JAIN'),
(32, 30, 'RDC', '2023-02-22', NULL, NULL, 'N', NULL, NULL, NULL, NULL, '2023-08-11 00:00:00', 'HARSHIT JAIN'),
(33, 31, 'RDC', '2023-06-27', NULL, NULL, 'N', NULL, NULL, NULL, NULL, '2023-08-11 00:00:00', 'HARSHIT JAIN'),
(34, 32, 'RDC', '2023-07-17', NULL, NULL, 'N', NULL, NULL, NULL, NULL, '2023-08-11 00:00:00', 'HARSHIT JAIN'),
(35, 33, 'RDC', '2023-07-23', NULL, NULL, 'N', NULL, NULL, NULL, NULL, '2023-08-11 00:00:00', 'HARSHIT JAIN'),
(36, 34, 'ESL', '2021-05-01', NULL, NULL, 'N', NULL, NULL, NULL, NULL, '2023-08-14 00:00:00', 'JAIPAL SINGH'),
(37, 35, 'ESL', '2021-02-01', NULL, NULL, 'N', NULL, NULL, NULL, NULL, '2023-08-14 00:00:00', 'JAIPAL SINGH'),
(39, 37, 'ESL', '2023-05-15', NULL, NULL, 'N', NULL, NULL, NULL, NULL, '2023-08-14 00:00:00', 'JAIPAL SINGH'),
(40, 38, 'ESL', '2023-03-30', NULL, NULL, 'N', NULL, NULL, NULL, NULL, '2023-08-14 00:00:00', 'JAIPAL SINGH'),
(41, 39, 'ESL', '2020-06-14', NULL, NULL, 'N', NULL, NULL, NULL, NULL, '2023-08-14 00:00:00', 'JAIPAL SINGH'),
(42, 40, 'PMP', '2023-01-10', NULL, NULL, 'N', NULL, NULL, NULL, NULL, '2023-08-16 00:00:00', 'HARSHIT JAIN'),
(43, 41, 'PMP', '2023-12-07', NULL, NULL, 'N', NULL, NULL, NULL, NULL, '2023-08-16 00:00:00', 'HARSHIT JAIN'),
(45, 43, 'ESL', '2022-01-05', NULL, NULL, 'N', NULL, NULL, NULL, NULL, '2023-08-16 00:00:00', 'JAIPAL SINGH'),
(46, 44, 'ESL', '2023-05-01', NULL, NULL, 'N', NULL, NULL, NULL, NULL, '2023-08-16 00:00:00', 'JAIPAL SINGH'),
(47, 45, 'ESL', '2023-03-01', NULL, NULL, 'N', NULL, NULL, NULL, NULL, '2023-08-16 00:00:00', 'JAIPAL SINGH'),
(48, 1, 'BALCO', '2023-07-01', '2023-10-31', NULL, 'N', NULL, NULL, NULL, NULL, '2023-08-26 12:48:20', 'BANTU JAIN'),
(51, 48, 'ESL', '2023-03-14', NULL, NULL, 'N', NULL, NULL, NULL, NULL, '2023-10-14 00:00:00', 'ARVIND SHARMA'),
(52, 49, 'ESL', '2023-04-14', NULL, NULL, 'N', NULL, NULL, NULL, NULL, '2023-10-14 00:00:00', 'ARVIND SHARMA'),
(53, 50, 'ESL', '2023-04-01', NULL, NULL, 'N', NULL, NULL, NULL, NULL, '2023-10-16 00:00:00', 'ARVIND SHARMA'),
(54, 51, 'ESL', '2023-09-01', NULL, NULL, 'N', NULL, NULL, NULL, NULL, '2023-10-16 00:00:00', 'ARVIND SHARMA'),
(59, 56, 'ESL', '2023-09-01', NULL, NULL, 'N', NULL, NULL, NULL, NULL, '2023-10-16 00:00:00', 'ARVIND SHARMA'),
(60, 57, 'ESL', '2023-09-04', NULL, NULL, 'N', NULL, NULL, NULL, NULL, '2023-10-16 00:00:00', 'ARVIND SHARMA'),
(61, 58, 'BALCO', '2023-09-07', NULL, NULL, 'N', NULL, NULL, NULL, NULL, '2023-10-16 00:00:00', 'ARVIND SHARMA'),
(62, 59, 'BALCO', '2023-04-16', NULL, NULL, 'N', NULL, NULL, NULL, NULL, '2023-10-16 00:00:00', 'ARVIND SHARMA'),
(63, 60, 'BALCO', '2023-07-04', NULL, NULL, 'N', NULL, NULL, NULL, NULL, '2023-10-16 00:00:00', 'ARVIND SHARMA'),
(64, 61, 'BALCO', '2023-08-04', NULL, NULL, 'N', NULL, NULL, NULL, NULL, '2023-10-16 00:00:00', 'ARVIND SHARMA'),
(65, 62, 'BALCO', '2023-09-02', NULL, NULL, 'N', NULL, NULL, NULL, NULL, '2023-10-16 00:00:00', 'ARVIND SHARMA'),
(66, 63, 'BALCO', '2023-07-06', NULL, NULL, 'N', NULL, NULL, NULL, NULL, '2023-10-16 00:00:00', 'ARVIND SHARMA'),
(67, 64, 'BALCO', '2023-09-08', NULL, NULL, 'N', NULL, NULL, NULL, NULL, '2023-10-16 00:00:00', 'ARVIND SHARMA'),
(68, 65, 'BALCO', '2023-09-06', NULL, NULL, 'N', NULL, NULL, NULL, NULL, '2023-10-16 00:00:00', 'ARVIND SHARMA'),
(69, 66, 'BALCO', '2023-05-11', NULL, NULL, 'N', NULL, NULL, NULL, NULL, '2023-10-16 00:00:00', 'ARVIND SHARMA'),
(70, 67, 'BALCO', '2023-05-12', NULL, NULL, 'N', NULL, NULL, NULL, NULL, '2023-10-16 00:00:00', 'ARVIND SHARMA'),
(71, 68, 'BALCO', '2023-06-12', NULL, NULL, 'N', NULL, NULL, NULL, NULL, '2023-10-16 00:00:00', 'ARVIND SHARMA'),
(72, 69, 'BALCO', '2023-08-08', NULL, NULL, 'N', NULL, NULL, NULL, NULL, '2023-10-16 00:00:00', 'ARVIND SHARMA'),
(73, 70, 'Cairn Barmer', '2023-06-28', NULL, NULL, 'N', NULL, NULL, NULL, NULL, '2023-10-17 00:00:00', 'ARVIND SHARMA'),
(74, 71, 'KAKINADA', '2023-07-28', NULL, NULL, 'N', NULL, NULL, NULL, NULL, '2023-10-17 00:00:00', 'ARVIND SHARMA'),
(75, 72, 'KAKINADA', '2023-09-03', NULL, NULL, 'N', NULL, NULL, NULL, NULL, '2023-10-17 00:00:00', 'ARVIND SHARMA'),
(76, 73, 'KAKINADA', '2023-09-17', NULL, NULL, 'N', NULL, NULL, NULL, NULL, '2023-10-17 00:00:00', 'ARVIND SHARMA'),
(77, 74, 'JSG', '2023-06-08', NULL, NULL, 'N', NULL, NULL, NULL, NULL, '2023-10-17 00:00:00', 'ARVIND SHARMA'),
(78, 75, 'JSG', '2023-01-03', NULL, NULL, 'N', NULL, NULL, NULL, NULL, '2023-10-17 00:00:00', 'ARVIND SHARMA'),
(80, 77, 'JSG', '2023-05-10', NULL, NULL, 'N', NULL, NULL, NULL, NULL, '2023-10-17 00:00:00', 'ARVIND SHARMA'),
(81, 78, 'Cairn Barmer', '2023-08-08', NULL, NULL, 'N', NULL, NULL, NULL, NULL, '2023-10-17 00:00:00', 'ARVIND SHARMA'),
(82, 79, 'JSG', '2022-10-11', NULL, NULL, 'N', NULL, NULL, NULL, NULL, '2023-10-17 00:00:00', 'ARVIND SHARMA'),
(83, 80, 'JSG', '2023-05-17', NULL, NULL, 'N', NULL, NULL, NULL, NULL, '2023-10-17 00:00:00', 'ARVIND SHARMA'),
(84, 81, 'BALCO', '2023-09-01', NULL, NULL, 'N', NULL, NULL, NULL, NULL, '2023-10-17 00:00:00', 'ARVIND SHARMA'),
(85, 82, 'JSG', '2023-06-17', NULL, NULL, 'N', NULL, NULL, NULL, NULL, '2023-10-17 00:00:00', 'ARVIND SHARMA'),
(86, 83, 'JSG', '2023-10-12', NULL, NULL, 'N', NULL, NULL, NULL, NULL, '2023-10-17 00:00:00', 'ARVIND SHARMA'),
(87, 84, 'JSG', '2023-09-11', NULL, NULL, 'N', NULL, NULL, NULL, NULL, '2023-10-17 00:00:00', 'ARVIND SHARMA'),
(88, 85, 'JSG', '2023-07-17', NULL, NULL, 'N', NULL, NULL, NULL, NULL, '2023-10-17 00:00:00', 'ARVIND SHARMA'),
(89, 86, 'JSG', '2023-06-20', NULL, NULL, 'N', NULL, NULL, NULL, NULL, '2023-10-17 00:00:00', 'ARVIND SHARMA'),
(91, 88, 'JSG', '2023-07-05', NULL, NULL, 'N', NULL, NULL, NULL, NULL, '2023-10-17 00:00:00', 'ARVIND SHARMA'),
(92, 89, 'JSG', '2023-06-02', NULL, NULL, 'N', NULL, NULL, NULL, NULL, '2023-10-17 00:00:00', 'ARVIND SHARMA'),
(93, 90, 'JSG', '2023-07-12', NULL, NULL, 'N', NULL, NULL, NULL, NULL, '2023-10-18 00:00:00', 'ARVIND SHARMA'),
(94, 91, 'JSG', '2023-07-07', NULL, NULL, 'N', NULL, NULL, NULL, NULL, '2023-10-18 00:00:00', 'ARVIND SHARMA'),
(95, 92, 'VZS', '2023-07-22', NULL, NULL, 'N', NULL, NULL, NULL, NULL, '2023-10-18 00:00:00', 'ARVIND SHARMA'),
(96, 93, 'JSG', '2023-10-13', NULL, NULL, 'N', NULL, NULL, NULL, NULL, '2023-10-18 00:00:00', 'ARVIND SHARMA'),
(97, 94, 'JSG', '2023-09-06', NULL, NULL, 'N', NULL, NULL, NULL, NULL, '2023-10-18 00:00:00', 'ARVIND SHARMA'),
(98, 95, 'VZS', '2023-10-07', NULL, NULL, 'N', NULL, NULL, NULL, NULL, '2023-10-18 00:00:00', 'ARVIND SHARMA'),
(100, 97, 'VZS', '2023-07-03', NULL, NULL, 'N', NULL, NULL, NULL, NULL, '2023-10-18 00:00:00', 'ARVIND SHARMA'),
(101, 98, 'VZS', '2023-03-29', NULL, NULL, 'N', NULL, NULL, NULL, NULL, '2023-10-19 00:00:00', 'ARVIND SHARMA'),
(102, 99, 'VZS', '2023-09-15', NULL, NULL, 'N', NULL, NULL, NULL, NULL, '2023-10-19 00:00:00', 'ARVIND SHARMA'),
(103, 100, 'KOTA', '2023-09-03', NULL, NULL, 'N', NULL, NULL, NULL, NULL, '2023-10-19 00:00:00', 'ARVIND SHARMA'),
(104, 101, 'KOTA', '2023-07-08', NULL, NULL, 'N', NULL, NULL, NULL, NULL, '2023-10-19 00:00:00', 'ARVIND SHARMA'),
(105, 102, 'KOTA', '2023-10-11', NULL, NULL, 'N', NULL, NULL, NULL, NULL, '2023-10-19 00:00:00', 'ARVIND SHARMA'),
(106, 103, 'KOTA', '2023-07-22', NULL, NULL, 'N', NULL, NULL, NULL, NULL, '2023-10-19 00:00:00', 'ARVIND SHARMA'),
(107, 104, 'PORT', '2023-07-06', NULL, NULL, 'N', NULL, NULL, NULL, NULL, '2023-10-19 00:00:00', 'ARVIND SHARMA'),
(108, 105, 'PORT', '2023-08-09', NULL, NULL, 'N', NULL, NULL, NULL, NULL, '2023-10-19 00:00:00', 'ARVIND SHARMA'),
(110, 107, 'PORT', '2023-09-07', NULL, NULL, 'N', NULL, NULL, NULL, NULL, '2023-10-19 00:00:00', 'ARVIND SHARMA'),
(111, 108, 'PORT', '2023-07-06', NULL, NULL, 'N', NULL, NULL, NULL, NULL, '2023-10-19 00:00:00', 'ARVIND SHARMA'),
(112, 109, 'PORT', '2023-09-05', NULL, NULL, 'N', NULL, NULL, NULL, NULL, '2023-10-19 00:00:00', 'ARVIND SHARMA'),
(113, 110, 'PORT', '2023-08-08', NULL, NULL, 'N', NULL, NULL, NULL, NULL, '2023-10-19 00:00:00', 'ARVIND SHARMA'),
(114, 111, 'PORT', '2023-09-08', NULL, NULL, 'N', NULL, NULL, NULL, NULL, '2023-10-19 00:00:00', 'ARVIND SHARMA'),
(115, 112, 'PORT', '2023-09-11', NULL, NULL, 'N', NULL, NULL, NULL, NULL, '2023-10-19 00:00:00', 'ARVIND SHARMA'),
(116, 113, 'PORT', '2023-10-04', NULL, NULL, 'N', NULL, NULL, NULL, NULL, '2023-10-19 00:00:00', 'ARVIND SHARMA'),
(117, 114, 'PORT', '2023-10-02', NULL, NULL, 'N', NULL, NULL, NULL, NULL, '2023-10-19 00:00:00', 'ARVIND SHARMA'),
(118, 116, 'SILVASSA', '2023-09-21', NULL, NULL, 'N', NULL, NULL, NULL, NULL, '2023-10-23 00:00:00', 'ARVIND SHARMA'),
(119, 117, 'SILVASSA', '2023-07-10', NULL, NULL, 'N', NULL, NULL, NULL, NULL, '2023-10-23 00:00:00', 'ARVIND SHARMA'),
(121, 119, 'SILVASSA', '2023-10-06', NULL, NULL, 'N', NULL, NULL, NULL, NULL, '2023-10-23 00:00:00', 'ARVIND SHARMA'),
(122, 120, 'PORT', '2023-10-23', NULL, NULL, 'N', NULL, NULL, NULL, NULL, '2023-10-23 00:00:00', 'ARVIND SHARMA'),
(125, 121, 'PORT', '2024-08-28', '2024-08-31', NULL, 'N', NULL, NULL, NULL, NULL, '2024-08-28 16:51:03', 'BANTU JAIN'),
(126, 122, 'ZWM', '2025-01-17', '2025-04-17', NULL, 'N', NULL, NULL, NULL, NULL, '2025-01-17 00:00:00', 'BANTU JAIN'),
(127, 123, 'VZS', '2025-01-17', '2025-04-17', NULL, 'N', NULL, NULL, NULL, NULL, '2025-01-17 00:00:00', 'BANTU JAIN'),
(128, 124, 'BALCO', '2025-01-21', '2025-04-21', NULL, 'N', NULL, NULL, NULL, NULL, '2025-01-21 00:00:00', 'BANTU JAIN'),
(129, 125, 'PORT', '2025-01-24', '2025-04-24', NULL, 'N', NULL, NULL, NULL, NULL, '2025-01-22 00:00:00', 'BANTU JAIN'),
(132, 129, 'mumbai', NULL, NULL, NULL, 'N', NULL, NULL, NULL, NULL, '2025-01-20 00:00:00', 'BANTU JAIN'),
(133, 130, 'mumbai', '2025-01-01', '2025-04-01', NULL, 'N', NULL, NULL, NULL, NULL, '2025-01-20 00:00:00', 'BANTU JAIN'),
(134, 131, 'mumbai', '2025-01-01', '2025-04-01', NULL, 'N', NULL, NULL, NULL, NULL, '2025-01-20 00:00:00', 'BANTU JAIN'),
(135, 132, 'mumbai', '2025-01-01', '2025-04-01', NULL, 'N', NULL, NULL, NULL, NULL, '2025-01-20 00:00:00', 'BANTU JAIN'),
(136, 134, 'mumbai', '2025-01-01', '2025-04-01', NULL, 'N', NULL, NULL, NULL, NULL, '2025-01-20 00:00:00', 'BANTU JAIN'),
(137, 135, 'mumbai', '2025-01-01', '2025-04-01', NULL, 'N', NULL, NULL, NULL, NULL, '2025-01-20 00:00:00', 'BANTU JAIN'),
(138, 126, 'VZS', '2025-01-24', '2025-04-24', NULL, 'N', NULL, NULL, NULL, NULL, '2025-01-23 15:56:30', 'BANTU JAIN'),
(139, 180, 'CHIKLI', '2025-01-16', '2025-04-16', NULL, 'N', NULL, NULL, NULL, NULL, '2025-01-24 00:00:00', 'BANTU JAIN'),
(140, 215, 'ZSD', '2025-01-23', '2025-04-23', NULL, 'N', NULL, NULL, NULL, NULL, '2025-01-27 00:00:00', 'BANTU JAIN'),
(142, 217, 'ZSD', '2025-01-28', '2025-04-28', NULL, 'N', NULL, NULL, NULL, NULL, '2025-01-27 12:18:26', 'BANTU JAIN'),
(143, 218, 'BALCO', '2025-01-27', '2025-04-27', NULL, 'N', NULL, NULL, NULL, NULL, '2025-01-27 00:00:00', 'BANTU JAIN'),
(144, 220, 'SILVASSA', '2025-01-27', '2025-04-27', NULL, 'N', NULL, NULL, NULL, NULL, '2025-01-27 00:00:00', 'BANTU JAIN'),
(145, 221, 'PORT', '2025-01-28', '2025-04-28', NULL, 'N', NULL, NULL, NULL, NULL, '2025-01-27 00:00:00', 'BANTU JAIN'),
(146, 222, 'KOTA', '2025-01-28', '2025-04-28', NULL, 'N', NULL, NULL, NULL, NULL, '2025-01-27 00:00:00', 'BANTU JAIN'),
(147, 223, 'CHIKLI', '2025-01-21', '2025-04-21', NULL, 'N', NULL, NULL, NULL, NULL, '2025-01-27 00:00:00', 'BANTU JAIN'),
(148, 224, 'CHIKLI', '2025-01-28', '2025-04-28', NULL, 'N', NULL, NULL, NULL, NULL, '2025-01-27 00:00:00', 'BANTU JAIN'),
(149, 228, 'CSC', '2025-01-28', '2025-04-28', NULL, 'N', NULL, NULL, NULL, NULL, '2025-01-28 00:00:00', 'BANTU JAIN'),
(150, 229, 'ZSD', '2025-01-28', '2025-04-28', NULL, 'N', NULL, NULL, NULL, NULL, '2025-01-28 00:00:00', 'BANTU JAIN'),
(151, 230, 'BALCO', NULL, NULL, NULL, 'N', NULL, NULL, NULL, NULL, '2025-01-28 00:00:00', 'BANTU JAIN'),
(152, 231, 'JSG', '2025-01-28', '2025-04-28', NULL, 'N', NULL, NULL, NULL, NULL, '2025-01-28 00:00:00', 'BANTU JAIN'),
(153, 232, 'BALCO', '2025-02-01', '2025-05-02', NULL, 'N', NULL, NULL, NULL, NULL, '2025-02-01 00:00:00', 'BANTU JAIN'),
(154, 234, 'KOTA', '2025-02-08', '2025-05-09', NULL, 'N', NULL, NULL, NULL, NULL, '2025-02-10 00:00:00', 'BANTU JAIN');

-- --------------------------------------------------------

--
-- Table structure for table `emp_document`
--

CREATE TABLE `emp_document` (
  `doc_id` int(100) NOT NULL,
  `document_title` varchar(100) NOT NULL,
  `is_active` varchar(100) NOT NULL,
  `is_mendatory` varchar(10) DEFAULT NULL,
  `created_at` timestamp NOT NULL DEFAULT CURRENT_TIMESTAMP ON UPDATE CURRENT_TIMESTAMP,
  `updated_by` varchar(100) NOT NULL
) ENGINE=InnoDB DEFAULT CHARSET=latin1;

--
-- Dumping data for table `emp_document`
--

INSERT INTO `emp_document` (`doc_id`, `document_title`, `is_active`, `is_mendatory`, `created_at`, `updated_by`) VALUES
(1, 'Aadhar Card Front', 'Y', 'N', '2023-07-14 14:17:41', 'BANTU JAIN'),
(2, 'Aadhar Card Back', 'Y', 'N', '2025-01-18 04:22:44', 'BANTU JAIN'),
(3, 'Profile Photo ', 'Y', 'N', '2023-07-14 14:16:50', 'BANTU JAIN'),
(4, 'Signature ', 'Y', 'N', '2025-01-18 04:22:39', 'BANTU JAIN'),
(5, 'Terms & Conditions', 'Y', 'N', '2023-07-14 14:18:14', 'BANTU JAIN'),
(6, 'Education Certificate', 'Y', 'N', '2023-07-14 14:18:43', 'BANTU JAIN'),
(7, 'Other', 'Y', 'N', '2023-07-14 14:18:53', 'BANTU JAIN'),
(8, 'Police Verification', 'Y', 'N', '2023-07-22 08:44:51', 'GANGADHAR SWAMI'),
(9, 'Passport ', 'Y', 'Y', '2024-08-31 04:43:36', 'BANTU JAIN');

-- --------------------------------------------------------

--
-- Table structure for table `emp_doc_relation`
--

CREATE TABLE `emp_doc_relation` (
  `id` int(100) NOT NULL,
  `emp_id` int(100) NOT NULL,
  `doc_title` varchar(255) NOT NULL,
  `doc_path` varchar(255) NOT NULL,
  `doc_name` varchar(100) NOT NULL,
  `created_at` timestamp NOT NULL DEFAULT CURRENT_TIMESTAMP ON UPDATE CURRENT_TIMESTAMP,
  `created_by` varchar(255) NOT NULL
) ENGINE=InnoDB DEFAULT CHARSET=latin1;

-- --------------------------------------------------------

--
-- Table structure for table `emp_file_table`
--

CREATE TABLE `emp_file_table` (
  `emp_file_table_id` int(20) NOT NULL,
  `users_id` int(20) NOT NULL,
  `document_name` varchar(100) NOT NULL,
  `created_by` varchar(50) NOT NULL
) ENGINE=InnoDB DEFAULT CHARSET=latin1;

--
-- Dumping data for table `emp_file_table`
--

INSERT INTO `emp_file_table` (`emp_file_table_id`, `users_id`, `document_name`, `created_by`) VALUES
(1, 2, '', 'BANTU JAIN'),
(2, 3, 'Screenshot (4).png', 'BANTU JAIN'),
(3, 4, 'Screenshot (4).png', 'BANTU JAIN'),
(4, 5, 'Screenshot (4).png', 'BANTU JAIN'),
(5, 3, '', 'BANTU JAIN'),
(6, 3, '', 'BANTU JAIN'),
(7, 4, '', 'BANTU JAIN'),
(8, 5, '', 'BANTU JAIN'),
(9, 6, '', 'BANTU JAIN'),
(10, 7, '', 'BANTU JAIN'),
(11, 8, '', 'BANTU JAIN'),
(12, 9, '', 'BANTU JAIN'),
(13, 10, '', 'BANTU JAIN'),
(14, 11, '', 'BANTU JAIN'),
(15, 12, '', 'BANTU JAIN'),
(16, 13, '', 'BANTU JAIN'),
(17, 14, '', 'BANTU JAIN'),
(18, 15, '', 'BANTU JAIN'),
(19, 16, '', 'BANTU JAIN'),
(20, 17, '', 'BANTU JAIN');

-- --------------------------------------------------------

--
-- Table structure for table `emp_link`
--

CREATE TABLE `emp_link` (
  `id` int(100) NOT NULL,
  `link_validate_to_date` date NOT NULL,
  `link_validate_to_time` time DEFAULT NULL,
  `emp_email` varchar(500) DEFAULT NULL,
  `emailFrm` varchar(250) NOT NULL,
  `md5_link` varchar(500) DEFAULT NULL,
  `decrypt_id` varchar(500) DEFAULT NULL,
  `updated_by` varchar(100) DEFAULT NULL,
  `empId` int(11) DEFAULT NULL,
  `link_use` int(10) NOT NULL DEFAULT '0',
  `mailType` varchar(50) DEFAULT NULL
) ENGINE=InnoDB DEFAULT CHARSET=latin1;

--
-- Dumping data for table `emp_link`
--

INSERT INTO `emp_link` (`id`, `link_validate_to_date`, `link_validate_to_time`, `emp_email`, `emailFrm`, `md5_link`, `decrypt_id`, `updated_by`, `empId`, `link_use`, `mailType`) VALUES
(1, '2024-08-31', '22:00:00', 'priyanka.kulkarni@salasarauction.com', 'aospl', 'https://scrap.systementerprises.in/company_employee_registration/termMailView/c4ca4238a0b923820dcc509a6f75849b', 'c4ca4238a0b923820dcc509a6f75849b', 'BANTU JAIN', 121, 0, 'terms'),
(5, '2025-01-31', '17:59:00', 'neeraj.chaudhary@salasarauction.com', 'aospl', 'https://devscrap.systementerprises.in/company_employee_registration/termMailView/e4da3b7fbbce2345d7772b0674a318d5', 'e4da3b7fbbce2345d7772b0674a318d5', 'BANTU JAIN', 185, 0, 'terms');

-- --------------------------------------------------------

--
-- Table structure for table `emp_location`
--

CREATE TABLE `emp_location` (
  `id` int(100) NOT NULL,
  `emp_id` int(100) NOT NULL,
  `location` varchar(255) NOT NULL,
  `created_at` date NOT NULL,
  `created_by` varchar(255) NOT NULL,
  `updated_at` date DEFAULT NULL,
  `updated_by` varchar(255) DEFAULT NULL,
  `counter` int(11) NOT NULL DEFAULT '0',
  `terminate` varchar(100) DEFAULT NULL,
  `description` text,
  `org_id` int(11) DEFAULT NULL
) ENGINE=InnoDB DEFAULT CHARSET=latin1;

-- --------------------------------------------------------

--
-- Table structure for table `emp_location_tag`
--

CREATE TABLE `emp_location_tag` (
  `id` int(100) NOT NULL,
  `emp_id` int(100) NOT NULL,
  `location` varchar(255) DEFAULT NULL,
  `from_date` date DEFAULT NULL,
  `to_date` date DEFAULT NULL,
  `description` text,
  `terminate` varchar(100) DEFAULT NULL,
  `created_at` datetime NOT NULL DEFAULT CURRENT_TIMESTAMP,
  `created_by` varchar(100) NOT NULL
) ENGINE=InnoDB DEFAULT CHARSET=latin1;

-- --------------------------------------------------------

--
-- Table structure for table `fin_year`
--

CREATE TABLE `fin_year` (
  `fin_yr_id` int(5) NOT NULL,
  `fin_yr_code` varchar(20) NOT NULL,
  `s_date` date NOT NULL,
  `e_date` date NOT NULL,
  `is_active` varchar(1) NOT NULL COMMENT 'A=Active,C=Closed'
) ENGINE=InnoDB DEFAULT CHARSET=latin1;

--
-- Dumping data for table `fin_year`
--

INSERT INTO `fin_year` (`fin_yr_id`, `fin_yr_code`, `s_date`, `e_date`, `is_active`) VALUES
(1, '2017-2018', '2017-04-01', '2018-03-31', 'Y'),
(2, '2018-2019', '2018-04-01', '2019-03-31', 'Y'),
(3, '2019-2020', '2019-04-01', '2020-03-31', 'Y'),
(4, '2020-2021', '2020-04-01', '2021-03-31', 'Y'),
(5, '2021-2022', '2021-04-01', '2022-03-31', 'Y'),
(6, '2022-2023', '2022-04-01', '2023-03-31', 'Y'),
(7, '2023-2024', '2023-04-01', '2024-03-31', 'Y'),
(9, '2024-2025', '2024-04-01', '2026-10-01', 'Y');

-- --------------------------------------------------------

--
-- Table structure for table `group_access_permission`
--

CREATE TABLE `group_access_permission` (
  `grp_permission_id` int(11) NOT NULL,
  `group_id` int(11) NOT NULL,
  `module_id` int(11) NOT NULL,
  `sub_module_id` int(11) NOT NULL,
  `create_permission` varchar(1) NOT NULL COMMENT 'y = yes, n = no',
  `read_permission` varchar(1) NOT NULL COMMENT 'y = yes, n = no',
  `update_permission` varchar(1) NOT NULL COMMENT 'y = yes, n = no',
  `delete_permission` varchar(1) NOT NULL COMMENT 'y = yes, n = no',
  `created_by` int(10) NOT NULL,
  `created_date` datetime NOT NULL,
  `updated_by` int(10) NOT NULL,
  `updated_date` datetime NOT NULL,
  `is_delete` tinyint(1) NOT NULL
) ENGINE=InnoDB DEFAULT CHARSET=utf8mb4;

--
-- Dumping data for table `group_access_permission`
--

INSERT INTO `group_access_permission` (`grp_permission_id`, `group_id`, `module_id`, `sub_module_id`, `create_permission`, `read_permission`, `update_permission`, `delete_permission`, `created_by`, `created_date`, `updated_by`, `updated_date`, `is_delete`) VALUES
(1, 1, 1, 1, 'y', 'y', 'y', 'y', 6, '2025-01-13 17:22:44', 1, '2025-02-05 05:52:33', 0),
(2, 1, 2, 2, 'y', 'y', 'y', 'y', 6, '2025-01-13 17:22:44', 0, '2025-01-31 06:30:44', 0),
(3, 1, 3, 3, 'y', 'y', 'y', 'y', 6, '2025-01-13 17:22:44', 1, '2025-02-05 05:52:33', 0),
(4, 1, 4, 4, 'y', 'y', 'y', 'y', 6, '2025-01-13 17:22:44', 0, '2025-01-31 06:30:44', 0),
(5, 1, 5, 5, 'y', 'y', 'y', 'y', 6, '2025-01-13 17:22:44', 1, '2025-02-05 05:52:33', 0),
(6, 1, 6, 6, 'y', 'y', 'y', 'y', 6, '2025-01-13 17:22:44', 1, '2025-02-05 05:52:33', 0),
(7, 1, 7, 7, 'y', 'y', 'y', 'y', 6, '2025-01-13 17:22:44', 1, '2025-02-05 05:52:33', 0),
(8, 1, 8, 8, 'y', 'y', 'y', 'y', 6, '2025-01-13 17:22:44', 1, '2025-02-05 05:52:33', 0),
(9, 1, 9, 9, 'y', 'y', 'y', 'y', 6, '2025-01-13 17:22:44', 1, '2025-02-05 05:52:33', 0),
(10, 1, 10, 10, 'y', 'y', 'y', 'y', 6, '2025-01-13 17:22:44', 1, '2025-02-05 05:52:33', 0),
(11, 1, 11, 11, 'n', 'n', 'n', 'n', 1, '2025-01-30 12:03:55', 1, '2025-02-05 05:52:33', 0),
(12, 2, 1, 1, 'y', 'y', 'y', 'y', 1, '2025-01-31 11:52:40', 0, '2025-02-01 11:05:20', 0),
(13, 2, 2, 2, 'n', 'n', 'n', 'n', 1, '2025-01-31 11:52:40', 0, '2025-02-01 04:28:29', 0),
(14, 2, 3, 3, 'y', 'y', 'y', 'y', 1, '2025-01-31 11:52:40', 0, '2025-02-01 11:05:20', 0),
(15, 2, 4, 4, 'n', 'n', 'n', 'n', 1, '2025-01-31 11:52:40', 0, '2025-02-01 04:28:29', 0),
(16, 2, 5, 5, 'y', 'y', 'y', 'y', 1, '2025-01-31 11:52:40', 0, '2025-02-01 11:05:20', 0),
(17, 2, 6, 6, 'y', 'y', 'y', 'y', 1, '2025-01-31 11:52:40', 0, '2025-02-01 11:05:20', 0),
(18, 2, 7, 7, 'n', 'n', 'n', 'n', 1, '2025-01-31 11:52:40', 0, '2025-02-01 11:05:20', 0),
(19, 2, 8, 8, 'y', 'y', 'y', 'y', 1, '2025-01-31 11:52:40', 0, '2025-02-01 11:05:20', 0),
(20, 2, 9, 9, 'y', 'y', 'y', 'y', 1, '2025-01-31 11:52:40', 0, '2025-02-01 11:05:20', 0),
(21, 2, 10, 10, 'y', 'y', 'y', 'y', 1, '2025-01-31 11:52:40', 0, '2025-02-01 11:05:20', 0),
(22, 2, 11, 11, 'y', 'y', 'y', 'y', 1, '2025-01-31 11:52:40', 0, '2025-02-01 11:05:20', 0),
(23, 2, 12, 18, 'y', 'y', 'y', 'y', 1, '2025-02-01 11:05:20', 1, '2025-02-01 11:05:20', 0),
(24, 1, 12, 18, 'y', 'y', 'n', 'y', 1, '2025-02-05 04:52:40', 1, '2025-02-05 05:52:33', 0);

-- --------------------------------------------------------

--
-- Table structure for table `invoice`
--

CREATE TABLE `invoice` (
  `invoice_id` int(11) NOT NULL,
  `invoice_no` varchar(255) NOT NULL,
  `invoice_date` date NOT NULL,
  `invoice_po` varchar(255) NOT NULL,
  `invoice_desc` text,
  `vendor_name` varchar(255) NOT NULL,
  `vendor_loc` varchar(255) NOT NULL,
  `invoice_hsn_sac` varchar(255) NOT NULL,
  `invoice_qty` varchar(255) NOT NULL,
  `invoice_rate` varchar(255) NOT NULL,
  `invoice_cgst_per` varchar(255) NOT NULL,
  `invoice_cgst_amt` varchar(255) NOT NULL,
  `invoice_sgst_per` varchar(255) NOT NULL,
  `invoice_sgst_amt` varchar(255) NOT NULL,
  `invoice_amt` varchar(255) NOT NULL,
  `invoice_total_amt` varchar(255) NOT NULL,
  `invoice_pdf` varchar(255) NOT NULL,
  `is_active` varchar(1) NOT NULL DEFAULT 'Y',
  `seal_delivery_note_id` int(11) DEFAULT NULL,
  `created_by` varchar(255) DEFAULT NULL,
  `created_date` datetime NOT NULL DEFAULT CURRENT_TIMESTAMP,
  `updated_date` timestamp NOT NULL DEFAULT CURRENT_TIMESTAMP ON UPDATE CURRENT_TIMESTAMP,
  `updated_by` varchar(255) DEFAULT NULL,
  `is_delete` tinyint(1) NOT NULL DEFAULT '0'
) ENGINE=InnoDB DEFAULT CHARSET=latin1;

--
-- Dumping data for table `invoice`
--

INSERT INTO `invoice` (`invoice_id`, `invoice_no`, `invoice_date`, `invoice_po`, `invoice_desc`, `vendor_name`, `vendor_loc`, `invoice_hsn_sac`, `invoice_qty`, `invoice_rate`, `invoice_cgst_per`, `invoice_cgst_amt`, `invoice_sgst_per`, `invoice_sgst_amt`, `invoice_amt`, `invoice_total_amt`, `invoice_pdf`, `is_active`, `seal_delivery_note_id`, `created_by`, `created_date`, `updated_date`, `updated_by`, `is_delete`) VALUES
(1, '5654', '0000-00-00', 'ghjhg', 'fghfg ghjgh ghjgh ghkhjg dfgfgj', '', '', '4565', '54', '56745', '6', '998', '9', '89089', '55465', '678678', '', 'Y', NULL, '0', '2025-07-09 05:53:31', '2025-07-09 12:53:31', '0', 0),
(2, '101', '2025-07-15', '545465', 'Testing', '', '', 'jghjgj', '10', '50', '9', '45.00', '9', '45.00', '500.00', '590.00', '', 'N', NULL, '0', '2025-07-14 16:06:28', '2025-07-14 10:36:28', '0', 0),
(3, '102', '2025-07-14', '435635', 'test1', '', '', 'sfsff', '5', '20', '9', '9.00', '9', '9.00', '100.00', '118.00', '', 'N', NULL, '0', '2025-07-14 16:19:57', '2025-07-14 10:49:57', '0', 0),
(4, '103', '2025-07-16', '31121', 'test2', '', '', 'abcabc', '30', '50', '9', '135.00', '9', '135.00', '1500.00', '1770.00', '1752579975_catlogue_pdf_2032.pdf', 'N', NULL, '0', '2025-07-14 16:24:50', '2025-07-15 11:46:15', '0', 0),
(6, '256', '2025-07-07', '545465', 'Testing', '', '', 'sfsff', '2.25', '36000.00', '9', '7290.00', '9', '7290.00', '81000.00', '95580.00', '1752579598_Invoice_103.pdf', 'N', NULL, '0', '2025-07-15 16:54:56', '2025-07-15 11:39:58', '0', 0),
(7, '104', '2025-07-16', '732424', 'test3', 'Testing Vendor 1', 'mumbai', 'fhdfj', '4000', '133.00', '9', '149.63', '9', '149.63', '1662.50', '1961.76', '1752580235_663_ITC_Ltd_-_HO.pdf', 'N', 0, '0', '2025-07-15 17:20:35', '2025-07-30 06:57:50', 'Soumen Das', 0),
(8, '1000', '2025-07-26', '31121', 'Testing for data', 'testing22', 'mumbai', 'sfsff', '5000', '10.50', '9', '4725.00', '9', '4725.00', '52500.00', '61950.00', '1753443006_catlogue_pdf_2115_(1)_(2).pdf', 'N', 415, '0', '2025-07-25 16:42:38', '2025-08-06 08:23:12', 'Soumen Das', 0),
(9, '5461', '2025-07-25', '1422', 'test111', '', '', 'jghjgj', '2000', '24', '9', '4320.00', '9', '4320.00', '48000.00', '56640.00', '1753685851_catlogue_pdf_2115_(1)_(1).pdf', 'N', 416, '0', '2025-07-25 17:08:26', '2025-07-28 07:03:34', 'Soumen Das', 0),
(10, '1245', '2025-07-29', '12300', 'test101', '', '', 'sfsff', '10000', '5.85', '9', '5265.00', '9', '5265.00', '58500.00', '69030.00', '1753686403_catlogue_pdf_2113.pdf', 'N', NULL, 'Soumen Das', '2025-07-28 12:36:43', '2025-07-28 07:06:43', NULL, 0),
(11, '1010', '2025-07-28', '31121', 'testing100', '', '', 'fhdfj', '10000', '30', '9', '27000.00', '9', '27000.00', '300000.00', '354000.00', '1753686991_catlogue_pdf_2115_(1)_(1).pdf', 'N', NULL, 'Soumen Das', '2025-07-28 12:46:31', '2025-07-28 07:16:31', NULL, 0),
(12, '6544', '2025-07-28', '545465', 'Testing for data', 'abcabc', 'mumbai', 'sfsff', '12000', '50', '9', '54000.00', '9', '54000.00', '600000.00', '708000.00', '1753689890_catlogue_pdf_2115_(1)_(1).pdf', 'N', 0, 'Soumen Das', '2025-07-28 13:34:50', '2025-07-30 06:47:07', 'Soumen Das', 0),
(13, '1245', '2025-07-30', '31121', 'testing11', 'Testing Vendor', 'mumbai', 'gfvri', '10000', '1.10', '9', '990.00', '9', '990.00', '11000.00', '12980.00', '', 'N', 0, 'Soumen Das', '2025-07-30 12:53:17', '2025-07-30 07:23:17', NULL, 0),
(14, '1999', '2025-07-31', '545465', 'test3', '', '', 'fhdfj', '10000', '5.50', '9', '4950.00', '9', '4950.00', '55000.00', '64900.00', '', 'N', 0, 'Soumen Das', '2025-07-30 12:57:43', '2025-07-30 07:27:43', NULL, 0),
(15, '2000', '2025-07-30', '732424', 'test10', 'Testing Vendor 2', 'mumbai', 'fhdfj', '10000', '25', '9', '22500.00', '9', '22500.00', '250000.00', '295000.00', '1753868716_6889e9acf00d0_catlogue_pdf_2113.pdf', 'N', 3, 'Soumen Das', '2025-07-30 13:30:39', '2025-07-30 09:53:43', 'Soumen Das', 0),
(16, '12445', '2025-07-30', '732424', 'test1011', 'testing 99', 'mumbai', 'sfsff', '10000', '50', '9', '45000.00', '9', '45000.00', '500000.00', '590000.00', '1754287924_68904f34c06c0_catlogue_pdf_2113.pdf', 'N', 4, 'Soumen Das', '2025-07-30 16:16:58', '2025-08-04 06:12:04', 'Soumen Das', 0),
(17, '2000', '2025-08-04', '31121', 'test2', 'testing 102', 'mumbai', 'fhdfj', '10000', '25', '9', '22500.00', '9', '22500.00', '250000.00', '295000.00', '1754288657_689052119eacb_catlogue_pdf_2115_(1).pdf', 'N', 5, 'Soumen Das', '2025-08-04 11:53:27', '2025-08-04 06:24:17', 'Soumen Das', 0),
(18, '1211', '2025-08-05', '75456', 'invoice', 'testing22', 'mumbai', 'sfsff', '8000', '22.34', '9', '16084.80', '9', '16084.80', '178720.00', '210889.60', '', 'N', 7, 'Soumen Das', '2025-08-04 12:31:29', '2025-08-04 07:01:29', NULL, 0),
(19, '1111', '2025-08-04', '545465', 'test2', 'Testing Vendor 2', 'mumbai', 'jghjgj', '8000', '20', '9', '14400.00', '9', '14400.00', '160000.00', '188800.00', '', 'N', 8, 'Soumen Das', '2025-08-04 12:52:59', '2025-08-04 09:35:09', 'Soumen Das', 0),
(25, '2000', '2025-08-04', '31121', 'test2', 'testing 102', 'mumbai', 'fhdfj', '10000', '25', '9', '22500.00', '9', '22500.00', '250000.00', '295000.00', '', 'N', 5, 'Soumen Das', '2025-08-04 16:39:49', '2025-08-04 11:09:49', NULL, 0),
(26, '1211', '2025-08-05', '75456', 'invoice', 'testing22', 'mumbai', 'sfsff', '8000', '22.34', '9', '16084.80', '9', '16084.80', '178720.00', '210889.60', '', 'N', 7, 'Soumen Das', '2025-08-04 16:48:48', '2025-08-05 06:40:33', 'Soumen Das', 0),
(27, '5461', '2025-07-25', '1422', 'test111', 'Testing Vendor 1', 'mumbai', 'jghjgj', '2000', '24', '9', '4320.00', '9', '4320.00', '48000.00', '56640.00', '', 'N', 416, 'Soumen Das', '2025-08-04 17:26:44', '2025-08-04 11:56:44', NULL, 0),
(28, '19999, 2001', '2025-08-06', '31122', 'test2', 'Testing Vendor', 'mumbai', 'fhdfj', '8000', '15.5', '9', '11160.00', '9', '11160.00', '124000.00', '146320.00', '', 'N', 9, 'Soumen Das', '2025-08-04 17:28:19', '2025-08-05 06:41:33', 'Soumen Das', 0),
(32, '2002', '2025-08-06', '732424', 'test2', 'Testing', 'mumbai', 'sfsff', '40000', '2.20', '9', '7920.00', '9', '7920.00', '88000.00', '103840.00', '', 'N', 399, 'Soumen Das', '2025-08-06 13:32:28', '2025-08-06 08:08:49', 'Soumen Das', 0),
(39, '', '2025-08-29', '', NULL, '', '', '', '2', '', '', '', '', '', '', '', '', 'Y', 423, '1', '2025-08-29 07:53:52', '2025-08-29 07:53:52', NULL, 0),
(40, '', '2025-09-17', '', NULL, '', '', '', '2345', '', '', '', '', '', '', '', '', 'Y', 424, 'System', '2025-09-17 10:22:31', '2025-09-17 10:22:31', NULL, 0),
(41, '', '2025-09-17', '', NULL, '', '', '', '2345', '', '', '', '', '', '', '', '', 'Y', 425, 'System', '2025-09-17 10:22:42', '2025-09-17 10:22:42', NULL, 0),
(42, '', '2025-09-17', '', NULL, '', '', '', '2345', '', '', '', '', '', '', '', '', 'Y', 426, 'System', '2025-09-17 10:22:47', '2025-09-17 10:22:47', NULL, 0),
(43, '', '2025-09-17', '', NULL, '', '', '', '2345', '', '', '', '', '', '', '', '', 'Y', 427, '1', '2025-09-17 10:32:26', '2025-09-17 10:32:26', NULL, 0),
(44, '', '2025-09-17', '', NULL, '', '', '', '', '', '', '', '', '', '', '', '', 'Y', 428, '1', '2025-09-17 10:33:22', '2025-09-17 10:33:22', NULL, 0),
(45, '', '2025-09-17', '', NULL, '', '', '', '234', '', '', '', '', '', '', '', '', 'Y', 429, '1', '2025-09-17 10:33:38', '2025-09-17 10:33:38', NULL, 0),
(46, '', '2025-09-17', '', NULL, '', '', '', '12', '', '', '', '', '', '', '', '', 'Y', 430, '276', '2025-09-17 10:34:29', '2025-09-17 10:34:29', NULL, 0),
(47, '', '2025-09-19', '', NULL, '', '', '', '8', '', '', '', '', '', '', '', '', 'Y', 431, '276', '2025-09-19 12:11:56', '2025-09-19 12:11:56', NULL, 0),
(48, '', '2025-09-22', '', NULL, '', '', '', '5', '', '', '', '', '', '', '', '', 'Y', 432, '276', '2025-09-22 04:26:48', '2025-09-22 04:26:48', NULL, 0);

-- --------------------------------------------------------

--
-- Table structure for table `ip_range`
--

CREATE TABLE `ip_range` (
  `ip_range_id` int(11) NOT NULL,
  `ip_address` varchar(50) DEFAULT NULL,
  `is_active` int(1) DEFAULT '0',
  `updated_by` varchar(50) DEFAULT NULL
) ENGINE=InnoDB DEFAULT CHARSET=latin1;

--
-- Dumping data for table `ip_range`
--

INSERT INTO `ip_range` (`ip_range_id`, `ip_address`, `is_active`, `updated_by`) VALUES
(1, '::1', 1, 'sdas');

-- --------------------------------------------------------

--
-- Table structure for table `leave_application`
--

CREATE TABLE `leave_application` (
  `id` int(11) NOT NULL,
  `admin_id` int(11) DEFAULT NULL,
  `other_emp` varchar(50) DEFAULT NULL,
  `from_date` date DEFAULT NULL,
  `to_date` date DEFAULT NULL,
  `reason` text,
  `selected_reason` varchar(255) NOT NULL DEFAULT '',
  `status` int(1) DEFAULT '0' COMMENT '0- Pending, 1- Approved, 2-Rejected',
  `contact_no` varchar(20) DEFAULT NULL,
  `location_id` varchar(50) DEFAULT NULL,
  `approved_by` varchar(50) DEFAULT NULL,
  `final_approval` tinyint(1) NOT NULL DEFAULT '0',
  `rejection_note` varchar(100) DEFAULT NULL,
  `authorised_by` int(11) DEFAULT NULL,
  `submitted_on` date DEFAULT NULL
) ENGINE=InnoDB DEFAULT CHARSET=latin1;

--
-- Dumping data for table `leave_application`
--

INSERT INTO `leave_application` (`id`, `admin_id`, `other_emp`, `from_date`, `to_date`, `reason`, `selected_reason`, `status`, `contact_no`, `location_id`, `approved_by`, `final_approval`, `rejection_note`, `authorised_by`, `submitted_on`) VALUES
(5, 12, NULL, '2017-06-18', '2017-06-18', 'Personal', '', 1, '8094517878', 'DSC', 'BANTU JAIN', 0, NULL, NULL, '2017-06-18'),
(6, 27, NULL, '2017-06-17', '2017-06-18', 'Personal', '', 2, NULL, NULL, 'Gangadhar Swami', 0, 'As discussed', NULL, '2017-06-17'),
(7, 29, NULL, '2017-06-22', '2017-06-30', 'Urgently work', '', 1, '7205375296', 'Jsg', 'Harshit Jain', 0, NULL, 11, '2017-06-22'),
(8, 29, NULL, '2017-06-21', '2017-07-22', 'Urgent work', '', 2, '7205375296', 'Jsg', 'Gangadhar Swami', 0, 'As discussed', 12, '2017-06-21'),
(9, 24, NULL, '2017-07-04', '2017-07-14', 'Arjent kaam ha', '', 1, '8000788102', 'Selvass ', 'Banti Jain', 0, NULL, NULL, '2017-07-04'),
(10, 26, NULL, '2017-07-01', '2017-07-06', 'Urgent work', '', 1, '8441006305', 'Zsd', 'Jaipal Singh', 1, NULL, 14, '2017-07-01'),
(11, 28, NULL, '2017-07-01', '2017-07-02', 'Urjent work', '', 1, '7891888791', 'Stl silwasa', 'Gangadhar Swami', 0, NULL, 12, '2017-07-01'),
(12, 12, NULL, '2017-07-04', '2017-07-09', 'Urgent Work', '', 0, '8094517878', 'DSC', NULL, 0, NULL, 5, '2017-07-04'),
(13, 32, NULL, '2017-07-21', '2017-07-24', 'Urgent work at my home', '', 1, '9983064604', 'panthnagar', 'Gangadhar Swami', 0, NULL, 12, '2017-07-21'),
(14, 29, NULL, '2017-08-02', '2017-08-12', 'Urgent work at home', '', 1, '7205375296', 'Jharsuguda', 'Harshit Jain', 0, NULL, 11, '2017-08-01'),
(15, 12, NULL, '2017-08-07', '2017-08-08', 'For Rakhsha Bandhan Festival', '', 1, '9166948478', 'RDC', 'Banti Jain', 0, NULL, 5, '2017-08-01'),
(16, 26, NULL, '2017-08-06', '2017-08-07', 'Argent work', '', 1, '8441006305', 'Zsd', 'Jaipal Singh', 1, NULL, 14, '2017-08-01'),
(17, 26, NULL, '2017-08-06', '2017-08-07', 'Argent work', '', 2, '8441006305', 'Debari', 'Banti Jain', 1, 'No', 14, '2017-08-01'),
(18, 14, NULL, '2017-08-06', '2017-08-07', 'For Rakhshabndhan', '', 1, '7023302151', 'RAM', 'Banti Jain', 0, NULL, 5, '2017-08-01'),
(19, 30, NULL, '2017-08-26', '2017-08-27', 'Urgent work', '', 0, '9887309758', 'Ram', NULL, 0, NULL, 14, '2017-08-26'),
(20, 21, NULL, '2017-10-14', '2017-10-29', 'Deeppavali festival', '', 1, '8780058889', 'Dahej Port gujarat', 'Arvind Sharma', 0, NULL, 13, '2017-09-09'),
(21, 24, NULL, '2017-10-15', '2017-10-25', 'Jaruri Kam ha', '', 0, '8000788102', 'Kandla port', NULL, 0, NULL, 5, '2017-09-14'),
(22, 12, 'Mukesh', '2017-10-11', '2017-10-24', 'Diwali festival and other work', '', 1, '7205990141', 'JSG', 'Harshit Jain', 0, NULL, 5, '2017-09-14'),
(23, 12, 'UMA SHANKAR', '2017-09-15', '2017-09-28', 'Diwali festival', '', 2, '8658384432', 'JSG', 'Harshit Jain', 0, 'As Discussed', 5, '2017-09-14'),
(24, 12, 'UMA SHANKAR', '2017-10-15', '2017-10-28', 'Diwali festival', '', 1, '8658384432', 'JSG', 'Harshit Jain', 0, NULL, 5, '2017-09-16'),
(25, 26, NULL, '2017-10-17', '2017-10-24', 'Argent work', '', 1, '8441006305', 'Zsd', 'Jaipal Singh', 1, NULL, 14, '2017-09-25'),
(26, 14, NULL, '2017-09-30', '2017-10-04', 'Urgent work at home ', '', 1, '7023302151', 'DSC', 'Banti Jain', 0, NULL, 5, '2017-09-25'),
(27, 14, 'Mulesh jat', '2017-09-30', '2017-10-02', 'Work at home', '', 1, '7023302152', 'RAM', 'Gangadhar Swami', 0, NULL, 5, '2017-09-28'),
(28, 14, 'Brijesh jat', '2017-09-30', '2017-10-05', 'Work at home', '', 1, '8503977437', 'DSC', 'Gangadhar Swami', 0, NULL, 5, '2017-09-28'),
(29, 14, 'Surendra jangir', '2017-09-30', '2017-10-01', 'For ssc exam', '', 1, '9549168817', 'Dsc', 'Gangadhar Swami', 0, NULL, 5, '2017-09-28'),
(30, 14, 'Anad jangir', '2017-09-30', '2017-10-01', 'For SSC exam', '', 1, '9649662528', 'Dsc', 'Gangadhar Swami', 0, NULL, 5, '2017-09-28'),
(31, 12, 'Shyam, Hemraj', '2017-09-29', '2017-10-02', 'JSG to meet brother', '', 1, '8094517878', 'VZS', 'Harshit Jain', 0, NULL, 5, '2017-09-29'),
(32, 14, 'Amit jat', '2017-10-16', '2017-10-21', 'For dipawali Festival', '', 2, '8290812688', 'Dsc', 'Gangadhar Swami', 0, 'As discussed', 5, '2017-10-09'),
(33, 11, 'Bharat D Charan', '2017-10-19', '2017-10-24', 'Dipawli Festival', '', 1, '7891888791', 'Silvassa', 'Gangadhar Swami', 0, NULL, 5, '2017-10-09'),
(34, 14, 'Lakke jangir', '2017-10-18', '2017-10-23', 'For dipawali fastival', '', 1, '7374949676', 'DSC', 'Gangadhar Swami', 0, NULL, 5, '2017-10-12'),
(35, 14, 'Naresh singh', '2017-10-18', '2017-10-20', 'For dipawali fastival', '', 1, '7023302155', 'Zawer', 'Gangadhar Swami', 0, NULL, 5, '2017-10-16'),
(36, 14, 'Ramavtar Tak', '2017-10-30', '2017-11-11', 'Urgent work at my home', '', 1, '9983064604', 'Dsc', 'Gangadhar Swami', 0, NULL, 5, '2017-10-18'),
(37, 11, '', '2017-10-19', '2017-10-22', 'Dipawli ', '', 0, '9668703774', 'Silvassa', NULL, 0, NULL, 5, '2017-10-18'),
(38, 14, 'Amit jat', '2017-10-25', '2017-11-02', 'Work at home ', '', 1, '8290812688', 'Dsc', 'Gangadhar Swami', 0, NULL, 5, '2017-10-23'),
(39, 14, 'Ravikant Kumavat', '2017-11-14', '2017-12-05', 'Work at home ', '', 0, '9057878233', 'Pmp', NULL, 0, NULL, 5, '2017-10-28'),
(40, 14, 'Rahul&devilal', '2017-10-30', '2017-11-01', 'Work at home', '', 0, '9549168817', 'Dsc', NULL, 0, NULL, 5, '2017-10-28'),
(41, 12, '', '2017-11-22', '2017-12-03', 'Work at home', '', 0, '9166948478', 'JSG', NULL, 0, NULL, 5, '2017-10-30'),
(42, 12, 'Chandrasekhar', '2017-11-25', '2017-12-09', 'Cussion marriage', '', 1, '7205375296', 'JSG', 'Jaipal Singh', 0, NULL, 5, '2017-10-30'),
(43, 14, 'Mukesh jat', '2017-11-20', '2017-11-23', 'Work at home', '', 1, '7023302152', 'Ram', 'Gangadhar Swami', 0, NULL, 5, '2017-11-15'),
(44, 14, 'Vijay', '2017-11-19', '2017-11-23', 'Marriage', '', 1, '8503977437', 'Dsc', 'Gangadhar Swami', 0, NULL, 5, '2017-11-16'),
(45, 14, 'Baldev kumavat', '2017-12-17', '2017-12-22', 'Work at home', '', 0, '9549304505', 'Dsc', NULL, 0, NULL, 5, '2017-12-09'),
(46, 11, '', '2018-01-10', '2018-02-21', 'Urgent work', '', 1, '9668703774', 'Jharsuguda', 'Banti Jain', 0, NULL, 5, '2017-12-29'),
(47, 14, '', '2018-01-11', '2018-01-18', 'Work at home ', '', 1, '7023302084', 'Dsc', 'Banti Jain', 0, NULL, 5, '2018-01-04'),
(48, 13, 'Devilal', '2018-01-11', '2018-01-15', 'Urgent work', '', 1, '8440841657', 'Dsc', 'Gangadhar Swami', 0, NULL, 5, '2018-01-11'),
(49, 13, 'Rahul', '2018-01-11', '2018-01-15', 'Urgent work', '', 1, '9549168817', 'Dsc', 'Gangadhar Swami', 0, NULL, 5, '2018-01-11'),
(50, 13, 'Munshiram', '2018-01-12', '2018-01-12', 'Resignation', '', 1, '9464713417', 'Dsc ', 'Gangadhar Swami', 0, NULL, 5, '2018-01-11'),
(51, 13, 'Ravi kant', '2018-01-18', '2018-01-25', 'Urgent work', '', 0, '9057878233', 'Dsc', NULL, 0, NULL, 5, '2018-01-16'),
(52, 13, 'Krishan kumar', '2018-01-18', '2018-01-25', 'Urgent work', '', 0, '9602977160', 'Dsc', NULL, 0, NULL, 5, '2018-01-16'),
(53, 24, '', '2018-01-19', '2018-01-24', 'Urgent work ', '', 0, '8003944132', 'Kandla port ', NULL, 0, NULL, 5, '2018-01-19'),
(54, 12, 'Shyam Swami ', '2018-02-25', '2018-03-10', 'Marriage of cousins ', '', 0, '7891167556', 'CLZS', NULL, 0, NULL, 5, '2018-01-28'),
(55, 12, '', '2018-02-25', '2018-03-10', 'Marriage of cousins ', '', 0, '9166948478', 'RA MiNes', NULL, 0, NULL, 5, '2018-01-28'),
(56, 24, '', '2018-02-26', '2018-03-05', 'Urgent Work ', '', 0, '8003944132', 'Kandla port ', NULL, 0, NULL, 5, '2018-02-25'),
(57, 24, '', '2018-04-07', '2018-04-22', 'Urgent work ', '', 0, '8003944132', 'Dsc ', NULL, 0, NULL, 5, '2018-03-30'),
(58, 11, '', '2018-04-15', '2018-04-22', 'Urgent Work', '', 0, '9668703774', 'Ram', NULL, 0, NULL, 5, '2018-04-11'),
(59, 24, '', '2018-05-05', '2018-05-20', 'Urgent work ', '', 0, '8003944132', 'Kandla port ', NULL, 0, NULL, 5, '2018-04-25'),
(60, 24, '', '2018-06-09', '2018-06-25', 'Urgent work ', '', 0, '8003944132', 'Kandla port ', NULL, 0, NULL, 5, '2018-06-04'),
(61, 14, '', '2018-06-27', '2018-07-08', 'Work at home ', '', 0, '9694666592', 'JSG', NULL, 0, NULL, 5, '2018-06-23'),
(62, 12, '', '2018-07-01', '2018-07-07', 'Work at home', '', 0, '8003937678', 'RDC', NULL, 0, NULL, 5, '2018-06-27'),
(63, 12, 'Shyam swami', '2018-06-28', '2018-07-07', 'Work at home', '', 0, '8003937678', 'VZS', NULL, 0, NULL, 5, '2018-06-27'),
(64, 11, '', '2018-08-21', '2018-09-03', 'Urgent work', '', 0, '9668703774', 'Ram', NULL, 0, NULL, 5, '2018-08-10'),
(65, 12, '', '2018-08-26', '2018-08-30', 'For Rakhsabandan', '', 0, '8003937678', 'KANDLA PORT', NULL, 0, NULL, 5, '2018-08-20'),
(66, 24, '', '2018-09-11', '2018-09-26', 'Urgent work', '', 0, '7227003948', 'Dsc', NULL, 0, NULL, 5, '2018-08-28'),
(67, 12, '', '2018-09-20', '2018-09-30', 'Work at home ', '', 0, '8003937678', 'KANDLA PORT', NULL, 0, NULL, 5, '2018-09-15'),
(68, 24, '', '2018-10-27', '2018-11-11', 'Urgent ', '', 2, '9152022931', 'Dsc', 'Banti Jain', 0, 'No', 5, '2018-10-17'),
(69, 12, '', '2018-10-24', '2018-11-04', 'Urgent work at home', '', 1, '8003937678', 'Navlakhi port', 'Banti Jain', 0, NULL, 5, '2018-10-23'),
(70, 11, '', '2018-11-04', '2018-11-10', 'Work at home', '', 2, '7023302084', 'RAM', 'Banti Jain', 0, 'No', 5, '2018-10-23'),
(71, 14, '', '2018-12-12', '2018-12-15', 'Sister marriage at home ', '', 0, '9694666592', 'RAM', NULL, 0, NULL, 5, '2018-12-04'),
(72, 11, '', '2019-04-06', '2019-04-20', 'Urgent work', '', 1, '7023302084', 'Jsg', 'Banti Jain', 0, NULL, 5, '2019-04-03'),
(73, 14, '', '2019-04-04', '2019-04-05', 'Personal  work ', '', 0, '9694666592', 'RAM', NULL, 0, NULL, 5, '2019-04-04'),
(74, 24, '', '2019-08-15', '2019-08-16', 'Urgent work', '', 0, '9152022931', 'Agucha', NULL, 0, NULL, 5, '2019-08-01'),
(75, 11, '', '2019-09-01', '2019-09-04', 'Urgent work.', '', 0, '7023302084', 'Dsc', NULL, 0, NULL, 5, '2019-08-31'),
(76, 24, '', '2019-08-31', '2019-09-02', 'Urgent work', '', 0, '9152022931', 'RAM', NULL, 0, NULL, 5, '2019-08-31'),
(77, 12, '', '2020-01-29', '2020-02-29', 'For marriage', '', 0, '8003937678', 'ESL-Bokaro', NULL, 0, NULL, 5, '2019-12-30'),
(78, 24, '', '2020-02-21', '2020-03-01', 'Urgent ', '', 0, '9152022931', 'Dsc plant', NULL, 0, NULL, 5, '2020-01-31'),
(79, 11, '', '2020-06-16', '2020-07-19', 'Urgent work', '', 0, '7023302084', 'Jsg', NULL, 0, NULL, 5, '2020-06-16'),
(80, 12, '', '2020-11-04', '2020-12-05', 'Wort at home and festival', '', 0, '8003937678', 'CLZS', NULL, 0, NULL, 5, '2020-10-19'),
(81, 24, '', '2021-06-17', '2021-07-20', 'Urgent work', '', 0, '7227003948', 'Dsc', NULL, 0, NULL, 5, '2021-06-17'),
(82, 11, '', '2021-10-27', '2021-11-13', 'Urgent work', '', 0, '9668703774', 'Jsg', NULL, 0, NULL, 5, '2021-10-26'),
(83, 24, '', '2022-02-24', '2022-03-07', 'Arjent Work', '', 0, '7227003948', 'Dsc', NULL, 0, NULL, 5, '2022-02-21'),
(84, 24, '', '2022-10-20', '2022-11-13', 'Urgent work ', '', 0, '9152022931', 'Dsc', NULL, 0, NULL, 5, '2022-10-17'),
(85, 10, '', '2024-02-20', '2024-02-21', 'testing ', '', 1, '8080140751', 'test', 'Soumen Das', 0, NULL, 5, '2024-02-20'),
(86, 57, '', '2024-02-20', '2024-02-22', 'tester ', '', 1, '8080140751', 'testing ', 'Soumen Das', 0, NULL, 5, '2024-02-20'),
(87, 59, '', '2025-01-16', '2025-01-17', 'Personal ', '', 0, '8080140751', 'Vashi', NULL, 0, NULL, 5, '2025-01-16'),
(88, 59, '', '2025-01-18', '2025-01-18', 'personal ', '', 1, '8080140751', 'Vashi', 'Bharat Chaudhari', 0, NULL, 5, '2025-01-18'),
(89, 59, '', '2025-01-20', '2025-01-20', 'personal ', '', 2, '8080140751', 'test', 'Bharat Chaudhari', 0, NULL, 59, '2025-01-20'),
(90, 59, '', '2025-01-21', '2025-01-21', 'personal ', '', 0, '8080140751', 'vashi', NULL, 0, NULL, 59, '2025-01-21'),
(91, 1, NULL, '2025-02-24', '2025-02-24', 'Due To Emergency', '', 0, '8080140751', 'JSG', NULL, 0, NULL, 10, '2025-01-22'),
(92, 1, NULL, '2025-02-24', '2025-02-24', 'Due To Emergency', '', 0, '8080140751', 'JSG', NULL, 0, NULL, 10, '2025-01-22'),
(93, 1, NULL, '2025-01-22', '2025-01-23', 'personal ', '', 0, '8080140751', 'Vashi', NULL, 0, NULL, 10, '2025-01-22'),
(94, 1, NULL, '2025-01-22', '2025-01-23', 'personal ', '', 0, '8080140751', 'Vashi', NULL, 0, NULL, 10, '2025-01-22'),
(95, 1, NULL, '2025-01-31', '2025-01-31', 'Testing........', '', 0, '80908080', 'Navi Mumbai ', NULL, 0, NULL, 10, '2025-01-22'),
(96, 1, NULL, '2025-01-22', '2025-01-23', 'POP', '', 0, '8080140751', 'Kisan Nagar', NULL, 0, NULL, 11, '2025-01-22'),
(97, 1, NULL, '2025-01-22', '2025-01-22', 'momo', '', 0, '9999887666', 'lop', NULL, 0, NULL, 13, '2025-01-22'),
(98, 1, NULL, '2025-01-22', '2025-01-22', 'xnndm', '', 0, '90909', 'ndjd', NULL, 0, NULL, 10, '2025-01-22'),
(99, 1, NULL, '2025-01-22', '2025-01-22', 'dhjd', '', 0, '908080', 'pkpk', NULL, 0, NULL, 1, '2025-01-22'),
(100, 1, NULL, '2025-01-22', '2025-01-22', 'fever', '', 0, '9786754333', 'ok', NULL, 1, NULL, 60, '2025-01-22'),
(101, 1, NULL, '2025-01-23', '2025-01-23', 'testing ', '', 0, '9878897658', 'thane ', NULL, 0, NULL, 60, '2025-01-23'),
(102, 1, NULL, '2025-01-23', '2025-01-23', 'Yusuf', '', 0, '086788', 'ok', NULL, 0, NULL, 10, '2025-01-23'),
(103, 1, NULL, '2025-02-24', '2025-02-24', 'Due To Emergency', '', 0, '8080140751', 'Pune', NULL, 0, NULL, 5, '2025-01-23'),
(104, 1, NULL, '2025-02-24', '2025-02-24', 'Due To Emergency', '', 2, '8080140751', 'Pune', NULL, 0, 'Rejected', 5, '2025-01-24'),
(105, 1, NULL, '2025-01-24', '2025-01-24', 'personal ', '', 0, '9868686808', 'thane ', NULL, 0, NULL, 1, '2025-01-24'),
(106, 1, NULL, '2025-01-24', '2025-01-24', 'okok', '', 0, '576888899', 'mumbai ', NULL, 0, NULL, 2, '2025-01-24'),
(107, 1, NULL, '2025-01-24', '2025-01-24', 'tejal', '', 0, '75757578', 'thane', NULL, 0, NULL, 57, '2025-01-24'),
(108, NULL, NULL, '2025-02-24', '2025-02-24', 'Due To Emergency', '', 0, '8080140751', 'JSG', NULL, 0, NULL, 1, '2025-01-24'),
(109, NULL, NULL, '2025-02-24', '2025-02-24', 'Due To Emergency', '', 0, '8080140751', 'JSG', NULL, 0, NULL, 1, '2025-01-24'),
(110, 2, NULL, '2025-02-24', '2025-02-24', 'Due To Emergency', '', 0, '8080140751', 'JSG', NULL, 0, NULL, 1, '2025-01-24'),
(111, 1, NULL, '2025-01-24', '2025-01-24', 'travelling ', '', 0, '684747465', 'rajasthan ', NULL, 0, NULL, 7, '2025-01-24'),
(112, 2, NULL, '2025-01-24', '2025-01-24', 'harshit ', '', 0, '86858686868', 'harshit', NULL, 1, NULL, 1, '2025-01-24'),
(113, 1, NULL, '2025-02-24', '2025-02-24', 'Due To Emergency', '', 2, '8080140751', 'Pune', NULL, 0, 'Rejected', 5, '2025-01-27'),
(114, 1, NULL, '2025-01-27', '2025-01-27', 'test id', '', 1, '8968696968', 'thane', NULL, 0, NULL, 2, '2025-01-27'),
(115, NULL, NULL, '2025-02-28', '2025-02-28', 'Due To Emergency', '', 0, '8080140751', 'JSG', NULL, 0, NULL, 10, '2025-01-27'),
(116, 1, NULL, '2025-01-27', '2025-01-27', 'desc', '', 0, '979686867', 'mulund ', NULL, 0, NULL, 2, '2025-01-27'),
(117, 1, NULL, '2025-01-27', '2025-01-27', 'demo', '', 0, '86868575', 'mulund ', NULL, 0, NULL, 1, '2025-01-27'),
(118, 1, NULL, '2025-01-27', '2025-01-31', 'Personal', '', 2, '8080140751', 'Bhopal', NULL, 0, 'working', 1, '2025-01-27'),
(119, 1, NULL, '2025-02-24', '2025-02-24', 'Due To Emergency', '', 1, '8080140751', 'Pune', NULL, 0, NULL, 5, '2025-01-27'),
(120, 228, NULL, '2025-01-28', '2025-02-01', 'Out off town', '', 0, '9900990089', 'Thane ', NULL, 0, NULL, 1, '2025-01-28'),
(121, 141, NULL, '2025-02-24', '2025-02-24', 'Due To Emergency', '', 1, '8080140751', 'Pune', NULL, 0, NULL, 5, '2025-02-03'),
(122, 141, NULL, '2025-02-03', '2025-02-04', 'pok yoday yoga', '', 2, '980808', 'vashi', NULL, 0, 'Rejected', 1, '2025-02-03'),
(123, 144, NULL, '2025-02-04', '2025-02-05', 'Personal', '', 1, '9321866715', 'vashi', NULL, 0, NULL, 1, '2025-02-04'),
(124, 144, NULL, '2025-02-04', '2025-02-05', 'test', '', 2, '9226142214', 'mumbai ', NULL, 0, 'Rejected', 2, '2025-02-04'),
(125, 144, NULL, '2025-02-04', '2025-02-05', 'personal ', '', 2, '7890563478', 'vashi', NULL, 0, 'Rejected', 1, '2025-02-04'),
(126, 144, NULL, '2025-02-05', '2025-02-06', 'Testing', '', 1, '9321866718', 'Mumbai ', NULL, 0, NULL, 2, '2025-02-05'),
(127, 144, NULL, '2025-02-05', '2025-02-06', 'Testing', '', 2, '7890456789', 'vashi', NULL, 0, 'Rejected', 2, '2025-02-05'),
(128, 1, NULL, '2025-02-07', '2025-02-07', 'personal ', '', 0, '90909090', 'pune', NULL, 0, NULL, 1, '2025-02-07'),
(129, 144, NULL, '2025-02-10', '2025-02-12', 'test', '', 1, '9876543212', 'Balco', NULL, 0, NULL, 1, '2025-02-10'),
(130, 144, NULL, '2025-02-10', '2025-02-12', 'testing', '', 0, '987654321234', 'hzl', NULL, 0, NULL, 1, '2025-02-10'),
(131, 1, NULL, '2025-02-10', '2025-02-10', 'personal ', '', 0, '9090909090', 'pakistan ', NULL, 0, NULL, 1, '2025-02-10'),
(132, 1, NULL, '2025-02-11', '2025-02-11', 'pakistan ', '', 0, '907080790', 'pok', NULL, 0, NULL, 1, '2025-02-10'),
(133, 1, NULL, '2025-02-28', '2025-02-28', 'company ', '', 0, '12345678', 'company ', NULL, 0, NULL, 1, '2025-02-10'),
(134, 144, NULL, '2025-02-12', '2025-02-14', 'Scrap', '', 1, '9876543212', 'Balco', NULL, 0, NULL, 1, '2025-02-12'),
(135, 144, NULL, '2025-02-12', '2025-02-15', 'scrap 1', '', 2, '9876543213', 'esl', NULL, 0, 'Rejected', 1, '2025-02-12'),
(136, 144, NULL, '2025-02-14', '2025-02-14', 'Health Issues', '', 1, '8765433190', 'Thane', NULL, 0, NULL, 1, '2025-02-14'),
(137, 144, NULL, '2025-02-20', '2025-02-21', 'Demo Testing ', '', 1, '9078674589', 'vashi', NULL, 0, NULL, 1, '2025-02-20'),
(138, 178, NULL, '2025-03-20', '2025-03-22', 'sick', '', 1, '7825167283', 'Balco', NULL, 0, NULL, 1, '2025-03-20'),
(139, 2, NULL, '2025-04-01', '2025-04-04', 'Work for home ', '', 2, '7023302084', 'RDC', NULL, 0, 'Rejected', 186, '2025-03-24'),
(140, 2, NULL, '2025-03-28', '2025-03-31', 'Urgent work for home ', '', 0, '7023302084', 'RDC', NULL, 0, NULL, 1, '2025-03-27'),
(141, 1, NULL, '2025-03-31', '2025-04-01', 'Due To Emergency', 'Emergency', 0, '8080140751', 'Pune', NULL, 0, NULL, 5, '2025-03-31'),
(145, 221, NULL, '2025-04-03', '2025-04-15', 'Engment ', 'Personal Work', 1, '7073900452', 'DSC', NULL, 0, NULL, 2, '2025-04-03'),
(146, 18, NULL, '2025-04-08', '2025-04-15', 'Urgent work at home ', 'Family Emergency', 1, '9660251941', '0', NULL, 1, NULL, 2, '2025-04-08'),
(147, 20, NULL, '2025-04-11', '2025-04-13', 'Personal ', 'Personal Work', 2, '9983869361', 'DSC', NULL, 0, 'Rejected', 2, '2025-04-09'),
(148, 8, NULL, '2025-04-12', '2025-04-25', 'Family Work ', 'Personal Work', 2, '8769165841', 'ZWM', NULL, 0, 'Rejected', 2, '2025-04-11'),
(149, 8, NULL, '2025-04-14', '2025-04-25', 'fimely Work ', 'Personal Work', 2, '8769165841', 'ZWM', NULL, 0, 'Rejected', 2, '2025-04-11'),
(150, 8, NULL, '2025-04-14', '2025-04-27', 'family work ', 'Personal Work', 1, '8769165841', 'ZWM', NULL, 0, NULL, 2, '2025-04-11'),
(151, 266, NULL, '2025-04-12', '2025-04-17', 'my mother in law is dead', 'Family Emergency', 1, '9680857071', 'SILVASSA', NULL, 1, NULL, 2, '2025-04-12'),
(152, 21, NULL, '2025-05-07', '2025-05-24', 'please approve ', 'Vacation', 2, '9119193126', 'BALCO', NULL, 0, 'Rejected', 7, '2025-04-12'),
(153, 224, NULL, '2025-04-13', '2025-04-16', 'please uprul ', 'Family Emergency', 0, '7023073131', 'BALCO', NULL, 0, NULL, 7, '2025-04-12'),
(154, 224, NULL, '2025-04-13', '2025-04-16', 'please uprul', 'Family Emergency', 0, '7023073131', 'BALCO', NULL, 0, NULL, 7, '2025-04-12'),
(155, 224, NULL, '2025-04-13', '2025-04-16', 'please uprul', 'Family Emergency', 0, '7023073131', 'BALCO', NULL, 0, NULL, 7, '2025-04-12'),
(156, 224, NULL, '2025-04-13', '2025-04-16', 'please uprul ', 'Family Emergency', 0, '7023073131', 'BALCO', NULL, 0, NULL, 7, '2025-04-12'),
(157, 238, NULL, '2025-04-23', '2025-05-03', 'family work ', 'Wedding', 1, '7877012178', 'ZWM', NULL, 0, NULL, 2, '2025-04-13'),
(158, 67, NULL, '2025-05-01', '2025-05-10', 'please approve ', 'Wedding', 1, '9680781761', 'BALCO', NULL, 0, NULL, 7, '2025-04-17'),
(159, 60, NULL, '2025-05-02', '2025-05-15', 'please approved ', 'Wedding', 1, '6377290098', '0', NULL, 0, NULL, 7, '2025-04-17'),
(160, 213, NULL, '2025-05-08', '2025-05-24', 'please approve ', 'Personal Work', 1, '9065605172', 'BALCO', NULL, 0, NULL, 7, '2025-04-17'),
(161, 261, NULL, '2025-04-21', '2025-04-23', 'home work', 'Work from Home', 0, '7014864988', 'DSC', NULL, 0, NULL, 2, '2025-04-20'),
(162, 20, NULL, '2025-04-21', '2025-05-01', 'Family time ', 'Vacation', 1, '9983869361', 'DSC', NULL, 0, NULL, 2, '2025-04-20'),
(163, 214, NULL, '2025-04-21', '2025-04-30', 'please approve', 'Medical Appointment', 1, '9636691784', 'BALCO', NULL, 0, NULL, 7, '2025-04-20'),
(164, 276, NULL, '2025-05-15', '2025-05-15', 'igog8f', 'Family Emergency', 1, '9899880087', 'PORT', NULL, 0, 'Rejected', 201, '2025-04-21'),
(165, 242, NULL, '2025-05-03', '2025-06-05', 'please grant me leave', 'Wedding', 1, '6376601297', 'ZWM', NULL, 0, NULL, 2, '2025-04-21'),
(166, 249, NULL, '2025-04-22', '2025-05-02', 'self medical test', 'Medical Appointment', 1, '8764931791', 'RAM', NULL, 0, NULL, 2, '2025-04-21'),
(167, 63, NULL, '2025-04-28', '2025-05-10', 'brother wedding ', 'Wedding', 1, '8503856647', 'JSG', NULL, 0, NULL, 7, '2025-04-22'),
(169, 246, NULL, '2025-04-27', '2025-05-08', 'wedding at home', 'Wedding', 0, '9145855134', 'RAM', NULL, 0, NULL, 2, '2025-04-23'),
(170, 217, NULL, '2025-04-28', '2025-05-04', 'exam BSTC', 'Other', 1, '6378280693', 'JSG', NULL, 0, NULL, 7, '2025-04-24'),
(171, 227, NULL, '2025-04-27', '2025-05-10', 'sister wedding ', 'Wedding', 1, '7424841762', 'DSC', NULL, 0, NULL, 2, '2025-04-24'),
(172, 223, NULL, '2025-05-06', '2025-05-24', 'please approve ', 'Personal Work', 2, '7665612981', 'BALCO', NULL, 0, 'Rejected', 7, '2025-04-25'),
(173, 282, NULL, '2025-04-29', '2025-05-15', 'plz approved ', 'Personal Work', 1, '7728967072', 'BALCO', NULL, 0, NULL, 7, '2025-04-28'),
(174, 240, NULL, '2025-05-01', '2025-05-30', 'sister wedding', 'Wedding', 1, '7231918059', 'SKM', NULL, 0, NULL, 2, '2025-04-28'),
(175, 205, NULL, '2025-05-01', '2025-05-15', 'okey', 'Work from Home', 1, '9785186667', 'ESL', NULL, 0, NULL, 7, '2025-04-28'),
(176, 218, NULL, '2025-04-30', '2025-05-15', 'SISTER WEDDING ', 'Wedding', 0, '6355187894', 'ESL', NULL, 0, NULL, 7, '2025-04-29'),
(177, 218, NULL, '2025-04-30', '2025-05-15', 'SISTER WEDDING ', 'Wedding', 1, '6355187894', 'ESL', NULL, 0, NULL, 7, '2025-04-29'),
(178, 70, NULL, '2025-05-26', '2025-06-14', 'Personal work', 'Personal Work', 2, '8107941242', 'BALCO', NULL, 0, 'Rejected', 7, '2025-05-01'),
(179, 105, NULL, '2025-05-05', '2025-05-12', 'wedding ', 'Vacation', 2, '7691006776', 'PORT', NULL, 0, 'Rejected', 2, '2025-05-03'),
(180, 105, NULL, '2025-05-05', '2025-05-20', 'wedding ', 'Personal Work', 1, '7691006776', 'PORT', NULL, 0, NULL, 2, '2025-05-04'),
(181, 223, NULL, '2025-05-07', '2025-05-22', 'please approve ', 'Wedding', 1, '7665612981', 'BALCO', NULL, 0, NULL, 7, '2025-05-05'),
(182, 225, NULL, '2025-05-11', '2025-05-25', 'Brother\'s marriage:', 'Other', 1, '9358804172', 'JSG', NULL, 0, NULL, 7, '2025-05-05'),
(183, 92, NULL, '2025-05-21', '2025-05-31', 'brothar wedding ', 'Wedding', 1, '8239935326', 'JSG', NULL, 0, NULL, 7, '2025-05-06'),
(184, 19, NULL, '2025-05-12', '2025-05-17', 'sir please approve my application.', 'Work from Home', 2, '9024939576', 'ZWM', NULL, 0, 'Rejected', 2, '2025-05-06'),
(185, 243, NULL, '2025-05-21', '2025-06-02', 'go for home ', 'Work from Home', 1, '7733006013', 'ZWM', NULL, 0, NULL, 2, '2025-05-06'),
(186, 21, NULL, '2025-05-07', '2025-05-22', 'please approve ', 'Wedding', 1, '9119193126', 'BALCO', NULL, 0, NULL, 7, '2025-05-06'),
(187, 263, NULL, '2025-05-23', '2025-05-30', 'brother wedding ', 'Wedding', 1, '7240156836', 'DSC', NULL, 0, NULL, 2, '2025-05-08'),
(188, 231, NULL, '2025-05-21', '2025-06-20', 'college exam ', 'Other', 1, '9588922406', 'DSC', NULL, 0, NULL, 2, '2025-05-08'),
(189, 267, NULL, '2025-05-21', '2025-06-10', 'Family time ', 'Vacation', 1, '9588267697', 'DSC', NULL, 0, NULL, 2, '2025-05-08'),
(190, 236, NULL, '2025-05-21', '2025-06-20', 'family time ', 'Work from Home', 2, '7073107251', 'RDM', NULL, 0, 'Rejected', 2, '2025-05-08'),
(191, 236, NULL, '2025-05-21', '2025-06-20', 'family time ', 'Work from Home', 1, '7073107251', 'RDM', NULL, 0, NULL, 2, '2025-05-08'),
(192, 286, NULL, '2025-05-10', '2025-05-12', 'please Approve sir', 'Other', 2, '9351170189', 'Cairn Barmer', NULL, 0, 'Rejected', 2, '2025-05-09'),
(193, 258, NULL, '2025-05-11', '2025-05-16', 'family emergency ', 'Family Emergency', 0, '7568634098', 'DSC', NULL, 0, NULL, 2, '2025-05-09'),
(194, 286, NULL, '2025-05-10', '2025-05-12', 'please approve sir', 'Other', 1, '9351170189', 'Cairn Barmer', NULL, 1, NULL, 2, '2025-05-10'),
(195, 26, NULL, '2025-05-10', '2025-05-12', 'Please Approved sir', 'Other', 1, '8950902968', 'Cairn Barmer', NULL, 1, NULL, 2, '2025-05-10'),
(196, 64, NULL, '2025-05-10', '2025-05-12', 'please approve sir ', 'Other', 1, '9680323542', 'Cairn Barmer', NULL, 0, NULL, 2, '2025-05-10'),
(197, 86, NULL, '2025-05-21', '2025-06-06', 'family emergency ', 'Family Emergency', 1, '7023254568', 'JSG', NULL, 0, NULL, 7, '2025-05-11'),
(198, 65, NULL, '2025-05-14', '2025-05-25', 'urgent work ', 'Family Emergency', 1, '9079116596', 'JSG', NULL, 0, NULL, 7, '2025-05-12'),
(199, 3, NULL, '2025-06-17', '2025-07-10', 'na', 'Wedding', 0, '7227003948', '0', NULL, 0, NULL, 1, '2025-05-13'),
(200, 265, NULL, '2025-06-09', '2025-08-09', 'There is important work at home', 'Other', 0, '6291527816', 'SILVASSA', NULL, 0, NULL, 2, '2025-05-13'),
(201, 265, NULL, '2025-06-09', '2025-07-09', 'There is important work at home', 'Other', 0, '6291527816', 'SILVASSA', NULL, 0, NULL, 2, '2025-05-13'),
(202, 57, NULL, '2025-05-15', '2025-05-16', 'Family emergency ', 'Family Emergency', 1, '9660719893', 'DSC', NULL, 0, NULL, 2, '2025-05-13'),
(203, 208, NULL, '2025-05-17', '2025-05-18', 'Grand mother Hospitals ', 'Family Emergency', 1, '8875783731', 'DSC', NULL, 0, NULL, 2, '2025-05-16'),
(205, 276, NULL, '2025-05-22', '2025-05-31', 'hiii', 'Personal Work', 0, '88992827', 'BALCO', NULL, 0, NULL, 178, '2025-05-16'),
(210, 201, NULL, '2025-05-19', '2025-05-28', 'comman ', 'Family Emergency', 0, '99090990', 'VZS', NULL, 0, NULL, 276, '2025-05-17'),
(211, 230, NULL, '2025-05-23', '2025-06-10', 'family emergency ', 'Family Emergency', 1, '6375698219', 'ESL', NULL, 0, NULL, 7, '2025-05-17'),
(212, 256, NULL, '2025-05-19', '2025-06-09', 'medical emergency ', 'Medical Appointment', 1, '7877217830', 'PORT', NULL, 0, NULL, 2, '2025-05-18'),
(213, 201, NULL, '2025-05-17', '2025-05-17', 'comman ', 'Family Emergency', 0, '99090990', 'VZS', NULL, 0, NULL, 276, '2025-05-17'),
(214, 215, NULL, '2025-05-20', '2025-06-07', 'my wedding ', 'Wedding', 1, '9799588199', 'BALCO', NULL, 0, NULL, 7, '2025-05-19'),
(215, 252, NULL, '2025-05-22', '2025-05-30', 'wedding ', 'Wedding', 1, '8441975154', 'DSC', NULL, 0, NULL, 2, '2025-05-21'),
(216, 271, NULL, '2025-05-23', '2025-06-15', 'My Brother\'s wedding ', 'Wedding', 1, '7742351409', 'RAM', NULL, 0, NULL, 2, '2025-05-21'),
(217, 29, NULL, '2025-05-22', '2025-05-25', 'sir Around ', 'Family Emergency', 1, '7877671653', 'KAKINADA', NULL, 0, NULL, 2, '2025-05-22'),
(218, 85, NULL, '2025-06-01', '2025-06-15', 'go for home ', 'Work from Home', 1, '8955131452', 'ZWM', NULL, 0, NULL, 2, '2025-05-23'),
(219, 288, NULL, '2025-05-23', '2025-06-30', 'I\'m sick', 'Medical Appointment', 1, '8824730369', '0', NULL, 0, NULL, 2, '2025-05-23'),
(220, 288, NULL, '2025-05-23', '2025-05-31', 'I\'m sick', 'Sick Leave', 2, '8824730369', 'DSC', NULL, 0, 'Rejected', 2, '2025-05-23'),
(221, 100, NULL, '2025-05-25', '2025-05-25', 'my younger nephew in hospital in jaipur', 'Other', 1, '9875739685', 'DSC', NULL, 0, NULL, 2, '2025-05-24'),
(222, 212, NULL, '2025-05-27', '2025-05-31', 'family emergency ', 'Family Emergency', 1, '7597126153', 'ESL', NULL, 0, NULL, 7, '2025-05-26'),
(223, 212, NULL, '2025-05-27', '2025-05-31', 'family emergency ', 'Family Emergency', 1, '7597126153', 'ESL', NULL, 0, NULL, 7, '2025-05-26'),
(224, 53, NULL, '2025-05-26', '2025-05-31', 'cousin brother dead', 'Family Emergency', 1, '8290214753', 'DSC', NULL, 0, NULL, 2, '2025-05-26'),
(225, 286, NULL, '2025-05-28', '2025-06-03', 'Approved sir', 'Family Emergency', 1, '9351170189', 'Cairn Barmer', NULL, 0, NULL, 2, '2025-05-27'),
(226, 299, NULL, '2025-05-31', '2025-06-21', 'personal work', 'Personal Work', 0, '9201060921', 'BALCO', NULL, 0, NULL, 7, '2025-05-31'),
(227, 301, NULL, '2025-05-31', '2025-06-20', 'family work', 'Family Emergency', 0, '6261447302', 'BALCO', NULL, 0, NULL, 7, '2025-05-31'),
(228, 20, NULL, '2025-05-31', '2025-06-01', 'Wife Sick ', 'Family Emergency', 0, '9983869361', 'DSC', NULL, 0, NULL, 2, '2025-05-31'),
(229, 241, NULL, '2025-06-03', '2025-06-24', 'work from home ', 'Work from Home', 0, '6376389487', 'ESL', NULL, 0, NULL, 7, '2025-06-01'),
(230, 219, NULL, '2025-06-02', '2025-06-20', 'home work ', 'Other', 0, '6396048900', 'JSG', NULL, 0, NULL, 7, '2025-06-02'),
(233, 295, NULL, '2025-06-04', '2025-06-15', '\"I have some important work at home, so I need 10 days of leave.\"', 'Family Emergency', 1, '7742808361', 'Malco ( Salem )', NULL, 0, NULL, 7, '2025-06-03'),
(234, 269, NULL, '2025-06-04', '2025-06-10', 'family work ', 'Work from Home', 1, '9694855131', 'DSC', NULL, 0, NULL, 2, '2025-06-03'),
(235, 15, NULL, '2025-06-12', '2025-06-15', 'family work', 'Personal Work', 1, '9024115137', 'ZSD', NULL, 0, NULL, 2, '2025-06-12'),
(236, 20, NULL, '2025-06-14', '2025-06-15', 'Family Time ', 'Personal Work', 1, '9983869361', 'RAM', NULL, 0, NULL, 2, '2025-06-14'),
(237, 292, NULL, '2025-06-16', '2025-06-25', 'urgent work', 'Personal Work', 0, '9352110612', 'Malco ( Salem )', NULL, 0, NULL, 7, '2025-06-15'),
(238, 20, NULL, '2025-06-21', '2025-06-22', 'Wife Sick ', 'Family Emergency', 0, '9983869361', '0', NULL, 0, NULL, 2, '2025-06-20'),
(239, 50, NULL, '2025-06-24', '2025-07-05', 'Personal work', 'Personal Work', 1, '7627069248', '0', NULL, 0, NULL, 2, '2025-06-23'),
(240, 36, NULL, '2025-07-01', '2025-07-25', 'Family work ', 'Personal Work', 0, '9166276926', 'JSG', NULL, 0, NULL, 7, '2025-06-25'),
(241, 234, NULL, '2025-07-01', '2025-07-15', 'family emergency ', 'Family Emergency', 0, '9204709482', 'ESL', NULL, 0, NULL, 7, '2025-06-26'),
(242, 279, NULL, '2025-07-01', '2025-07-11', 'family emergency ', 'Family Emergency', 0, '7877671516', '0', NULL, 0, NULL, 7, '2025-07-01'),
(243, 266, NULL, '2025-07-02', '2025-07-12', 'family emergency ', 'Family Emergency', 1, '9680857071', 'SILVASSA', NULL, 0, NULL, 2, '2025-07-01'),
(244, 309, NULL, '2025-07-04', '2025-07-10', 'Medical appointment', 'Medical Appointment', 1, '7073946759', 'DSC', NULL, 0, NULL, 2, '2025-07-03'),
(245, 307, NULL, '2025-07-07', '2025-07-20', 'Family Emergency', 'Family Emergency', 1, '7851996503', 'DSC', NULL, 0, NULL, 2, '2025-07-05'),
(246, 253, NULL, '2025-07-07', '2025-07-15', 'Family Emergency ', 'Family Emergency', 1, '9380828779', 'DSC', NULL, 0, NULL, 2, '2025-07-05'),
(247, 108, NULL, '2025-07-10', '2025-07-23', 'family emergency ', 'Family Emergency', 0, '9587487907', 'GPL (JSG)', NULL, 0, NULL, 7, '2025-07-08'),
(248, 238, NULL, '2025-07-31', '2025-08-08', 'leave request ', 'Personal Work', 1, '7877012178', '0', NULL, 0, NULL, 2, '2025-07-09'),
(249, 100, NULL, '2025-07-10', '2025-07-13', 'personal work', 'Personal Work', 1, '9875739685', '0', NULL, 0, NULL, 2, '2025-07-09'),
(250, 18, NULL, '2025-07-10', '2025-07-18', 'Some personal work at home', 'Personal Work', 1, '9660251942', '0', NULL, 1, NULL, 2, '2025-07-09'),
(251, 294, NULL, '2025-08-01', '2025-08-10', 'personal work', 'Personal Work', 0, '8058001550', 'ESL', NULL, 0, NULL, 7, '2025-07-11'),
(252, 20, NULL, '2025-07-12', '2025-07-15', 'I have to go somewhere else so I have to go home for some time', 'Personal Work', 1, '9983869361', 'RAM', NULL, 0, NULL, 2, '2025-07-12'),
(253, 255, NULL, '2025-07-15', '2025-07-25', 'exam ', 'Personal Work', 1, '9571109735', 'Mundra (Port)', NULL, 0, NULL, 2, '2025-07-13'),
(254, 104, NULL, '2025-07-16', '2025-07-31', 'personal work ', 'Personal Work', 1, '8279238043', 'Kandla ( Port)', NULL, 0, NULL, 2, '2025-07-13'),
(255, 221, NULL, '2025-07-14', '2025-07-24', 'family work', 'Personal Work', 1, '7073900452', 'RAM', NULL, 0, NULL, 2, '2025-07-13'),
(256, 287, NULL, '2025-07-23', '2025-08-05', '????? ??????? ', 'Vacation', 0, '9509649365', '0', NULL, 0, NULL, 7, '2025-07-13'),
(257, 280, NULL, '2025-07-18', '2025-08-02', 'please approve ', 'Sick Leave', 1, '9694962704', '0', NULL, 0, NULL, 7, '2025-07-13'),
(258, 280, NULL, '2025-07-18', '2025-08-02', 'please approve ', 'Sick Leave', 1, '9694962704', '0', NULL, 0, NULL, 7, '2025-07-13'),
(259, 280, NULL, '2025-07-18', '2025-08-02', 'please approve ', 'Sick Leave', 0, '9694962704', '0', NULL, 0, NULL, 7, '2025-07-13'),
(260, 285, NULL, '2025-07-23', '2025-08-05', 'please approve ', 'Wedding', 1, '6367496610', 'PLANT-1 (JSG)', NULL, 0, NULL, 7, '2025-07-13'),
(261, 100, NULL, '2025-07-19', '2025-07-20', 'my father conduction is not Good ', 'Family Emergency', 1, '9875739685', 'MPT', NULL, 0, NULL, 2, '2025-07-18'),
(262, 80, NULL, '2025-08-01', '2025-08-10', 'Family program (Dasotan)', 'Other', 0, '8769235870', 'ESL', NULL, 0, NULL, 7, '2025-07-19'),
(263, 205, NULL, '2025-07-26', '2025-07-31', 'urgent work at home ', 'Work from Home', 0, '9785186667', 'BALCO', NULL, 0, NULL, 7, '2025-07-19'),
(264, 259, NULL, '2025-07-22', '2025-07-27', 'mosi ji expire ', 'Family Emergency', 0, '6350617603', 'Singrauli (Port)', NULL, 0, NULL, 2, '2025-07-21'),
(265, 232, NULL, '2025-08-06', '2025-08-20', 'Personal work ', 'Personal Work', 0, '6375453506', 'SEZ (JSG)', NULL, 0, NULL, 7, '2025-07-23'),
(266, 21, NULL, '2025-07-24', '2025-08-03', 'please approve ', 'Medical Appointment', 0, '9119193126', 'SEZ (JSG)', NULL, 0, NULL, 7, '2025-07-24'),
(267, 8, NULL, '2025-07-26', '2025-08-03', 'Home work ', 'Work from Home', 1, '8769165841', 'DSC', NULL, 0, NULL, 2, '2025-07-25'),
(268, 39, NULL, '2025-08-08', '2025-08-20', 'family emergency ', 'Family Emergency', 0, '6375715922', 'Silvassa (Dadra)', NULL, 0, NULL, 2, '2025-07-28'),
(269, 51, NULL, '2025-08-05', '2025-09-05', 'personal work ', 'Personal Work', 0, '9929886481', 'ESL', NULL, 0, NULL, 7, '2025-07-28'),
(270, 254, NULL, '2025-07-29', '2025-08-12', 'family emergency ', 'Family Emergency', 1, '7427862728', 'Hazira (Port)', NULL, 0, NULL, 2, '2025-07-28'),
(271, 261, NULL, '2025-08-11', '2025-08-20', 'leave', 'Personal Work', 0, '7014864988', 'ZWM CPP', NULL, 0, NULL, 2, '2025-07-29');

-- --------------------------------------------------------

--
-- Table structure for table `location_master`
--

CREATE TABLE `location_master` (
  `id` int(100) NOT NULL,
  `location_name` varchar(500) DEFAULT NULL,
  `company_name` varchar(500) DEFAULT NULL,
  `work_description` varchar(500) DEFAULT NULL,
  `created_at` datetime DEFAULT CURRENT_TIMESTAMP,
  `created_by` varchar(500) DEFAULT NULL
) ENGINE=InnoDB DEFAULT CHARSET=latin1;

--
-- Dumping data for table `location_master`
--

INSERT INTO `location_master` (`id`, `location_name`, `company_name`, `work_description`, `created_at`, `created_by`) VALUES
(1, 'BALCO', 'BALCO', 'SCRAP AUDITOR', '2023-07-14 19:40:17', '1'),
(2, 'JSG', 'VEDANTA LIMITED', 'SCRAP AUDITOR', '2023-07-14 19:40:41', '1'),
(3, 'ESL', 'ESL STEEL LIMITED', 'SCRAP AUDITOR', '2023-07-14 19:41:00', '1'),
(4, 'VZS', 'HZL & VAL', 'SCRAP AUDITOR', '2023-07-14 19:41:25', '1'),
(5, 'KOTA', 'HZL', 'SCRAP AUDITOR', '2023-07-14 19:41:51', '1'),
(6, 'PORT', 'HZL', 'SCRAP AUDITOR', '2023-07-14 19:42:09', '1'),
(7, 'CHIKLI', 'WAAREE', 'SCRAP AUDITOR', '2023-07-14 19:42:41', '1'),
(8, 'SILVASSA', 'STL & SYSTEMATIC', 'SCRAP AUDITOR', '2023-07-14 19:43:04', '1'),
(9, 'KOLKATTA', 'SYSTEMATIC', 'SCRAP AUDITOR', '2023-07-14 19:43:26', '1'),
(10, 'PMP', 'HZL', 'SCRAP AUDITOR', '2023-07-14 19:43:51', '1'),
(11, 'RDC', 'HZL', 'SCRAP AUDITOR', '2023-07-14 19:44:07', 'BANTU JAIN'),
(12, 'ZWM', 'HZL', 'SCRAP AUDITOR', '2023-07-14 19:44:35', '1'),
(13, 'CSC', 'HZL', 'SCRAP AUDITOR', '2023-07-14 19:44:50', '1'),
(14, 'ZSD', 'HZL', 'SCRAP AUDITOR', '2023-07-14 19:45:07', '1'),
(15, 'RAM', 'HZL', 'SCRAP AUDITOR', '2023-07-14 19:45:22', '1'),
(16, 'KYM', 'HZL', 'SCRAP AUDITOR', '2023-07-14 19:45:39', '1'),
(17, 'KAKINADA', 'VAL', 'SCRAP AUDITOR', '2023-07-14 19:46:23', '1'),
(18, 'Cairn Barmer', 'Cairn India', 'Scrap Auditor', '2023-07-22 14:13:54', '30'),
(19, 'Mulund', 'Priyanka ', 'Demo Testting', '2024-08-28 17:39:31', '1');

-- --------------------------------------------------------

--
-- Table structure for table `location_material`
--

CREATE TABLE `location_material` (
  `id` int(11) NOT NULL,
  `location_id` int(11) NOT NULL,
  `mat_id` int(11) NOT NULL
) ENGINE=InnoDB DEFAULT CHARSET=latin1;

--
-- Dumping data for table `location_material`
--

INSERT INTO `location_material` (`id`, `location_id`, `mat_id`) VALUES
(1, 9, 1),
(2, 9, 2),
(3, 8, 1),
(4, 8, 2),
(9, 5, 1),
(10, 5, 2),
(11, 4, 1),
(12, 4, 2),
(38, 20, 5),
(39, 21, 5),
(40, 22, 5),
(41, 23, 5),
(44, 15, 1),
(51, 18, 5),
(52, 26, 1),
(53, 26, 3),
(54, 26, 8),
(59, 28, 1),
(60, 28, 3),
(61, 28, 8),
(70, 13, 1),
(71, 13, 3),
(78, 7, 1),
(79, 7, 2),
(80, 6, 1),
(81, 6, 2),
(86, 19, 1),
(87, 19, 3),
(88, 19, 5),
(89, 19, 8),
(98, 34, 5),
(99, 11, 3),
(100, 11, 5),
(101, 33, 1),
(102, 33, 2),
(103, 33, 3),
(104, 33, 4),
(105, 33, 5),
(106, 33, 6),
(107, 33, 7),
(108, 33, 8),
(109, 33, 9),
(110, 33, 10),
(121, 31, 1),
(122, 31, 2),
(123, 31, 3),
(124, 31, 4),
(125, 31, 5),
(126, 31, 6),
(127, 31, 7),
(128, 31, 8),
(129, 31, 9),
(130, 31, 10),
(140, 30, 1),
(141, 30, 2),
(142, 30, 3),
(143, 30, 4),
(144, 30, 5),
(145, 30, 6),
(146, 30, 7),
(147, 30, 8),
(148, 30, 9),
(149, 30, 10),
(150, 29, 1),
(151, 29, 2),
(152, 29, 3),
(153, 29, 4),
(154, 29, 5),
(155, 29, 6),
(156, 29, 7),
(157, 29, 8),
(158, 29, 9),
(159, 29, 10),
(170, 24, 5),
(171, 24, 8),
(172, 24, 9),
(173, 24, 10),
(174, 14, 1),
(175, 14, 2),
(176, 14, 5),
(177, 12, 3),
(178, 12, 5),
(179, 12, 6),
(180, 10, 3),
(181, 10, 5),
(182, 32, 1),
(183, 32, 2),
(184, 32, 3),
(185, 32, 4),
(186, 32, 5),
(187, 32, 6),
(188, 32, 7),
(189, 32, 8),
(190, 32, 9),
(191, 32, 10),
(192, 35, 1),
(193, 17, 1),
(194, 17, 2),
(195, 17, 3),
(196, 17, 4),
(197, 17, 5),
(198, 17, 6),
(199, 16, 1),
(200, 16, 5),
(201, 16, 6),
(212, 25, 1),
(213, 25, 2),
(214, 25, 3),
(215, 25, 4),
(216, 25, 5),
(217, 25, 6),
(218, 25, 7),
(219, 25, 8),
(220, 25, 9),
(221, 25, 10),
(222, 25, 11),
(223, 36, 5),
(227, 38, 1),
(228, 39, 1),
(229, 37, 12),
(233, 40, 1),
(234, 41, 1),
(253, 44, 15),
(254, 44, 16),
(255, 44, 17),
(256, 44, 18),
(257, 44, 19),
(258, 43, 17),
(259, 43, 18),
(260, 42, 17),
(261, 42, 18),
(264, 45, 19),
(265, 46, 17),
(266, 47, 1),
(267, 47, 4),
(268, 47, 19),
(271, 48, 5),
(273, 49, 5),
(274, 51, 1),
(283, 52, 1),
(284, 52, 2);

-- --------------------------------------------------------

--
-- Table structure for table `master_material`
--

CREATE TABLE `master_material` (
  `material_id` int(11) NOT NULL,
  `vendor_id` varchar(11) DEFAULT NULL,
  `material_name` text NOT NULL,
  `material_desc` varchar(500) NOT NULL,
  `is_available_for_seal` int(1) NOT NULL DEFAULT '1' COMMENT '0-No,1-Yes	',
  `is_available_for_scrap` int(1) DEFAULT NULL COMMENT '0-No,1-Yes',
  `is_active` varchar(1) NOT NULL,
  `updated_by` varchar(20) NOT NULL,
  `date_updated` timestamp NOT NULL DEFAULT CURRENT_TIMESTAMP ON UPDATE CURRENT_TIMESTAMP,
  `org_id` int(11) DEFAULT NULL,
  `is_available_for_gps` int(1) DEFAULT '0'
) ENGINE=InnoDB DEFAULT CHARSET=latin1;

--
-- Dumping data for table `master_material`
--

INSERT INTO `master_material` (`material_id`, `vendor_id`, `material_name`, `material_desc`, `is_available_for_seal`, `is_available_for_scrap`, `is_active`, `updated_by`, `date_updated`, `org_id`, `is_available_for_gps`) VALUES
(1, '0', 'Aluminium Scrap', 'Aluminium Scrap', 1, NULL, 'Y', 'GANGADHAR SWAMI', '2025-01-22 11:39:31', 1, 0),
(2, '0', 'Machinery Scrap', 'Machinery Scrap', 1, NULL, 'Y', 'GANGADHAR SWAMI', '2023-05-05 09:26:31', NULL, 0),
(3, '0', 'MS Collector Bar Scrap', 'MS Collector Bar Scrap', 1, NULL, 'Y', 'GANGADHAR SWAMI', '2023-05-05 09:26:31', NULL, 0),
(4, '0', 'MS Round Bar Scrap', 'MS Round Bar Scrap', 1, NULL, 'Y', 'GANGADHAR SWAMI', '2023-05-05 09:26:31', NULL, 0),
(5, '0', 'Generator Transformer Scrap  – 80 MVA', 'Generator Transformer Scrap  – 80 MVA', 1, NULL, 'Y', 'GANGADHAR SWAMI', '2023-05-05 09:26:31', NULL, 0),
(6, '0', 'Mixed MS Scrap', 'Mixed MS Scrap', 1, NULL, 'Y', 'GANGADHAR SWAMI', '2023-05-05 09:26:31', NULL, 0),
(7, '0', 'TMT Bar Scrap', 'TMT Bar Scrap', 1, NULL, 'Y', 'GANGADHAR SWAMI', '2023-05-05 09:26:31', NULL, 0),
(8, '0', 'CI HOUSING WITH ROLLER', 'CI HOUSING WITH ROLLER', 1, NULL, 'Y', 'GANGADHAR SWAMI', '2023-05-05 09:26:31', NULL, 0),
(9, '0', 'CI Scrap', 'CI Scrap', 1, NULL, 'Y', 'GANGADHAR SWAMI', '2023-05-05 09:26:31', NULL, 0),
(10, '0', 'MS With Al Attach', 'MS With Al Attach', 1, NULL, 'Y', 'GANGADHAR SWAMI', '2023-05-05 09:26:31', NULL, 0),
(11, '0', 'Conveyor Belt Scrap', 'Conveyor Belt Scrap', 1, NULL, 'Y', 'GANGADHAR SWAMI', '2023-05-05 09:26:31', NULL, 0),
(12, '0', 'MS/GI FILTER SCRAP', 'MS/GI FILTER SCRAP', 1, NULL, 'Y', 'GANGADHAR SWAMI', '2023-05-05 09:26:31', NULL, 0),
(13, '0', 'USED LUMPY ALUMINA ', 'USED LUMPY ALUMINA ', 1, NULL, 'Y', 'GANGADHAR SWAMI', '2023-05-05 09:26:31', NULL, 0),
(14, '0', 'SS HOSE PIPE WITH MS ATTACH', 'SS HOSE PIPE WITH MS ATTACH', 1, NULL, 'Y', 'GANGADHAR SWAMI', '2023-05-05 09:26:31', NULL, 0),
(15, '0', 'CAST IRON SLAG', 'CAST IRON SLAG', 1, NULL, 'Y', 'GANGADHAR SWAMI', '2023-05-05 09:26:31', NULL, 0),
(16, '0', 'WASTE CERAWOOL', 'WASTE CERAWOOL', 1, NULL, 'Y', 'GANGADHAR SWAMI', '2023-05-05 09:26:31', NULL, 0),
(17, '0', 'EMULSION SLUDGE IN DRUM', 'EMULSION SLUDGE IN DRUM', 1, NULL, 'Y', 'GANGADHAR SWAMI', '2023-05-05 09:26:31', NULL, 0),
(18, '0', 'MS with Alu- attach', 'MS with Alu- attach', 1, NULL, 'Y', 'GANGADHAR SWAMI', '2023-05-05 09:26:31', NULL, 0),
(19, '0', 'Transformer Scrap', 'Transformer Scrap', 1, NULL, 'Y', 'GANGADHAR SWAMI', '2023-05-05 09:26:31', NULL, 0),
(20, '0', 'Motor Scrap with Al Cover', 'Motor Scrap with Al Cover', 1, NULL, 'Y', 'GANGADHAR SWAMI', '2023-05-05 09:26:31', NULL, 0),
(21, '0', 'MS Scrap with HI-chrome', 'MS Scrap with HI-chrome', 1, NULL, 'Y', 'GANGADHAR SWAMI', '2023-05-05 09:26:31', NULL, 0),
(22, '0', 'SS SCRAP (GRADE-304)', 'SS SCRAP (GRADE-304)', 1, NULL, 'Y', 'GANGADHAR SWAMI', '2023-05-05 09:26:31', NULL, 0),
(23, '0', 'SS SCRAP (GRADE-321)', 'SS SCRAP (GRADE-321)', 1, NULL, 'Y', 'GANGADHAR SWAMI', '2023-05-05 09:26:31', NULL, 0),
(24, '0', 'SS SCRAP WITH MS ATTACH (GRADE-321)', 'SS SCRAP WITH MS ATTACH (GRADE-321)', 1, NULL, 'Y', 'GANGADHAR SWAMI', '2023-05-05 09:26:31', NULL, 0),
(25, '0', 'ALUMINIUM FILTER SCRAP', 'ALUMINIUM FILTER SCRAP', 1, NULL, 'Y', 'GANGADHAR SWAMI', '2023-05-05 09:26:31', NULL, 0),
(26, '0', 'Electrical Panel Scrap', 'Electrical Panel Scrap', 1, NULL, 'Y', 'GANGADHAR SWAMI', '2023-05-05 09:26:31', NULL, 0),
(27, '0', 'DEFORMED MS CUT DRURMS', 'DEFORMED MS CUT DRURMS', 1, NULL, 'Y', 'GANGADHAR SWAMI', '2023-05-05 09:26:31', NULL, 0),
(28, '0', 'HI-Chrome Scrap', 'HI-Chrome Scrap', 1, NULL, 'Y', 'GANGADHAR SWAMI', '2023-05-05 09:26:31', NULL, 0),
(29, '0', 'Motor Scrap', 'Motor Scrap', 1, NULL, 'Y', 'GANGADHAR SWAMI', '2023-05-05 09:26:31', NULL, 0),
(30, '0', 'HDPE Bag Scrap ', 'HDPE Bag Scrap ', 1, NULL, 'Y', 'GANGADHAR SWAMI', '2023-05-05 09:26:31', NULL, 0),
(31, '0', 'Cartoon Scrap', 'Cartoon Scrap', 1, NULL, 'Y', 'GANGADHAR SWAMI', '2023-05-05 09:26:31', NULL, 0),
(32, '0', 'CI SCRAP WITH OR WITHOUT ALU.ATTACH', 'CI SCRAP WITH OR WITHOUT ALU.ATTACH', 1, NULL, 'Y', 'GANGADHAR SWAMI', '2023-05-05 09:26:31', NULL, 0),
(33, '0', 'Copper Cable Scrap', 'Copper Cable Scrap', 1, NULL, 'Y', 'GANGADHAR SWAMI', '2023-05-05 09:26:31', NULL, 0),
(34, '0', 'Radiator Scrap', 'Radiator Scrap', 1, NULL, 'Y', 'GANGADHAR SWAMI', '2023-05-05 09:26:31', NULL, 0),
(35, '0', 'Polythene with Tarpaulin Scrap', 'Polythene with Tarpaulin Scrap', 1, NULL, 'Y', 'GANGADHAR SWAMI', '2023-05-05 09:26:31', NULL, 0),
(36, '0', 'P P Bag Scrap', 'P P Bag Scrap', 1, NULL, 'Y', 'GANGADHAR SWAMI', '2023-05-05 09:26:31', NULL, 0),
(37, '0', 'Rail Scrap', 'Rail Scrap', 1, NULL, 'Y', 'GANGADHAR SWAMI', '2023-05-05 09:26:31', NULL, 0),
(38, '0', 'CI HOUSING  With CONCRETE ATTACHED', 'CI HOUSING  With CONCRETE ATTACHED', 1, NULL, 'Y', 'GANGADHAR SWAMI', '2023-05-05 09:26:31', NULL, 0),
(39, '0', 'Copper Nickel Scrap', 'Copper Nickel Scrap', 1, NULL, 'Y', 'GANGADHAR SWAMI', '2023-05-05 09:26:31', NULL, 0),
(40, '0', 'Boiler tube with fins', 'Boiler tube with fins', 1, NULL, 'Y', 'GANGADHAR SWAMI', '2023-05-05 09:26:31', NULL, 0),
(41, '0', 'Boiler tube with SS shield', 'Boiler tube with SS shield', 1, NULL, 'Y', 'GANGADHAR SWAMI', '2023-05-05 09:26:31', NULL, 0),
(42, '0', 'Used GI Scrap ', 'Used GI Scrap ', 1, NULL, 'Y', 'GANGADHAR SWAMI', '2023-05-05 09:26:31', NULL, 0),
(43, '0', 'Valve Scrap ', 'Valve Scrap ', 1, NULL, 'Y', 'GANGADHAR SWAMI', '2023-05-05 09:26:31', NULL, 0),
(44, '0', 'Used Transformer Oil in Drum', 'Used Transformer Oil in Drum', 1, NULL, 'Y', 'GANGADHAR SWAMI', '2023-05-05 09:26:31', NULL, 0),
(45, '0', 'Alu-Cable Scrap', 'Alu-Cable Scrap', 1, NULL, 'Y', 'GANGADHAR SWAMI', '2023-05-05 09:26:31', NULL, 0),
(46, '0', 'Copper Scrap', 'Copper Scrap', 1, NULL, 'Y', 'GANGADHAR SWAMI', '2023-05-05 09:26:31', NULL, 0),
(47, '0', 'PVC Fins', 'PVC Fins', 1, NULL, 'Y', 'GANGADHAR SWAMI', '2023-05-05 09:26:31', NULL, 0),
(48, '0', 'BRONZE SCRAP', 'BRONZE SCRAP', 1, NULL, 'Y', 'GANGADHAR SWAMI', '2023-05-05 09:26:31', NULL, 0),
(49, '0', 'WOODEN SCRAP', 'WOODEN SCRAP', 1, NULL, 'Y', 'GANGADHAR SWAMI', '2023-05-05 09:26:31', NULL, 0),
(50, '0', 'BEARING SCRAP', 'BEARING SCRAP', 1, NULL, 'Y', 'GANGADHAR SWAMI', '2023-05-05 09:26:31', NULL, 0),
(51, '0', 'Aluminium Cable Scrap', 'Aluminium Cable Scrap', 1, NULL, 'Y', 'GANGADHAR SWAMI', '2023-05-05 09:26:31', NULL, 0),
(52, '0', 'Scrap ESP Transformer', 'Scrap ESP Transformer', 1, NULL, 'Y', 'GANGADHAR SWAMI', '2023-05-05 09:26:31', NULL, 0),
(53, '0', 'Used MS Hydraulic Cylinder Scrap ', 'Used MS Hydraulic Cylinder Scrap ', 1, NULL, 'Y', 'GANGADHAR SWAMI', '2023-05-05 09:26:31', NULL, 0),
(54, '0', 'Scrap Electrical Panel', 'Scrap Electrical Panel', 1, NULL, 'Y', 'GANGADHAR SWAMI', '2023-05-05 09:26:31', NULL, 0),
(55, '0', 'ALUMINIUM CHIPS SCRAP', 'ALUMINIUM CHIPS SCRAP', 1, NULL, 'Y', 'GANGADHAR SWAMI', '2023-05-05 09:26:31', NULL, 0),
(56, '0', 'Aluminium conducting cable Scrap', 'Aluminium conducting cable Scrap', 1, NULL, 'Y', 'GANGADHAR SWAMI', '2023-05-05 09:26:31', NULL, 0),
(57, '0', 'Unit Transformer Scrap ', 'Unit Transformer Scrap ', 1, NULL, 'Y', 'GANGADHAR SWAMI', '2023-05-05 09:26:31', NULL, 0),
(58, '0', 'MS Structural ', 'MS Structural ', 1, NULL, 'Y', 'GANGADHAR SWAMI', '2023-05-05 09:26:31', NULL, 0),
(59, '0', 'MS Pipe Scrap', 'MS Pipe Scrap', 1, NULL, 'Y', 'GANGADHAR SWAMI', '2023-05-05 09:26:31', NULL, 0),
(60, '0', 'Air Receiver Tanks Scrap ', 'Air Receiver Tanks Scrap ', 1, NULL, 'Y', 'GANGADHAR SWAMI', '2023-05-05 09:26:31', NULL, 0),
(61, '0', 'Oil Tanks Scrap', 'Oil Tanks Scrap', 1, NULL, 'Y', 'GANGADHAR SWAMI', '2023-05-05 09:26:31', NULL, 0),
(62, '0', 'PVC Scrap', 'PVC Scrap', 1, NULL, 'Y', 'GANGADHAR SWAMI', '2023-05-05 09:26:31', NULL, 0),
(63, '0', 'Fabric Filter Cages Scrap ', 'Fabric Filter Cages Scrap ', 1, NULL, 'Y', 'GANGADHAR SWAMI', '2023-05-05 09:26:31', NULL, 0),
(64, '0', 'Used CW Pipe Scrap ( Carbon Steel)', 'Used CW Pipe Scrap ( Carbon Steel)', 1, NULL, 'Y', 'GANGADHAR SWAMI', '2023-05-05 09:26:31', NULL, 0),
(65, '0', 'MS Structure Beams Scrap', 'MS Structure Beams Scrap', 1, NULL, 'Y', 'GANGADHAR SWAMI', '2023-05-05 09:26:31', NULL, 0),
(66, '0', 'Used SS Channel Scrap', 'Used SS Channel Scrap', 1, NULL, 'Y', 'GANGADHAR SWAMI', '2023-05-05 09:26:31', NULL, 0),
(67, '0', 'Generator Stator Scrap', 'Generator Stator Scrap', 1, NULL, 'Y', 'GANGADHAR SWAMI', '2023-05-05 09:26:31', NULL, 0),
(68, '0', 'ID Fan Motor Scrap', 'ID Fan Motor Scrap', 1, NULL, 'Y', 'GANGADHAR SWAMI', '2023-05-05 09:26:31', NULL, 0),
(69, '0', 'FD Fan Motor Scrap', 'FD Fan Motor Scrap', 1, NULL, 'Y', 'GANGADHAR SWAMI', '2023-05-05 09:26:31', NULL, 0),
(70, '0', 'BFP Motor Scrap', 'BFP Motor Scrap', 1, NULL, 'Y', 'GANGADHAR SWAMI', '2023-05-05 09:26:31', NULL, 0),
(71, '0', 'CW Motor Scrap', 'CW Motor Scrap', 1, NULL, 'Y', 'GANGADHAR SWAMI', '2023-05-05 09:26:31', NULL, 0),
(72, '0', 'Loco Scrap', 'Loco Scrap', 1, NULL, 'Y', 'GANGADHAR SWAMI', '2023-05-05 09:26:31', NULL, 0),
(73, '0', 'Unloading Chutes for coal Handling Plant-Mix MS Scrap', 'Unloading Chutes for coal Handling Plant-Mix MS Scrap', 1, NULL, 'Y', 'GANGADHAR SWAMI', '2023-05-05 09:26:31', NULL, 0),
(74, '0', 'Aluminium Cable', 'Aluminium Cable', 1, NULL, 'Y', 'GANGADHAR SWAMI', '2023-05-05 09:26:31', NULL, 0),
(75, '0', 'Copper Cable ', 'Copper Cable ', 1, NULL, 'Y', 'GANGADHAR SWAMI', '2023-05-05 09:26:31', NULL, 0),
(76, '0', 'MS BELT SCRAP', 'MS BELT SCRAP', 1, NULL, 'Y', 'GANGADHAR SWAMI', '2023-05-05 09:26:31', NULL, 0),
(77, '0', 'USED FEBRIC FILTER CAGE MS/GI SCRAP', 'USED FEBRIC FILTER CAGE MS/GI SCRAP', 1, NULL, 'Y', 'GANGADHAR SWAMI', '2023-05-05 09:26:31', NULL, 0),
(78, '0', 'COMPRESSOR SCRAP', 'COMPRESSOR SCRAP', 1, NULL, 'Y', 'GANGADHAR SWAMI', '2023-05-05 09:26:31', NULL, 0),
(79, '0', 'EMPTY MS DRUMS SCRAP', 'EMPTY MS DRUMS SCRAP', 1, NULL, 'Y', 'GANGADHAR SWAMI', '2023-05-05 09:26:31', NULL, 0),
(80, '0', 'FURNACE SLAG', 'FURNACE SLAG', 1, NULL, 'Y', 'GANGADHAR SWAMI', '2023-05-05 09:26:31', NULL, 0),
(81, '0', 'Used Battery Scrap', 'Used Battery Scrap', 1, NULL, 'Y', 'GANGADHAR SWAMI', '2023-05-05 09:26:31', NULL, 0),
(82, '0', 'WASTE CP COKE DUST', 'WASTE CP COKE DUST', 1, NULL, 'Y', 'GANGADHAR SWAMI', '2023-05-05 09:26:31', NULL, 0),
(83, '0', 'MS Scrap (Cylinder cuts pieces)', 'MS Scrap (Cylinder cuts pieces)', 1, NULL, 'Y', 'GANGADHAR SWAMI', '2023-05-05 09:26:31', NULL, 0),
(84, '0', 'MG Rotor Set Scrap', 'MG Rotor Set Scrap', 1, NULL, 'Y', 'GANGADHAR SWAMI', '2023-05-05 09:26:31', NULL, 0),
(85, '0', 'SS 321 Scrap', 'SS 321 Scrap', 1, NULL, 'Y', 'GANGADHAR SWAMI', '2023-05-05 09:26:31', NULL, 0),
(86, '0', 'SS 316 Scrap', 'SS 316 Scrap', 1, NULL, 'Y', 'GANGADHAR SWAMI', '2023-05-05 09:26:31', NULL, 0),
(87, NULL, 'BF Boulder', 'Slag', 1, NULL, 'Y', 'ESL COMMON', '2023-05-05 10:30:20', NULL, 0),
(88, NULL, 'Rejected Empty Filter Bags ', 'Rejected Empty Filter Bags ', 1, NULL, 'Y', 'ESL COMMON', '2023-05-06 08:59:12', NULL, 0),
(89, NULL, 'Copper Bus Bar', 'Copper Bus Bar', 1, NULL, 'Y', 'HARSHIT JAIN', '2023-06-22 05:06:47', NULL, 0),
(90, NULL, 'LIQUID NITROGEN', 'LIQUID NITROGEN', 1, NULL, 'Y', 'ESL COMMON', '2023-07-14 11:17:50', NULL, 0),
(91, NULL, 'USED COPPER CABLE SCRAP', 'USED COPPER CABLE SCRAP', 1, NULL, 'Y', 'CAIRN COMMON', '2023-07-18 09:39:44', NULL, 0),
(92, NULL, 'USED CASING PIPE SCRAP (WITHOUT 13 CHROME)', 'USED CASING PIPE SCRAP (WITHOUT 13 CHROME)', 1, NULL, 'Y', 'CAIRN COMMON', '2023-07-18 09:41:10', NULL, 0),
(93, NULL, 'ALL TYPES OF USED FILTER SCRAP', 'ALL TYPES OF USED FILTER SCRAP', 1, NULL, 'Y', 'CAIRN COMMON', '2023-07-18 09:44:09', NULL, 0),
(94, NULL, 'LL TYPES OF USED FILTER SCRAP', 'LL TYPES OF USED FILTER SCRAP', 1, NULL, 'Y', 'CAIRN COMMON', '2023-07-18 09:52:04', NULL, 0),
(95, NULL, 'DAMAGED 13 CHROME CASING PIPE SCRAP', 'DAMAGED 13 CHROME CASING PIPE SCRAP', 1, NULL, 'Y', 'CAIRN COMMON', '2023-07-18 09:59:56', NULL, 0),
(96, NULL, 'DAMAGED 13 CHROME TUBINGS SCRAP', 'DAMAGED 13 CHROME TUBINGS SCRAP', 1, NULL, 'Y', 'CAIRN COMMON', '2023-07-18 10:00:37', NULL, 0),
(97, NULL, 'DAMAGED CHAIR SCRAP, MS, MIXED', 'DAMAGED CHAIR SCRAP, MS, MIXED', 1, NULL, '', 'CAIRN COMMON', '2023-07-18 10:00:59', NULL, 0),
(98, NULL, 'DAMAGED JUMBO BAGS', 'DAMAGED JUMBO BAGS', 1, NULL, 'Y', 'CAIRN COMMON', '2023-07-18 10:01:22', NULL, 0),
(99, NULL, 'DAMAGED TUBING SCRAP (WITHOUT 13 CHROME)', 'DAMAGED TUBING SCRAP (WITHOUT 13 CHROME)', 1, NULL, 'Y', 'CAIRN COMMON', '2023-07-18 10:01:44', NULL, 0),
(100, NULL, 'GALVANISED IRON SCRAP', 'GALVANISED IRON SCRAP', 1, NULL, 'Y', 'CAIRN COMMON', '2023-07-18 10:02:04', NULL, 0),
(101, NULL, 'GLASS WASTE, MIXED', 'GLASS WASTE, MIXED', 1, NULL, 'Y', 'CAIRN COMMON', '2023-07-18 10:02:22', NULL, 0),
(102, NULL, 'UNUSED MS BRACING SQAURE TUBES', 'UNUSED MS BRACING SQAURE TUBES', 1, NULL, 'Y', 'CAIRN COMMON', '2023-07-18 10:02:38', NULL, 0),
(103, NULL, 'USED 13 CHROME CASING PIPE SCRAP', 'USED 13 CHROME CASING PIPE SCRAP', 1, NULL, 'Y', 'CAIRN COMMON', '2023-07-18 10:03:01', NULL, 0),
(104, NULL, 'USED 13 CHROME TUBINGS SCRAP', 'USED 13 CHROME TUBINGS SCRAP', 1, NULL, 'Y', 'CAIRN COMMON', '2023-07-18 10:03:19', NULL, 0),
(105, NULL, 'USED ALL TYPES OF INSULATED PIPES', 'USED ALL TYPES OF INSULATED PIPES', 1, NULL, 'Y', 'CAIRN COMMON', '2023-07-18 10:03:35', NULL, 0),
(106, NULL, 'USED ALUMINA BALLS', 'USED ALUMINA BALLS', 1, NULL, 'Y', 'CAIRN COMMON', '2023-07-18 10:03:55', NULL, 0),
(107, NULL, 'USED CHEMICAL INJECTION LINE SCRAP', 'USED CHEMICAL INJECTION LINE SCRAP', 1, NULL, 'Y', 'CAIRN COMMON', '2023-07-18 10:04:47', NULL, 0),
(108, NULL, 'USED EMPTY IBC CONTAINER WITH FRAME, 1000 LTR', 'USED EMPTY IBC CONTAINER WITH FRAME, 1000 LTR', 1, NULL, 'Y', 'CAIRN COMMON', '2023-07-18 10:05:02', NULL, 0),
(109, NULL, 'USED EMPTY MS CONTAINER, 101 TO 210 LTR', 'USED EMPTY MS CONTAINER, 101 TO 210 LTR', 1, NULL, 'Y', 'CAIRN COMMON', '2023-07-18 10:05:28', NULL, 0),
(110, NULL, 'USED EMPTY MS CONTAINER, 26 TO 50 LTR', 'USED EMPTY MS CONTAINER, 26 TO 50 LTR', 1, NULL, 'Y', 'CAIRN COMMON', '2023-07-18 10:05:45', NULL, 0),
(111, NULL, 'USED EMPTY MS CONTAINER, 5 TO 25 LTR', 'USED EMPTY MS CONTAINER, 5 TO 25 LTR', 1, NULL, 'Y', 'CAIRN COMMON', '2023-07-18 10:06:01', NULL, 0),
(112, NULL, 'USED EMPTY MS CONTAINER, 51 TO 100 LTR', 'USED EMPTY MS CONTAINER, 51 TO 100 LTR', 1, NULL, 'Y', 'CAIRN COMMON', '2023-07-18 10:06:17', NULL, 0),
(113, NULL, 'USED EMPTY PLASTIC CONTAINER, 101 TO 210 LTR', 'USED EMPTY PLASTIC CONTAINER, 101 TO 210 LTR', 1, NULL, 'Y', 'CAIRN COMMON', '2023-07-18 10:06:31', NULL, 0),
(114, NULL, 'USED EMPTY PLASTIC CONTAINER, 26 TO 50 LTR', 'USED EMPTY PLASTIC CONTAINER, 26 TO 50 LTR', 1, NULL, 'Y', 'CAIRN COMMON', '2023-07-18 10:06:45', NULL, 0),
(115, NULL, 'USED EMPTY PLASTIC CONTAINER, 5 TO 25 LTR', 'USED EMPTY PLASTIC CONTAINER, 5 TO 25 LTR', 1, NULL, 'Y', 'CAIRN COMMON', '2023-07-18 10:07:02', NULL, 0),
(116, NULL, 'USED EMPTY PLASTIC CONTAINER, 51 TO 100 LTR', 'USED EMPTY PLASTIC CONTAINER, 51 TO 100 LTR', 1, NULL, 'Y', 'CAIRN COMMON', '2023-07-18 10:07:19', NULL, 0),
(117, NULL, 'USED EQUIPMENT SCRAP', 'USED EQUIPMENT SCRAP', 1, NULL, 'Y', 'CAIRN COMMON', '2023-07-18 10:07:46', NULL, 0),
(118, NULL, 'USED FRP SCRAP, ALL MIXED', 'USED FRP SCRAP, ALL MIXED', 1, NULL, 'Y', 'CAIRN COMMON', '2023-07-18 10:07:58', NULL, 0),
(119, NULL, 'USED GAUGE LINE SCRAP', 'USED GAUGE LINE SCRAP', 1, NULL, 'Y', 'CAIRN COMMON', '2023-07-18 10:08:12', NULL, 0),
(120, NULL, 'USED HOLLOW ROD SCRAP', 'USED HOLLOW ROD SCRAP', 1, NULL, 'Y', 'CAIRN COMMON', '2023-07-18 10:08:28', NULL, 0),
(121, NULL, 'USED ROTOR SCRAP', 'USED ROTOR SCRAP', 1, NULL, 'Y', 'CAIRN COMMON', '2023-07-18 10:08:41', NULL, 0),
(122, NULL, 'USED SS 2205 SCRAP', 'USED SS 2205 SCRAP', 1, NULL, 'Y', 'CAIRN COMMON', '2023-07-18 10:08:54', NULL, 0),
(123, NULL, 'USED SUCKER RODS SCRAP', 'USED SUCKER RODS SCRAP', 1, NULL, 'Y', 'CAIRN COMMON', '2023-07-18 10:09:07', NULL, 0),
(124, NULL, 'USED TUBING SCRAP (WITHOUT 13 CHROME)', 'USED TUBING SCRAP (WITHOUT 13 CHROME)', 1, NULL, 'Y', 'CAIRN COMMON', '2023-07-18 10:09:22', NULL, 0),
(125, NULL, 'USED WOODEN PALLETS SCRAP', 'USED WOODEN PALLETS SCRAP', 1, NULL, 'Y', 'CAIRN COMMON', '2023-07-18 10:09:37', NULL, 0),
(126, NULL, 'WOODEN WASTE, MIXED', 'WOODEN WASTE, MIXED', 1, NULL, 'Y', 'CAIRN COMMON', '2023-07-18 10:10:05', NULL, 0),
(127, NULL, 'USED STAINLESS STEEL TURNINGS SCRAP', 'USED STAINLESS STEEL TURNINGS SCRAP', 1, NULL, 'Y', 'CAIRN COMMON', '2023-07-18 10:10:24', NULL, 0),
(128, NULL, 'USED WIRE ROPE SLINGS SCRAP', 'USED WIRE ROPE SLINGS SCRAP', 1, NULL, 'Y', 'CAIRN COMMON', '2023-07-18 10:10:49', NULL, 0),
(129, NULL, 'ALL TYPES OF FURNITURE SCRAP', 'ALL TYPES OF FURNITURE SCRAP', 1, NULL, 'Y', 'CAIRN COMMON', '2023-07-18 10:11:04', NULL, 0),
(130, NULL, 'USED ALL TYPES OF BUNK HOUSE SCRAP', 'USED ALL TYPES OF BUNK HOUSE SCRAP', 1, NULL, 'Y', 'CAIRN COMMON', '2023-07-18 10:11:34', NULL, 0),
(131, NULL, 'ALL TYPES OF MS PIPES SCRAP', 'ALL TYPES OF MS PIPES SCRAP', 1, NULL, 'Y', 'CAIRN COMMON', '2023-07-18 10:11:53', NULL, 0),
(132, NULL, 'ALL TYPES OF PLASTICS BAG SCRAP', 'ALL TYPES OF PLASTICS BAG SCRAP', 1, NULL, 'Y', 'CAIRN COMMON', '2023-07-18 10:12:07', NULL, 0),
(133, NULL, 'ALL TYPES OF POLYTHENE SCRAP', 'ALL TYPES OF POLYTHENE SCRAP', 1, NULL, 'Y', 'CAIRN COMMON', '2023-07-18 10:12:22', NULL, 0),
(134, NULL, 'ALL TYPES OF STATOR SCRAP', 'ALL TYPES OF STATOR SCRAP', 1, NULL, 'Y', 'CAIRN COMMON', '2023-07-18 10:12:37', NULL, 0),
(135, NULL, 'ALL TYPES OF SS INSULATED PIPES SCRAP', 'ALL TYPES OF SS INSULATED PIPES SCRAP', 1, NULL, 'Y', 'CAIRN COMMON', '2023-07-18 10:12:59', NULL, 0),
(136, NULL, 'ALL TYPES OF TRANSMISSION LINE SCRAP', 'ALL TYPES OF TRANSMISSION LINE SCRAP', 1, NULL, 'Y', 'CAIRN COMMON', '2023-07-18 10:13:16', NULL, 0),
(137, NULL, 'UNUSED GALVANISED IRON ITEM', 'UNUSED GALVANISED IRON ITEM', 1, NULL, 'Y', 'CAIRN COMMON', '2023-07-18 10:13:33', NULL, 0),
(138, NULL, 'UNUSED RUBBER ITEM', 'UNUSED RUBBER ITEM', 1, NULL, 'Y', 'CAIRN COMMON', '2023-07-18 10:13:55', NULL, 0),
(139, NULL, 'ALL TYPES OF MS CHAIN', 'ALL TYPES OF MS CHAIN', 1, NULL, 'Y', 'CAIRN COMMON', '2023-07-18 10:14:11', NULL, 0),
(140, NULL, 'UNUSED MS ITEM', 'UNUSED MS ITEM', 1, NULL, 'Y', 'CAIRN COMMON', '2023-07-18 10:14:31', NULL, 0),
(141, NULL, 'UNUSED PLASTICS ITEM', 'UNUSED PLASTICS ITEM', 1, NULL, 'Y', 'CAIRN COMMON', '2023-07-18 10:14:56', NULL, 0),
(142, NULL, 'UNUSED COPPER AND BRASS ITEM', 'UNUSED COPPER AND BRASS ITEM', 1, NULL, 'Y', 'CAIRN COMMON', '2023-07-18 10:15:11', NULL, 0),
(143, NULL, 'UNUSED ALUMINIUM ITEM', 'UNUSED ALUMINIUM ITEM', 1, NULL, 'Y', 'CAIRN COMMON', '2023-07-18 10:15:26', NULL, 0),
(144, NULL, 'UNUSED STAINLESS STEEL ITEM MIXED GRADE', 'UNUSED STAINLESS STEEL ITEM MIXED GRADE', 1, NULL, 'Y', 'CAIRN COMMON', '2023-07-18 10:15:41', NULL, 0),
(145, NULL, 'CARBON MOLECULAR SIEVE', 'CARBON MOLECULAR SIEVE', 1, NULL, 'Y', 'CAIRN COMMON', '2023-07-18 10:15:56', NULL, 0),
(146, NULL, 'ACTIVATED CARBON GRANULES', 'ACTIVATED CARBON GRANULES', 1, NULL, 'Y', 'CAIRN COMMON', '2023-07-18 10:16:18', NULL, 0),
(147, NULL, 'CERAMIC INSULATOR WASTE, MIXED', 'CERAMIC INSULATOR WASTE, MIXED', 1, NULL, 'Y', 'CAIRN COMMON', '2023-07-18 10:16:39', NULL, 0),
(148, NULL, 'SCRAP NMLTC;WDN WSTE/WDN PLLTS,NOT', 'SCRAP NMLTC;WDN WSTE/WDN PLLTS,NOT', 1, NULL, 'Y', 'CAIRN COMMON', '2023-07-18 10:16:55', NULL, 0),
(149, NULL, 'SMS SLAG', 'SMS SLAG', 1, NULL, 'Y', 'GANGADHAR SWAMI', '2023-07-20 11:03:54', NULL, 0),
(150, NULL, 'SCRAP ALUMINIUM  HEADER ', 'SCRAP ALUMINIUM  HEADER ', 1, NULL, 'Y', 'RDC COMMON', '2023-07-25 07:04:12', NULL, 0),
(151, NULL, 'Mahindra Diesel Jeep M/s  Mahindra', 'Mahindra Diesel Jeep (NPA)', 1, NULL, 'Y', 'RDC COMMON', '2023-07-25 07:14:47', NULL, 0),
(152, NULL, 'USED TUBING  (WITHOUT 13 CHROME)SCRAP', 'USED TUBING  (WITHOUT 13 CHROME)SCRAP', 1, NULL, 'Y', 'CAIRN COMMON', '2023-07-26 05:17:22', NULL, 0),
(153, NULL, 'Alluminium Scrap', 'Alluminium Scrap', 1, NULL, 'Y', 'RAM COMMON', '2023-08-08 04:29:05', NULL, 0),
(154, NULL, 'FRP SCRAP', 'FRP SCRAP', 1, NULL, 'Y', 'RAM COMMON', '2023-08-08 05:23:54', NULL, 0),
(155, NULL, 'used Lead Acid Battery', 'used Lead Acid Battery', 1, NULL, '', 'RAM COMMON', '2023-08-08 05:26:29', NULL, 0),
(156, NULL, 'Used Lead Acid Battery (Registered cycler)', 'Used Lead Acid Battery (Registered cycler)(', 1, NULL, 'Y', 'RAM COMMON', '2023-08-08 05:31:45', NULL, 0),
(157, NULL, 'SCRAP DRILL RODS ASSORTED SIZE without Bit', 'SCRAP DRILL RODS ASSORTED SIZE without Bit', 1, NULL, 'Y', 'RAM COMMON', '2023-08-08 05:32:44', NULL, 0),
(158, NULL, 'SCRAP ELECTRICAL PANELs', 'SCRAP ELECTRICAL PANELs', 1, NULL, 'Y', 'RAM COMMON', '2023-08-08 05:33:32', NULL, 0),
(159, NULL, 'M.S. AND SS TURNING SCRAP', 'M.S. AND SS TURNING SCRAP', 1, NULL, 'Y', 'RAM COMMON', '2023-08-08 05:34:07', NULL, 0),
(160, NULL, 'MS WITH RCC/SLURRY/FRP/RUBBER ETC.', 'MS WITH RCC/SLURRY/FRP/RUBBER ETC.', 1, NULL, 'Y', 'RAM COMMON', '2023-08-08 05:35:07', NULL, 0),
(161, NULL, 'MISC. ELE./ INST. ITEMS SCRAP', 'MISC. ELE./ INST. ITEMS SCRAP', 1, NULL, 'Y', 'RAM COMMON', '2023-08-08 05:35:50', NULL, 0),
(162, NULL, 'Mix Magnetic Separator Scrap', 'Mix Magnetic Separator Scrap', 1, NULL, 'Y', 'ZWM COMMON', '2023-08-19 04:55:15', NULL, 0),
(163, NULL, 'SCRAP SUBMERSIBLE PUMP', 'SCRAP SUBMERSIBLE PUMP', 1, NULL, 'Y', 'ZWM COMMON', '2023-08-19 06:43:56', NULL, 0),
(164, NULL, 'SCRAP MOTOR AND STATOR ', 'SCRAP MOTOR AND STATOR ', 1, NULL, 'Y', 'ZWM COMMON', '2023-08-19 06:46:58', NULL, 0),
(165, NULL, 'Scrap GI Pipe', 'Scrap GI Pipe', 1, NULL, 'Y', 'RAM COMMON', '2023-08-21 09:54:16', NULL, 0),
(166, NULL, 'rock bolt', 'rock bolt', 1, NULL, 'Y', 'RAM COMMON', '2023-08-21 10:19:33', NULL, 0),
(167, NULL, 'Scrap MS Shaft & Pulley different size', 'Scrap MS Shaft & Pulley different size', 1, NULL, 'Y', 'RAM COMMON', '2023-08-21 10:28:03', NULL, 0),
(168, NULL, 'Rod Mill Liner Scrap', 'Rod Mill Liner Scrap', 1, NULL, 'Y', 'RAM COMMON', '2023-08-21 10:39:02', NULL, 0),
(169, NULL, 'SCRAP MISC. PLASTIC,POLYTH,PLASTI C STRIP', 'SCRAP MISC. PLASTIC,POLYTH,PLASTI C STRIP', 1, NULL, 'Y', 'RAM COMMON', '2023-08-21 10:40:03', NULL, 0),
(170, NULL, 'MS SCRAP', 'MS SCRAP', 1, NULL, 'Y', 'RDC COMMON', '2023-08-23 05:55:01', NULL, 0),
(171, NULL, 'MS SCRAP(LIGHT MS,STRAP,CAGE)', 'MS SCRAP(LIGHT MS,STRAP,CAGE)', 1, NULL, 'Y', 'RDC COMMON', '2023-08-23 06:32:44', NULL, 0),
(172, NULL, 'SCRAP FURNITURE', 'SCRAP FURNITURE', 1, NULL, 'Y', 'RDC COMMON', '2023-08-23 06:40:07', NULL, 0),
(173, NULL, 'MS WITH RUBBER', 'MS WITH RUBBER', 1, NULL, 'Y', 'RDC COMMON', '2023-08-23 06:46:27', NULL, 0),
(174, NULL, 'SCRAP COPPER HEADER BAR WITH MS', 'SCRAP COPPER HEADER BAR WITH MS', 1, NULL, 'Y', 'RDC COMMON', '2023-08-23 06:53:45', NULL, 0),
(175, NULL, 'SCRAP BUTTON BITS', 'SCRAP BUTTON BITS', 1, NULL, 'Y', 'RDC COMMON', '2023-08-23 07:27:16', NULL, 0),
(176, NULL, 'Scrap Engines,Transmission of HEMM eqpt', 'Scrap Engines,Transmission of HEMM eqpt', 1, NULL, 'Y', 'RDC COMMON', '2023-08-23 10:02:36', NULL, 0),
(177, NULL, 'HDPE / Plastic & their Pipe Scrap', 'HDPE / Plastic & their Pipe Scrap', 1, NULL, 'Y', 'RDC COMMON', '2023-08-23 10:15:06', NULL, 0),
(178, NULL, 'RUBBER SCRAP', 'RUBBER SCRAP', 1, NULL, 'Y', 'RDC COMMON', '2023-08-23 11:09:01', NULL, 0),
(179, NULL, 'RUBBER SCRAP AND CUT PIECES CONVEYOR BELT', 'RUBBER SCRAP AND CUT PIECES CONVEYOR BELT', 1, NULL, 'Y', 'RDC COMMON', '2023-08-23 11:15:11', NULL, 0),
(180, NULL, 'RUBBER SCRAP WITH MS & AL ATTACHEMENT', 'RUBBER SCRAP WITH MS & AL ATTACHEMENT', 1, NULL, 'Y', 'RDC COMMON', '2023-08-25 05:53:06', NULL, 0),
(181, NULL, 'MANGANESE STEEL LINERS SCRAP', 'MANGANESE STEEL LINERS SCRAP', 1, NULL, 'Y', 'RDC COMMON', '2023-08-25 06:03:45', NULL, 0),
(182, NULL, 'Scrap tyre Radial', 'Scrap tyre Radial', 1, NULL, 'Y', 'RDC COMMON', '2023-08-25 06:08:39', NULL, 0),
(183, NULL, 'SS SCRAP (HOSES)', 'SS SCRAP (HOSES)', 1, NULL, 'Y', 'RDC COMMON', '2023-08-25 06:13:50', NULL, 0),
(184, NULL, 'SCRAP EMPTY PLASTIC DRUMS 10000 LTR CAP', 'SCRAP EMPTY PLASTIC DRUMS 10000 LTR CAP', 1, NULL, 'Y', 'ZWM COMMON', '2023-09-19 10:24:33', NULL, 0),
(185, NULL, 'G.I. SCRAP (IRON)', 'G.I. SCRAP (IRON)', 1, NULL, 'Y', 'RDC COMMON', '2023-09-20 03:45:53', NULL, 0),
(186, NULL, 'M.S. SCRAP (KETTELE)', 'M.S. SCRAP (KETTELE)', 1, NULL, 'Y', 'RDC COMMON', '2023-09-20 03:54:03', NULL, 0),
(187, NULL, 'SCRAP S.S. 904 L', 'SCRAP S.S. 904 L', 1, NULL, 'Y', 'RDC COMMON', '2023-09-20 03:59:13', NULL, 0),
(188, NULL, 'SCRAP PUMP/VLV PARTS,ALLOY20', 'SCRAP PUMP/VLV PARTS,ALLOY20', 1, NULL, 'Y', 'RDC COMMON', '2023-09-20 04:01:41', NULL, 0),
(189, NULL, 'SCRAP ELECTRICAL MOTORS & PARTS', 'SCRAP ELECTRICAL MOTORS & PARTS', 1, NULL, 'Y', 'RAM COMMON', '2023-09-20 05:30:36', NULL, 0),
(190, NULL, 'SCRAP DRILL RODS ASSORTED SIZE wit Bit', 'SCRAP DRILL RODS ASSORTED SIZE wit Bit', 1, NULL, 'Y', 'RAM COMMON', '2023-09-20 06:30:10', NULL, 0),
(191, NULL, 'SCRAP HOSE RUBBER PIPE', 'SCRAP HOSE RUBBER PIPE', 1, NULL, 'Y', 'ZWM COMMON', '2023-09-20 07:00:49', NULL, 0),
(192, NULL, 'Sag Mill Liner Scrap', 'Sag Mill Liner Scrap', 1, NULL, 'Y', 'RAM COMMON', '2023-09-20 08:44:23', NULL, 0),
(193, NULL, 'SCRAP WIRE ROPE', 'SCRAP WIRE ROPE', 1, NULL, 'Y', 'RAM COMMON', '2023-09-20 08:50:21', NULL, 0),
(194, NULL, 'SCRAP PLASTIC', 'SCRAP PLASTIC', 1, NULL, 'Y', 'ZWM COMMON', '2023-09-20 10:13:16', NULL, 0),
(195, NULL, 'Scrap Welding  Machine', 'Scrap Welding  Machine', 1, NULL, 'Y', 'ZWM COMMON', '2023-09-20 10:25:14', NULL, 0),
(196, NULL, 'NI-HARD SCRAP (Pump Parts) ', 'NI-HARD SCRAP (Pump Parts) ', 1, NULL, 'Y', 'ZWM COMMON', '2023-09-21 04:25:11', NULL, 0),
(197, NULL, 'SCRAP PVC', 'SCRAP PVC', 1, NULL, 'Y', 'RDC COMMON', '2023-10-12 08:05:54', NULL, 0),
(198, NULL, 'MS scrap with Lead contamination', 'MS scrap with Lead contamination', 1, NULL, 'Y', 'RDC COMMON', '2023-10-25 06:34:43', NULL, 0),
(199, NULL, 'ALUMINIUM POWDER SCRAP', 'ALUMINIUM POWDER SCRAP', 1, NULL, 'Y', 'RDC COMMON', '2023-10-25 06:39:55', NULL, 0),
(200, NULL, 'ELECTRICAL SCRAP (E-waste AC COMPRESSOR AND PART', 'ELECTRICAL SCRAP (E-waste AC COMPRESSOR AND PART', 1, NULL, 'Y', 'RDC COMMON', '2023-10-25 06:43:35', NULL, 0),
(201, NULL, 'Scrap Copper', 'Scrap Copper', 1, NULL, 'Y', 'RAM COMMON', '2023-10-25 09:17:18', NULL, 0),
(202, NULL, 'Scrap Aluminum cable', 'Scrap Aluminum cable', 1, NULL, 'Y', 'RAM COMMON', '2023-10-25 09:59:49', NULL, 0),
(203, NULL, 'Water cooler /  Cooler scrap  and its spares ', 'Water cooler /  Cooler scrap  and its spares ', 1, NULL, 'Y', 'RAM COMMON', '2023-10-26 08:36:32', NULL, 0),
(204, NULL, 'BRASS SCRAP', 'BRASS SCRAP', 1, NULL, 'Y', 'RAM COMMON', '2023-10-26 09:42:03', NULL, 0),
(205, NULL, 'ELECTRICAL SCRAP (TRANSFORMER)', 'ELECTRICAL SCRAP (TRANSFORMER)', 1, NULL, 'Y', 'RAM COMMON', '2023-10-26 09:57:29', NULL, 0),
(206, NULL, 'GRANNULATED SLAG', 'GRANNULATED SLAG', 1, NULL, 'Y', 'Diksha Chugh', '2023-12-01 06:26:04', NULL, 0),
(207, NULL, 'E-WASTE, ELECTRICAL', 'E-WASTE, ELECTRICAL', 1, NULL, 'Y', 'CAIRN COMMON', '2023-12-01 11:01:13', NULL, 0),
(208, NULL, 'E-WASTE, IT, TELECOM, OTHERS', 'E-WASTE, IT, TELECOM, OTHERS', 1, NULL, 'Y', 'CAIRN COMMON', '2023-12-01 11:08:08', NULL, 0),
(209, NULL, 'CAST IRON SCRAP', 'CAST IRON SCRAP', 1, NULL, 'Y', 'RDC COMMON', '2023-12-07 04:20:00', NULL, 0),
(210, NULL, 'Used Hydraulic Oil', 'Used Hydraulic Oil', 1, NULL, 'Y', 'ZWM COMMON', '2023-12-12 08:52:22', NULL, 0),
(211, NULL, 'SCRAP GRINDING ROLLER ', 'SCRAP GRINDING ROLLER ', 1, NULL, 'Y', 'ZWM COMMON', '2023-12-12 09:28:23', NULL, 0),
(212, NULL, 'M.S.RAILS SCRAP', 'M.S.RAILS SCRAP', 1, NULL, 'Y', 'ZWM COMMON', '2023-12-12 09:30:30', NULL, 0),
(213, NULL, 'Hi Chrome Scrap ( Pump Parts )', 'Hi Chrome Scrap ( Pump Parts )', 1, NULL, 'Y', 'HARSHIT JAIN', '2024-08-23 11:02:12', NULL, 0),
(214, NULL, 'Gold', 'Demo testing ', 1, NULL, 'Y', 'BANTU JAIN', '2024-08-28 10:13:20', NULL, 0),
(215, '0', 'TEST11', 'Test11', 1, NULL, 'Y', 'BANTU JAIN', '2024-08-28 10:19:18', NULL, 0),
(216, '0', 'TEST12', 'Test12', 1, NULL, 'Y', 'BANTU JAIN', '2024-08-28 10:19:18', NULL, 0),
(217, '0', 'TEST13', 'Test13', 1, NULL, 'Y', 'BANTU JAIN', '2024-08-28 10:19:18', NULL, 0),
(218, '0', '1', 'demo 1', 1, NULL, 'N', 'BANTU JAIN', '2024-08-31 04:42:23', NULL, 0),
(219, '0', '2', 'demo 2', 1, NULL, 'N', 'BANTU JAIN', '2024-08-31 04:42:23', NULL, 0),
(220, '0', '3', 'demo 3', 1, NULL, 'N', 'BANTU JAIN', '2024-08-31 04:42:23', NULL, 0),
(221, NULL, 'testing', 'testing ', 1, NULL, 'Y', 'BANTU JAIN', '2025-01-02 08:10:56', NULL, 0),
(222, NULL, 'Scrap', 'Scrap desc 555', 1, NULL, 'Y', 'BANTU JAIN', '2025-01-22 11:43:37', 1, 0),
(223, NULL, 'aluminum wires', 'Hi Chrome Scrap ( Pump Parts )', 1, NULL, 'Y', 'BANTU JAIN', '2025-04-05 11:20:30', 2, 0),
(224, NULL, 'Coal', 'Coal', 1, NULL, '', 'admin', '2019-12-27 04:50:58', NULL, 1),
(225, NULL, 'Metcoke', 'Metcoke', 1, NULL, '', 'admin', '2017-04-08 11:23:58', NULL, 0),
(226, NULL, 'Concentrate', 'Concentrate', 1, NULL, '', 'tejas', '2020-01-03 09:24:01', NULL, 1),
(227, NULL, 'Coal (Lignite)', 'Coal (Lignite)', 0, NULL, '', 'tejas', '2019-01-01 07:20:05', NULL, 0),
(228, NULL, 'Scrap', 'Scrap', 1, NULL, '', 'soumen', '2023-12-15 11:55:45', NULL, 0),
(229, NULL, 'Zinc Oxide', 'Zinc Oxide', 1, NULL, '', 'banti', '2020-07-15 09:26:00', NULL, 0),
(230, NULL, 'Copper Matte', 'Copper Matte', 1, NULL, '', 'tejas', '0000-00-00 00:00:00', NULL, 0),
(231, NULL, 'Acid', 'Acid', 0, NULL, '', 'tejas', '0000-00-00 00:00:00', NULL, 1),
(232, NULL, 'Store Material', 'Store Material', 0, NULL, '', 'tejas', '0000-00-00 00:00:00', NULL, 1),
(233, NULL, 'Other', 'Other', 0, NULL, '', 'tejas', '0000-00-00 00:00:00', NULL, 1),
(234, NULL, 'Job Work', 'Job Work', 1, NULL, '', 'banti', '0000-00-00 00:00:00', NULL, 1),
(235, NULL, 'SLAG', 'SLAG', 1, NULL, '', 'tejas', '2021-03-05 06:20:57', NULL, 0),
(236, NULL, 'FLY-ASH', 'FLY-ASH', 1, NULL, '', 'tejas', '0000-00-00 00:00:00', NULL, 0),
(237, NULL, 'LIQUID OXIGEN GAS', 'LIQUID OXIGEN GAS', 1, NULL, '', 'tejas', '0000-00-00 00:00:00', NULL, 0),
(238, NULL, 'LIQUID NITROGEN GAS', 'LIQUID NITROGEN GAS', 1, NULL, '', 'tejas', '0000-00-00 00:00:00', NULL, 0),
(239, NULL, 'LIQUID ARGON GAS', 'LIQUID ARGON GAS', 1, NULL, '', 'tejas', '0000-00-00 00:00:00', NULL, 0),
(240, NULL, 'ALUMINA', 'ALUMINA', 1, NULL, '', 'soumen', '2023-12-18 12:38:14', NULL, 0),
(241, NULL, 'ALUMINA EMPTY VEHICLE', 'ALUMINA EMPTY VEHICLE', 1, NULL, '', 'soumen', '2023-12-18 12:38:06', NULL, 0),
(242, NULL, 'COAL ESL', 'COAL ESL', 1, NULL, '', 'banti', '0000-00-00 00:00:00', NULL, 0),
(243, NULL, 'FG', 'FG', 1, NULL, '', 'soumen', '2023-12-15 11:56:21', NULL, 0);

-- --------------------------------------------------------

--
-- Table structure for table `master_plant`
--

CREATE TABLE `master_plant` (
  `plant_id` int(11) NOT NULL,
  `company_id` int(11) DEFAULT NULL,
  `plant_name` varchar(200) NOT NULL,
  `address` varchar(200) DEFAULT NULL,
  `contact_no` varchar(30) DEFAULT NULL,
  `is_active` varchar(1) DEFAULT NULL,
  `updated_by` varchar(20) DEFAULT NULL,
  `date_updated` timestamp NOT NULL DEFAULT CURRENT_TIMESTAMP ON UPDATE CURRENT_TIMESTAMP
) ENGINE=InnoDB DEFAULT CHARSET=latin1;

--
-- Dumping data for table `master_plant`
--

INSERT INTO `master_plant` (`plant_id`, `company_id`, `plant_name`, `address`, `contact_no`, `is_active`, `updated_by`, `date_updated`) VALUES
(1, NULL, 'pooja', NULL, NULL, NULL, NULL, '2025-01-24 05:40:56'),
(2, NULL, 'priya', NULL, NULL, NULL, NULL, '2025-01-24 05:42:36'),
(4, NULL, 'priyanka', NULL, NULL, NULL, NULL, '2025-01-24 06:22:34'),
(5, NULL, 'tejal', NULL, NULL, NULL, NULL, '2025-01-24 06:31:18'),
(6, NULL, 'tejal', NULL, NULL, NULL, NULL, '2025-01-24 06:32:16'),
(7, NULL, 'tejal', NULL, NULL, NULL, NULL, '2025-01-24 12:27:17');

-- --------------------------------------------------------

--
-- Table structure for table `master_tax`
--

CREATE TABLE `master_tax` (
  `tax_id` int(11) NOT NULL,
  `tax_name` varchar(100) NOT NULL,
  `tax_description` varchar(200) NOT NULL,
  `is_active` varchar(1) NOT NULL,
  `tax_rate` decimal(5,3) NOT NULL,
  `created_by` varchar(100) NOT NULL,
  `date_created` datetime DEFAULT NULL,
  `updated_by` varchar(100) NOT NULL,
  `date_updated` timestamp NOT NULL DEFAULT CURRENT_TIMESTAMP ON UPDATE CURRENT_TIMESTAMP,
  `org_id` int(11) DEFAULT NULL
) ENGINE=InnoDB DEFAULT CHARSET=latin1;

--
-- Dumping data for table `master_tax`
--

INSERT INTO `master_tax` (`tax_id`, `tax_name`, `tax_description`, `is_active`, `tax_rate`, `created_by`, `date_created`, `updated_by`, `date_updated`, `org_id`) VALUES
(1, 'IGST-18', 'IGST-18', 'Y', 18.000, '', NULL, 'BANTU JAIN', '2025-01-22 11:30:58', 1),
(2, 'TCS', 'TCS', 'Y', 1.000, '', NULL, 'GANGADHAR SWAMI', '2023-05-05 04:00:00', NULL),
(3, 'IGST-5', 'IGST-5', 'Y', 5.000, '', NULL, 'BANTU JAIN', '2024-06-17 01:46:05', NULL),
(4, 'Niryatkar', 'Niryatkar', 'N', 0.200, '', NULL, 'BANTU JAIN', '2024-06-17 01:56:30', NULL),
(5, 'GST-12', 'GST-12', 'Y', 12.000, '', NULL, 'GANGADHAR SWAMI', '2023-05-05 04:00:30', NULL),
(6, 'TAX-0', 'TAX-0', 'Y', 0.000, '', NULL, 'GANGADHAR SWAMI', '2023-05-05 04:01:54', NULL),
(7, 'CGST', 'CGST', 'Y', 9.000, '', NULL, 'BANTU JAIN', '2024-06-17 01:45:28', NULL),
(8, 'CGST-5', 'CGST-5', 'Y', 2.500, '', NULL, 'BANTU JAIN', '2024-06-17 01:47:55', NULL),
(9, 'SGST-5', 'SGST-5', 'Y', 2.500, '', NULL, 'BANTU JAIN', '2024-06-17 01:47:40', NULL),
(10, 'SGST', 'SGST', 'Y', 9.000, '', NULL, 'BANTU JAIN', '2024-06-17 01:48:35', NULL),
(11, 'TIN 7', 'Demo Tetsing ', 'Y', 7.000, 'BANTU JAIN', '2024-08-31 11:38:41', 'BANTU JAIN', '2024-08-31 06:08:41', NULL),
(12, 'TCS1', 'TCS', 'Y', 1.000, 'HARSHIT JAIN', '2024-09-01 05:45:37', 'HARSHIT JAIN', '2024-09-01 00:15:37', NULL),
(13, 'GST', 'GST', 'Y', 18.000, 'BANTU JAIN', '2024-09-02 07:03:54', 'BANTU JAIN', '2024-09-02 01:33:54', NULL),
(14, 'DEMO TAX 321', '3214', 'Y', 10.000, 'BANTU JAIN', '2025-01-22 11:33:14', 'BANTU JAIN', '2025-01-22 11:36:55', 1),
(15, 'TIN', 'dddd', 'Y', 7.000, 'BANTU JAIN', '2025-04-05 11:19:48', 'BANTU JAIN', '2025-04-05 11:19:48', 2);

-- --------------------------------------------------------

--
-- Table structure for table `material`
--

CREATE TABLE `material` (
  `material_id` int(11) NOT NULL,
  `material_name` varchar(100) NOT NULL,
  `is_available_for_seal` int(1) DEFAULT '1' COMMENT '0-No,1-Yes',
  `is_available_for_scrap` int(1) DEFAULT '0' COMMENT '0-No,1-Yes',
  `updated_on` timestamp NOT NULL DEFAULT '0000-00-00 00:00:00' ON UPDATE CURRENT_TIMESTAMP,
  `updated_by` varchar(100) DEFAULT NULL,
  `is_available_for_gps` int(1) NOT NULL DEFAULT '0'
) ENGINE=InnoDB DEFAULT CHARSET=latin1;

--
-- Dumping data for table `material`
--

INSERT INTO `material` (`material_id`, `material_name`, `is_available_for_seal`, `is_available_for_scrap`, `updated_on`, `updated_by`, `is_available_for_gps`) VALUES
(1, 'Coal', 1, 0, '2019-12-27 04:50:58', 'admin', 1),
(2, 'Metcoke', 1, 0, '2017-04-08 11:23:58', 'admin', 0),
(3, 'Concentrate', 1, 0, '2020-01-03 09:24:01', 'tejas', 1),
(4, 'Coal (Lignite)', 0, 0, '2019-01-01 07:20:05', 'tejas', 0),
(5, 'Scrap', 1, 1, '2023-12-15 11:55:45', 'soumen', 0),
(6, 'Zinc Oxide', 1, 0, '2020-07-15 09:26:00', 'banti', 0),
(7, 'Copper Matte', 1, 0, '0000-00-00 00:00:00', 'tejas', 0),
(8, 'Acid', 0, 0, '0000-00-00 00:00:00', 'tejas', 1),
(9, 'Store Material', 0, 0, '0000-00-00 00:00:00', 'tejas', 1),
(10, 'Other', 0, 0, '0000-00-00 00:00:00', 'tejas', 1),
(11, 'Job Work', 1, 1, '0000-00-00 00:00:00', 'banti', 1),
(12, 'SLAG', 1, 0, '2021-03-05 06:20:57', 'tejas', 0),
(13, 'FLY-ASH', 1, 0, '0000-00-00 00:00:00', 'tejas', 0),
(14, 'LIQUID OXIGEN GAS', 1, 0, '0000-00-00 00:00:00', 'tejas', 0),
(15, 'LIQUID NITROGEN GAS', 1, 0, '0000-00-00 00:00:00', 'tejas', 0),
(16, 'LIQUID ARGON GAS', 1, 0, '0000-00-00 00:00:00', 'tejas', 0),
(17, 'ALUMINA', 1, 1, '2023-12-18 12:38:14', 'soumen', 0),
(18, 'ALUMINA EMPTY VEHICLE', 1, 1, '2023-12-18 12:38:06', 'soumen', 0),
(19, 'COAL ESL', 1, 0, '0000-00-00 00:00:00', 'banti', 0),
(21, 'FG', 1, 1, '2023-12-15 11:56:21', 'soumen', 0);

-- --------------------------------------------------------

--
-- Table structure for table `module_head`
--

CREATE TABLE `module_head` (
  `head_id` int(11) NOT NULL,
  `head_name` varchar(250) NOT NULL
) ENGINE=InnoDB DEFAULT CHARSET=latin1;

--
-- Dumping data for table `module_head`
--

INSERT INTO `module_head` (`head_id`, `head_name`) VALUES
(1, 'Masters'),
(3, 'Generate Sale Order'),
(4, 'Permission'),
(7, 'siddhi_company1');

-- --------------------------------------------------------

--
-- Table structure for table `module_permission`
--

CREATE TABLE `module_permission` (
  `module_id` int(11) NOT NULL,
  `module_name` varchar(100) NOT NULL,
  `module_description` varchar(255) NOT NULL,
  `sub_module_status` enum('0','1') NOT NULL COMMENT '0-sub module will not create,\r\n1- sub module will be create',
  `created_by` int(11) NOT NULL,
  `created_date` datetime NOT NULL,
  `updated_by` int(11) NOT NULL,
  `updated_date` datetime NOT NULL,
  `is_delete` tinyint(1) NOT NULL DEFAULT '0'
) ENGINE=InnoDB DEFAULT CHARSET=utf8mb4;

--
-- Dumping data for table `module_permission`
--

INSERT INTO `module_permission` (`module_id`, `module_name`, `module_description`, `sub_module_status`, `created_by`, `created_date`, `updated_by`, `updated_date`, `is_delete`) VALUES
(1, 'Auctions', 'Auctions', '1', 6, '2025-01-13 12:19:00', 230, '2025-02-01 11:05:56', 0),
(2, 'Client', 'Client', '1', 6, '2025-01-13 12:22:44', 6, '2025-01-13 12:46:03', 1),
(3, 'Bidder ', 'Bidder ', '1', 6, '2025-01-13 13:09:41', 0, '0000-00-00 00:00:00', 0),
(4, 'Tender', 'Tender', '1', 6, '2025-01-13 13:49:33', 0, '0000-00-00 00:00:00', 1),
(5, 'logs', 'logs', '1', 6, '2025-01-13 14:36:56', 0, '0000-00-00 00:00:00', 0),
(6, 'User', 'User', '1', 6, '2025-01-13 14:38:47', 0, '0000-00-00 00:00:00', 0),
(7, 'Module ', 'Module ', '1', 6, '2025-01-13 14:39:06', 0, '0000-00-00 00:00:00', 0),
(8, 'SubModule', 'SubModule', '1', 6, '2025-01-13 14:40:01', 0, '0000-00-00 00:00:00', 0),
(9, 'Master', 'Master', '1', 6, '2025-01-13 14:40:54', 0, '0000-00-00 00:00:00', 0),
(10, 'Report', 'Report', '1', 6, '2025-01-13 15:01:00', 0, '0000-00-00 00:00:00', 0),
(11, 'test', 'test 11', '1', 1, '2025-01-28 13:16:29', 0, '0000-00-00 00:00:00', 0),
(12, 'sale order', 'only sale order\r\nedit', '1', 1, '2025-02-01 07:16:11', 1, '2025-02-01 07:51:37', 0);

-- --------------------------------------------------------

--
-- Table structure for table `module_sub_head`
--

CREATE TABLE `module_sub_head` (
  `module_sub_head_id` int(11) NOT NULL,
  `head_id` int(11) NOT NULL,
  `sub_head_code` varchar(100) NOT NULL,
  `sub_head_name` varchar(100) NOT NULL
) ENGINE=InnoDB DEFAULT CHARSET=latin1;

--
-- Dumping data for table `module_sub_head`
--

INSERT INTO `module_sub_head` (`module_sub_head_id`, `head_id`, `sub_head_code`, `sub_head_name`) VALUES
(1, 1, 'Master', 'Master'),
(2, 3, 'Generate Sale Order', 'Generate Sale Order'),
(3, 4, 'Permission', 'Permission'),
(4, 1, '012', 'master_sub module testing');

-- --------------------------------------------------------

--
-- Table structure for table `module_sub_head_permission_sets`
--

CREATE TABLE `module_sub_head_permission_sets` (
  `permission_id` int(11) NOT NULL,
  `module_sub_head_id` int(11) NOT NULL,
  `permission_name` varchar(100) NOT NULL,
  `permission_code` varchar(100) NOT NULL
) ENGINE=InnoDB DEFAULT CHARSET=latin1;

--
-- Dumping data for table `module_sub_head_permission_sets`
--

INSERT INTO `module_sub_head_permission_sets` (`permission_id`, `module_sub_head_id`, `permission_name`, `permission_code`) VALUES
(4, 2, 'Sale Order Generation', 'Sale Order generation'),
(6, 3, 'ModuleHead', 'ModuleHead'),
(7, 3, 'ModuleSubHead', 'ModuleSubHead'),
(8, 1, 'CompanyUserListing', 'CompanyUserListing'),
(9, 1, 'CompanyUserEdit', 'CompanyUserEdit'),
(10, 1, 'CompanyUserAdd', 'CompanyUserAdd'),
(11, 1, 'AuctioneerAdd', 'AuctioneerAdd'),
(12, 1, 'AuctioneerEdit', 'AuctioneerEdit'),
(13, 1, 'BidderAdd', 'BidderAdd'),
(14, 1, 'BidderEdit', 'BidderEdit'),
(15, 1, 'GenerateSaleOrderAdd', 'GenerateSaleOrderAdd'),
(16, 1, 'GenerateSaleOrderEdit', 'GenerateSaleOrderEdit'),
(17, 1, 'GenerateSaleOrderDelete', 'GenerateSaleOrderDelete'),
(18, 1, 'MasterCompanyAdd', 'MasterCompanyAdd'),
(19, 1, 'MasterCompanyEdit', 'MasterCompanyEdit'),
(20, 4, 'view1', '12345112');

-- --------------------------------------------------------

--
-- Table structure for table `organization`
--

CREATE TABLE `organization` (
  `org_id` int(11) NOT NULL,
  `quaestio_id` int(11) DEFAULT NULL,
  `OrgName` varchar(50) DEFAULT NULL,
  `OrgAddress` varchar(100) DEFAULT NULL,
  `OrgPhno` varchar(20) DEFAULT NULL,
  `Mobile` varchar(50) DEFAULT NULL,
  `Fax` varchar(50) DEFAULT NULL,
  `Email` varchar(200) DEFAULT NULL,
  `DLno` varchar(50) DEFAULT NULL,
  `ltNo` varchar(50) DEFAULT NULL,
  `istNo` varchar(50) DEFAULT NULL,
  `isstNo` varchar(50) DEFAULT NULL,
  `VatTinNo` varchar(50) DEFAULT NULL,
  `BCDANO` varchar(50) DEFAULT NULL,
  `GSTIN` varchar(50) NOT NULL,
  `PAN` varchar(20) DEFAULT NULL,
  `wo_number` varchar(20) DEFAULT NULL,
  `STATE` varchar(100) NOT NULL,
  `location` varchar(50) NOT NULL,
  `pincode` varchar(255) DEFAULT NULL,
  `packageType` varchar(1) NOT NULL DEFAULT 'R',
  `theme` varchar(20) DEFAULT NULL,
  `c_var` varchar(10) NOT NULL DEFAULT '2.2.2',
  `bill_format` varchar(50) DEFAULT NULL,
  `org_type` varchar(50) DEFAULT NULL,
  `work_orderwise_retailer_search_setting` varchar(1) DEFAULT 'N'
) ENGINE=InnoDB DEFAULT CHARSET=latin1;

--
-- Dumping data for table `organization`
--

INSERT INTO `organization` (`org_id`, `quaestio_id`, `OrgName`, `OrgAddress`, `OrgPhno`, `Mobile`, `Fax`, `Email`, `DLno`, `ltNo`, `istNo`, `isstNo`, `VatTinNo`, `BCDANO`, `GSTIN`, `PAN`, `wo_number`, `STATE`, `location`, `pincode`, `packageType`, `theme`, `c_var`, `bill_format`, `org_type`, `work_orderwise_retailer_search_setting`) VALUES
(1, 10000001, 'SYSTEM ENTERPRISES', '702, OPAL SQUARE ,IT PARK PADWAL NAGAR, WAGLE ESTATE ,THANE WEST - MH - 400604', '21646361', '9820525132', '', 'arun.nimma@salasarauction.com', '27ADBFS8437M1ZH', '', '', '', '', '', '27ADBFS8437M1ZH', 'ADBFS8437M', '', '27', '', NULL, 'D', 'skin-purple-light', '2.2.2', 'system_enterprise', 'Partnership', 'Y'),
(2, 0, 'A ONE SALASAR PVT LTD TEST', '702, OPAL SQUARE ,IT PARK PADWAL NAGAR, WAGLE ESTATE ,THANE WEST - MH - 400604', '21646361', '9820525132', 'sad', 'arun.nimma@salasarauction.com', '27AAOCA5506C1ZV', '', '', '', '', '', '27AAOCA5506C1ZV', 'ADBFS8437M', '', '27', '', NULL, 'D', 'skin-red-light', '2.2.2', 'a_one_salasar', 'Private Limited Company', 'N');

-- --------------------------------------------------------

--
-- Table structure for table `permission`
--

CREATE TABLE `permission` (
  `id` int(11) NOT NULL,
  `permission_id` varchar(200) NOT NULL,
  `org_id` int(11) DEFAULT NULL
) ENGINE=InnoDB DEFAULT CHARSET=latin1;

-- --------------------------------------------------------

--
-- Table structure for table `plant`
--

CREATE TABLE `plant` (
  `plant_id` int(11) NOT NULL,
  `plant_name` varchar(100) NOT NULL,
  `company_id` int(11) NOT NULL,
  `phone` varchar(10) NOT NULL,
  `email` varchar(100) NOT NULL,
  `address` varchar(500) NOT NULL,
  `country` varchar(100) NOT NULL,
  `state` varchar(100) NOT NULL,
  `city` varchar(100) NOT NULL,
  `pin_code` varchar(6) NOT NULL,
  `company_size` varchar(20) NOT NULL,
  `business_types` varchar(100) NOT NULL,
  `is_active` varchar(1) NOT NULL DEFAULT 'Y',
  `is_available_for_scrap` int(1) DEFAULT '0' COMMENT '0-No,1-Yes',
  `is_available_for_seal` int(1) DEFAULT '1' COMMENT '0-No,1-Yes',
  `date_updated` timestamp NOT NULL DEFAULT CURRENT_TIMESTAMP ON UPDATE CURRENT_TIMESTAMP,
  `updated_by` varchar(100) NOT NULL
) ENGINE=InnoDB DEFAULT CHARSET=latin1;

--
-- Dumping data for table `plant`
--

INSERT INTO `plant` (`plant_id`, `plant_name`, `company_id`, `phone`, `email`, `address`, `country`, `state`, `city`, `pin_code`, `company_size`, `business_types`, `is_active`, `is_available_for_scrap`, `is_available_for_seal`, `date_updated`, `updated_by`) VALUES
(9, 'DSC PYRO', 9, '', '', '-', '-', '-', '-', '123456', 'large', '-', 'Y', 0, 1, '2017-09-07 10:05:07', 'tejas'),
(11, 'DSC CPP', 9, '', '', '-', '-', '-', '-', '123546', 'large', '-', 'Y', 0, 1, '2017-09-07 10:05:00', 'tejas'),
(13, 'ZAWAR CPP', 10, '', '', '-', '-', '-', '-', '123546', 'large', '-', 'Y', 0, 1, '2017-09-07 10:05:38', 'tejas'),
(14, 'CLZS PYRO', 11, '', '', '-', '-', '-', '-', '123456', 'large', '-', 'Y', 0, 1, '2017-09-07 10:08:52', 'tejas'),
(15, 'CLZS CPP', 11, '', '', '-', '-', '-', '-', '123456', 'large', '-', 'Y', 0, 1, '2017-09-07 10:08:43', 'tejas'),
(16, 'CLZS HYDRO 1', 12, '', '', '-', 'India', '-', '-', '132456', 'large', '-', 'Y', 0, 1, '2017-12-06 07:01:33', 'tejas'),
(17, 'DSC SMELTER', 12, '', '', '-', '-', '-', '-', '123546', 'large', '-', 'Y', 0, 1, '2017-09-07 10:05:23', 'tejas'),
(18, 'DEBARI SMELTER (ZSD)', 12, '', '', '-', '-', '-', '-', '123546', 'large', '-', 'Y', 1, 1, '2020-02-03 09:30:01', 'tejas'),
(20, 'CLZS HYDRO 2', 12, '', '', '-', '-', '-', '-', '123546', 'large', '-', 'Y', 0, 1, '2017-12-06 07:02:07', 'tejas'),
(21, 'DSC', 11, '', '', '--', '--', '--', '--', '123546', 'medium', '--', 'Y', 1, 0, '2018-10-12 11:24:13', 'tejas'),
(23, 'ZSD', 11, '', '', '-', '-', '-', '-', '1', 'small', '-', 'N', 0, 0, '2020-02-03 09:30:31', 'tejas'),
(24, 'PMP', 11, '', '', '', '', '', '', '', '', '', 'Y', 1, 0, '2018-10-12 11:24:22', ''),
(25, 'KYM(Kayar)', 11, '', '', '', '', '', '', '', '', '', 'Y', 1, 0, '2018-10-12 11:24:29', ''),
(26, 'VAL', 11, '', '', '', '', '', '', '', '', '', 'Y', 1, 0, '2018-10-12 11:24:31', ''),
(28, 'VAL STL', 11, '', '', '', '', '', '', '', '', '', 'Y', 1, 0, '2018-10-12 11:24:34', ''),
(29, 'STL Silvassa', 11, '', '', '', '', '', '', '', '', '', 'Y', 1, 0, '2018-10-12 11:24:39', ''),
(30, 'Systematic', 11, '', '', '', '', '', '', '', '', '', 'Y', 1, 0, '2018-10-12 11:24:47', ''),
(31, 'JPL', 11, '', '', '', '', '', '', '', '', '', 'Y', 1, 0, '2018-10-12 11:24:52', ''),
(32, 'MPPL Kota', 11, '', '', ',', ',', ',', ',', '1', 'medium', ',', 'Y', 1, 1, '2020-09-14 13:25:23', 'banti'),
(34, 'DARIBA MINES', 11, '', '', '', '', '', '', '', '', '', 'Y', 1, 0, '2018-10-12 11:13:29', ''),
(38, 'SKM MINES', 11, '', '', '', '', '', '', '', '', '', 'Y', 1, 0, '2018-10-12 11:13:30', ''),
(39, 'ZAWAR MINES', 11, '', '', '', '', '', '', '', '', '', 'Y', 1, 0, '2018-10-12 11:13:31', ''),
(40, 'Other Party', 11, '', '', '', '', '', '', '', '', '', 'Y', 1, 0, '2018-10-12 11:16:14', ''),
(41, 'RAM MINES', 11, '', '', '', '', '', '', '', '', '', 'Y', 1, 0, '2018-10-12 11:27:41', ''),
(42, 'JSG - PLANT 2', 11, '', '', '-', '-', '-', '-', '123456', 'small', '-', 'Y', 0, 1, '2022-12-27 10:14:15', 'banti'),
(43, 'Other', 11, '', '', 'Other', 'Other', 'Other', 'Other', '111111', 'small', 'Other', 'Y', 0, 1, '2019-03-18 17:09:18', 'tejas'),
(44, 'JSG - PLANT 1', 11, '', '', '-', '-', '-', '-', '123456', 'small', '-', 'Y', 0, 1, '2022-12-27 09:59:36', 'banti'),
(45, 'GPL', 11, '', '', '-', '-', '-', '-', '123456', 'small', '-', 'Y', 0, 1, '2022-12-27 12:11:06', 'banti'),
(46, 'ESL STEEL', 13, '0000000000', '', '-', '-', '-', '-', '000000', 'small', 'POP', 'Y', 1, 1, '2023-03-18 06:07:57', 'banti'),
(47, 'KSPL', 14, '', '', '2nd Floor, Port Administrative Building Beach Road Kakinada – 533007 A.P. India', 'India', 'A.P.', 'Kakinada', '533007', 'large', 'Port', 'Y', 1, 1, '2025-01-16 07:39:31', 'soumen'),
(48, 'Waaree Energies ltd', 15, '', '', 'Western Edge I, 602, Off, Western Express Hwy, Borivali East, Mumbai, Maharashtra 400066', 'India', 'Maharashtra', 'Borivali East', '400066', 'medium', 'Manufacture', 'Y', 1, 1, '2024-01-20 06:08:56', 'soumen'),
(49, 'Balco', 14, '8003891079', 'kushagra.kumar@vedanta.co.in', '3359 / Ward No-01, Near Lunkand Petrol Pump, Ring Road No 2,, Ground Floor, Heerapur Raipur, Raipur, Chhattisgarh, 492099, Tatibandh, Raipur, Chhattisgarh, 492099', 'India', 'Chhatisgarh', 'Raipur', '321', 'large', 'Port', 'Y', 0, 1, '2025-07-07 11:23:59', 'banti');

-- --------------------------------------------------------

--
-- Table structure for table `plant_contacts`
--

CREATE TABLE `plant_contacts` (
  `id` int(11) NOT NULL,
  `users_id` int(11) NOT NULL,
  `contact_type` varchar(1) NOT NULL,
  `tag` varchar(20) NOT NULL,
  `value` varchar(200) NOT NULL,
  `is_primary` varchar(1) NOT NULL DEFAULT 'N',
  `is_active` varchar(1) NOT NULL DEFAULT 'Y'
) ENGINE=InnoDB DEFAULT CHARSET=latin1;

--
-- Dumping data for table `plant_contacts`
--

INSERT INTO `plant_contacts` (`id`, `users_id`, `contact_type`, `tag`, `value`, `is_primary`, `is_active`) VALUES
(1, 1, 'P', 'phone', '9152022935', 'Y', 'Y'),
(2, 1, 'E', 'email', 'scrapauditoresl@vedanta.co.in', 'Y', 'Y'),
(3, 2, 'P', 'phone', '9755091527', 'Y', 'Y'),
(4, 2, 'E', 'email', 'Balvinder.Bhamra@vedanta.co.in', 'Y', 'Y'),
(9, 3, 'P', 'phone', '7023302151', 'N', 'Y'),
(10, 3, 'E', 'email', 'auditor.dsc@vedanta.co.in', 'N', 'Y'),
(11, 4, 'P', 'phone', '7023302151', 'Y', 'Y'),
(12, 4, 'E', 'email', 'auditor.dsc@vedanta.co.in', 'Y', 'Y'),
(13, 5, 'P', 'phone', '7023302151', 'Y', 'Y'),
(14, 5, 'E', 'email', 'auditor.dsc@vedanta.co.in', 'Y', 'Y'),
(15, 6, 'P', 'phone', '1234567890', 'Y', 'Y'),
(16, 6, 'E', 'email', 'test@gmail.com', 'Y', 'Y'),
(19, 7, 'P', 'phone', '9152022932', 'N', 'Y'),
(20, 7, 'E', 'email', 'scrap.auditor@cairnindia.com', 'N', 'Y'),
(23, 9, 'P', 'phone', '9152022931', 'Y', 'Y'),
(24, 9, 'E', 'email', 'scrap.auditor@cairnindia.com', 'Y', 'Y'),
(25, 8, 'P', 'phone', '9152022931', 'N', 'Y'),
(26, 8, 'E', 'email', 'scrap.auditor@cairnindia.com', 'N', 'Y'),
(27, 10, 'P', 'phone', '9152022931', 'Y', 'Y'),
(28, 10, 'E', 'email', 'scrap.auditor@cairnindia.com', 'Y', 'Y'),
(32, 12, 'P', 'phone', '7023302152', 'N', 'Y'),
(33, 12, 'E', 'email', 'scrapauditor.ram@vedanta.co.in', 'N', 'Y'),
(34, 13, 'P', 'phone', '7023302155', 'Y', 'Y'),
(35, 13, 'E', 'email', 'scrapauditor.zwm@vedanta.co.in', 'Y', 'Y'),
(38, 15, 'P', 'phone', '9874123650', 'N', 'Y'),
(39, 15, 'E', 'email', 'priyanka.kulkarni@salasarauction.com', 'N', 'Y'),
(40, 16, 'P', 'phone', '4567891230', 'Y', 'Y'),
(41, 16, 'E', 'email', 'priyanka.kulkarni16@salasarauction.com', 'Y', 'Y'),
(42, 17, 'P', 'phone', '9685743211', 'Y', 'Y'),
(43, 17, 'E', 'email', 'priyanka.kulkarni@salasarauction.com', 'Y', 'Y'),
(44, 18, 'P', 'phone', '8964385217', 'Y', 'Y'),
(45, 18, 'E', 'email', 'salasar@gmail.com', 'Y', 'Y'),
(46, 19, 'P', 'phone', '9898989885', 'Y', 'Y'),
(47, 19, 'E', 'email', 'neeraj@gmail.com', 'Y', 'Y');

-- --------------------------------------------------------

--
-- Table structure for table `refund_approval`
--

CREATE TABLE `refund_approval` (
  `id` int(11) NOT NULL,
  `sale_order_id` int(11) NOT NULL,
  `nfa_no` varchar(250) NOT NULL,
  `f_nfa_no` varchar(250) DEFAULT NULL,
  `paydate` date NOT NULL,
  `refund_amt` int(11) NOT NULL,
  `approval_sts` varchar(250) NOT NULL,
  `remark` text NOT NULL,
  `org_id` int(11) DEFAULT NULL,
  `approved_by` int(11) NOT NULL,
  `approved_on` date NOT NULL
) ENGINE=InnoDB DEFAULT CHARSET=latin1;

-- --------------------------------------------------------

--
-- Table structure for table `report`
--

CREATE TABLE `report` (
  `report_id` int(11) NOT NULL,
  `report_name` varchar(255) NOT NULL,
  `craeted_by` int(11) NOT NULL,
  `created_on` datetime NOT NULL DEFAULT CURRENT_TIMESTAMP,
  `updated_by` int(11) NOT NULL,
  `updated_on` datetime NOT NULL DEFAULT CURRENT_TIMESTAMP,
  `is_delete` tinyint(1) NOT NULL DEFAULT '0'
) ENGINE=InnoDB DEFAULT CHARSET=latin1;

--
-- Dumping data for table `report`
--

INSERT INTO `report` (`report_id`, `report_name`, `craeted_by`, `created_on`, `updated_by`, `updated_on`, `is_delete`) VALUES
(1, 'dispatch_report', 1, '2025-08-01 17:11:44', 0, '2025-08-01 17:11:44', 0);

-- --------------------------------------------------------

--
-- Table structure for table `report_column`
--

CREATE TABLE `report_column` (
  `report_column_id` int(11) NOT NULL,
  `report_id` int(11) NOT NULL,
  `column_name` varchar(255) NOT NULL,
  `created_by` int(11) NOT NULL,
  `created_on` datetime NOT NULL DEFAULT CURRENT_TIMESTAMP,
  `updated_by` int(11) NOT NULL,
  `updated_on` datetime NOT NULL DEFAULT CURRENT_TIMESTAMP,
  `is_delete` tinyint(1) NOT NULL DEFAULT '0'
) ENGINE=InnoDB DEFAULT CHARSET=latin1;

--
-- Dumping data for table `report_column`
--

INSERT INTO `report_column` (`report_column_id`, `report_id`, `column_name`, `created_by`, `created_on`, `updated_by`, `updated_on`, `is_delete`) VALUES
(1, 1, 'date', 1, '2025-08-02 14:05:04', 0, '2025-08-02 14:05:04', 0),
(2, 1, 'material', 1, '2025-08-02 14:05:20', 0, '2025-08-02 14:05:20', 0),
(3, 1, 'plant', 1, '2025-08-02 14:05:38', 0, '2025-08-02 14:05:38', 0),
(4, 1, 'vehicle_no', 1, '2025-08-02 14:05:44', 0, '2025-08-02 14:05:44', 0),
(5, 1, 'dmt', 1, '2025-08-02 14:05:50', 0, '2025-08-02 14:05:50', 0),
(6, 1, 'uom', 1, '2025-08-02 14:05:57', 0, '2025-08-02 14:05:57', 0),
(7, 1, 'rate', 1, '2025-08-02 14:06:03', 0, '2025-08-02 14:06:03', 0),
(8, 1, 'basic_value', 1, '2025-08-02 14:06:09', 0, '2025-08-02 14:06:09', 0),
(9, 1, 'vendor_name', 1, '2025-08-02 14:06:15', 0, '2025-08-02 14:06:15', 0),
(10, 1, 'party_name', 1, '2025-08-02 14:06:21', 0, '2025-08-02 14:06:21', 0),
(11, 1, 'team_person', 1, '2025-08-02 14:06:27', 0, '2025-08-02 14:06:27', 0);

-- --------------------------------------------------------

--
-- Table structure for table `report_column_refrence`
--

CREATE TABLE `report_column_refrence` (
  `report_refrence_id` int(11) NOT NULL,
  `user_id` int(11) NOT NULL,
  `send_to` int(11) NOT NULL,
  `report_column_id` int(11) NOT NULL,
  `column_order` int(11) NOT NULL,
  `created_by` int(11) NOT NULL,
  `created_on` datetime NOT NULL DEFAULT CURRENT_TIMESTAMP,
  `updated_by` int(11) NOT NULL,
  `updated_on` datetime NOT NULL DEFAULT CURRENT_TIMESTAMP,
  `is_delete` tinyint(1) NOT NULL DEFAULT '0'
) ENGINE=InnoDB DEFAULT CHARSET=latin1;

--
-- Dumping data for table `report_column_refrence`
--

INSERT INTO `report_column_refrence` (`report_refrence_id`, `user_id`, `send_to`, `report_column_id`, `column_order`, `created_by`, `created_on`, `updated_by`, `updated_on`, `is_delete`) VALUES
(1, 2, 12, 1, 2, 319, '2025-08-16 17:32:11', 0, '2025-08-16 17:32:11', 0),
(53, 1, 2, 1, 1, 1, '2025-08-07 11:42:11', 0, '2025-08-07 11:42:11', 0),
(54, 1, 2, 2, 2, 1, '2025-08-07 11:42:11', 0, '2025-08-07 11:42:11', 0),
(55, 1, 2, 3, 3, 1, '2025-08-07 11:42:11', 0, '2025-08-07 11:42:11', 0),
(56, 1, 2, 4, 4, 1, '2025-08-07 11:42:11', 0, '2025-08-07 11:42:11', 0);

-- --------------------------------------------------------

--
-- Table structure for table `report_column_refrence_log`
--

CREATE TABLE `report_column_refrence_log` (
  `log_id` int(11) NOT NULL,
  `report_refrence_id` int(11) NOT NULL,
  `user_id` int(11) NOT NULL,
  `send_to` int(11) NOT NULL,
  `report_column_id` int(11) NOT NULL,
  `column_order` int(11) NOT NULL,
  `created_by` int(11) NOT NULL,
  `created_on` datetime NOT NULL DEFAULT CURRENT_TIMESTAMP,
  `updated_by` int(11) NOT NULL,
  `updated_on` datetime NOT NULL DEFAULT CURRENT_TIMESTAMP,
  `is_delete` tinyint(1) NOT NULL DEFAULT '0'
) ENGINE=InnoDB DEFAULT CHARSET=latin1;

--
-- Dumping data for table `report_column_refrence_log`
--

INSERT INTO `report_column_refrence_log` (`log_id`, `report_refrence_id`, `user_id`, `send_to`, `report_column_id`, `column_order`, `created_by`, `created_on`, `updated_by`, `updated_on`, `is_delete`) VALUES
(1, 0, 1, 2, 1, 1, 1, '2025-08-06 15:54:07', 0, '2025-08-06 15:54:07', 0),
(2, 0, 1, 2, 2, 2, 1, '2025-08-06 15:54:07', 0, '2025-08-06 15:54:07', 0),
(3, 0, 1, 2, 3, 3, 1, '2025-08-06 15:54:07', 0, '2025-08-06 15:54:07', 0),
(4, 0, 1, 2, 4, 4, 1, '2025-08-06 15:54:07', 0, '2025-08-06 15:54:07', 0),
(5, 0, 1, 2, 1, 1, 1, '2025-08-06 15:54:51', 0, '2025-08-06 15:54:51', 0),
(6, 0, 1, 2, 2, 2, 1, '2025-08-06 15:54:51', 0, '2025-08-06 15:54:51', 0),
(7, 0, 1, 2, 3, 3, 1, '2025-08-06 15:54:51', 0, '2025-08-06 15:54:51', 0),
(8, 0, 1, 2, 4, 4, 1, '2025-08-06 15:54:51', 0, '2025-08-06 15:54:51', 0),
(9, 0, 1, 2, 5, 6, 1, '2025-08-06 15:54:51', 0, '2025-08-06 15:54:51', 0),
(10, 0, 1, 2, 6, 5, 1, '2025-08-06 15:54:51', 0, '2025-08-06 15:54:51', 0),
(11, 0, 1, 2, 7, 7, 1, '2025-08-06 15:54:51', 0, '2025-08-06 15:54:51', 0),
(12, 0, 1, 2, 8, 8, 1, '2025-08-06 15:54:51', 0, '2025-08-06 15:54:51', 0),
(13, 0, 1, 2, 1, 1, 1, '2025-08-06 16:21:52', 0, '2025-08-06 16:21:52', 0),
(14, 0, 1, 2, 2, 2, 1, '2025-08-06 16:21:52', 0, '2025-08-06 16:21:52', 0),
(15, 0, 1, 2, 3, 3, 1, '2025-08-06 16:21:52', 0, '2025-08-06 16:21:52', 0),
(16, 0, 1, 2, 4, 4, 1, '2025-08-06 16:21:52', 0, '2025-08-06 16:21:52', 0),
(17, 0, 1, 2, 1, 1, 1, '2025-08-06 16:25:23', 0, '2025-08-06 16:25:23', 0),
(18, 0, 1, 2, 2, 2, 1, '2025-08-06 16:25:23', 0, '2025-08-06 16:25:23', 0),
(19, 0, 1, 2, 3, 3, 1, '2025-08-06 16:25:23', 0, '2025-08-06 16:25:23', 0),
(20, 0, 1, 2, 4, 4, 1, '2025-08-06 16:25:23', 0, '2025-08-06 16:25:23', 0),
(21, 0, 1, 2, 1, 1, 1, '2025-08-06 16:26:32', 0, '2025-08-06 16:26:32', 0),
(22, 0, 1, 2, 2, 2, 1, '2025-08-06 16:26:32', 0, '2025-08-06 16:26:32', 0),
(23, 0, 1, 2, 3, 3, 1, '2025-08-06 16:26:32', 0, '2025-08-06 16:26:32', 0),
(24, 0, 1, 2, 4, 4, 1, '2025-08-06 16:26:32', 0, '2025-08-06 16:26:32', 0),
(25, 0, 1, 2, 1, 1, 1, '2025-08-06 16:27:02', 0, '2025-08-06 16:27:02', 0),
(26, 0, 1, 2, 2, 2, 1, '2025-08-06 16:27:02', 0, '2025-08-06 16:27:02', 0),
(27, 0, 1, 2, 3, 3, 1, '2025-08-06 16:27:02', 0, '2025-08-06 16:27:02', 0),
(28, 0, 1, 2, 4, 4, 1, '2025-08-06 16:27:02', 0, '2025-08-06 16:27:02', 0),
(29, 0, 1, 2, 1, 1, 1, '2025-08-06 16:27:06', 0, '2025-08-06 16:27:06', 0),
(30, 0, 1, 2, 2, 2, 1, '2025-08-06 16:27:06', 0, '2025-08-06 16:27:06', 0),
(31, 0, 1, 2, 3, 3, 1, '2025-08-06 16:27:06', 0, '2025-08-06 16:27:06', 0),
(32, 0, 1, 2, 4, 4, 1, '2025-08-06 16:27:06', 0, '2025-08-06 16:27:06', 0),
(33, 0, 1, 2, 1, 1, 1, '2025-08-06 16:29:47', 0, '2025-08-06 16:29:47', 0),
(34, 0, 1, 2, 2, 2, 1, '2025-08-06 16:29:47', 0, '2025-08-06 16:29:47', 0),
(35, 0, 1, 2, 3, 3, 1, '2025-08-06 16:29:47', 0, '2025-08-06 16:29:47', 0),
(36, 0, 1, 2, 4, 4, 1, '2025-08-06 16:29:47', 0, '2025-08-06 16:29:47', 0),
(37, 0, 1, 2, 1, 1, 1, '2025-08-06 16:30:12', 0, '2025-08-06 16:30:12', 0),
(38, 0, 1, 2, 2, 2, 1, '2025-08-06 16:30:12', 0, '2025-08-06 16:30:12', 0),
(39, 0, 1, 2, 3, 3, 1, '2025-08-06 16:30:12', 0, '2025-08-06 16:30:12', 0),
(40, 0, 1, 2, 4, 4, 1, '2025-08-06 16:30:12', 0, '2025-08-06 16:30:12', 0),
(41, 0, 1, 2, 1, 1, 1, '2025-08-06 16:30:30', 0, '2025-08-06 16:30:30', 0),
(42, 0, 1, 2, 2, 2, 1, '2025-08-06 16:30:30', 0, '2025-08-06 16:30:30', 0),
(43, 0, 1, 2, 3, 3, 1, '2025-08-06 16:30:30', 0, '2025-08-06 16:30:30', 0),
(44, 0, 1, 2, 4, 4, 1, '2025-08-06 16:30:30', 0, '2025-08-06 16:30:30', 0),
(45, 0, 1, 2, 1, 1, 1, '2025-08-06 16:33:33', 0, '2025-08-06 16:33:33', 0),
(46, 0, 1, 2, 2, 2, 1, '2025-08-06 16:33:33', 0, '2025-08-06 16:33:33', 0),
(47, 0, 1, 2, 3, 3, 1, '2025-08-06 16:33:33', 0, '2025-08-06 16:33:33', 0),
(48, 0, 1, 2, 4, 4, 1, '2025-08-06 16:33:33', 0, '2025-08-06 16:33:33', 0),
(49, 0, 1, 2, 1, 1, 1, '2025-08-07 11:41:36', 0, '2025-08-07 11:41:36', 0),
(50, 0, 1, 2, 2, 2, 1, '2025-08-07 11:41:36', 0, '2025-08-07 11:41:36', 0),
(51, 0, 1, 2, 3, 3, 1, '2025-08-07 11:41:36', 0, '2025-08-07 11:41:36', 0),
(52, 0, 1, 2, 4, 4, 1, '2025-08-07 11:41:36', 0, '2025-08-07 11:41:36', 0),
(53, 0, 1, 2, 1, 1, 1, '2025-08-07 11:42:11', 0, '2025-08-07 11:42:11', 0),
(54, 0, 1, 2, 2, 2, 1, '2025-08-07 11:42:11', 0, '2025-08-07 11:42:11', 0),
(55, 0, 1, 2, 3, 3, 1, '2025-08-07 11:42:11', 0, '2025-08-07 11:42:11', 0),
(56, 0, 1, 2, 4, 4, 1, '2025-08-07 11:42:11', 0, '2025-08-07 11:42:11', 0);

-- --------------------------------------------------------

--
-- Table structure for table `sale_orders`
--

CREATE TABLE `sale_orders` (
  `sale_order_id` int(11) NOT NULL,
  `vendor_id` int(11) NOT NULL,
  `branch_id` int(20) NOT NULL,
  `sale_order_code` varchar(50) NOT NULL,
  `ref_no` varchar(20) NOT NULL,
  `buyer_id` int(11) NOT NULL,
  `sale_order_date` date NOT NULL,
  `cancelled` varchar(1) NOT NULL DEFAULT 'N',
  `payment_type` varchar(1) NOT NULL DEFAULT 'O',
  `freezed` varchar(1) NOT NULL DEFAULT 'N',
  `vendor_code_no` varchar(50) NOT NULL,
  `lifting_type` int(1) DEFAULT NULL COMMENT '0 - Amount Wise/ 1 - Quantity Wise',
  `more_quantity_lifting` int(1) DEFAULT '0' COMMENT '0 - Deny / 1 - Allow',
  `mark_complete` varchar(1) NOT NULL DEFAULT 'N',
  `cancle_order` varchar(1) NOT NULL DEFAULT 'N',
  `archieve` int(1) NOT NULL DEFAULT '0',
  `approval_status` varchar(250) DEFAULT NULL,
  `approved_by` varchar(250) DEFAULT NULL,
  `approval_remark` varchar(250) DEFAULT NULL,
  `approval_send` int(11) NOT NULL DEFAULT '0',
  `org_id` int(11) DEFAULT NULL,
  `created_by` varchar(250) NOT NULL,
  `approval_send_by` varchar(250) DEFAULT NULL
) ENGINE=InnoDB DEFAULT CHARSET=latin1;

--
-- Dumping data for table `sale_orders`
--

INSERT INTO `sale_orders` (`sale_order_id`, `vendor_id`, `branch_id`, `sale_order_code`, `ref_no`, `buyer_id`, `sale_order_date`, `cancelled`, `payment_type`, `freezed`, `vendor_code_no`, `lifting_type`, `more_quantity_lifting`, `mark_complete`, `cancle_order`, `archieve`, `approval_status`, `approved_by`, `approval_remark`, `approval_send`, `org_id`, `created_by`, `approval_send_by`) VALUES
(1, 2, 2, '1101202300001', 'scrap_1', 1, '2023-04-30', 'N', 'O', 'Y', '700039', 0, 0, 'N', 'N', 0, NULL, NULL, NULL, 0, 1, 'BALCO COMMON', NULL),
(2, 3, 3, '1000202300002', 'scrap_2', 2, '2023-08-05', 'N', 'O', 'Y', '456473', 1, 0, 'N', 'N', 0, NULL, NULL, NULL, 0, 1, 'ESL COMMON', NULL),
(4, 6, 3, '3500202300004', 'scrap_4', 21, '2023-06-02', 'N', 'O', 'Y', '301696', 0, 0, 'N', 'N', 1, NULL, NULL, NULL, 0, 1, 'HARSHIT JAIN', NULL),
(6, 6, 3, '3500202300006', 'scrap_6', 11, '2023-06-16', 'N', 'O', 'Y', '300671', 0, 0, 'N', 'N', 1, NULL, NULL, NULL, 0, 1, 'HARSHIT JAIN', NULL),
(7, 10, 9, '2010202300007', 'scrap_7', 65, '2023-05-15', 'N', 'O', 'N', '27190', 1, 0, 'Y', 'N', 0, NULL, NULL, NULL, 0, 1, 'CAIRN COMMON', NULL),
(8, 10, 10, '2010202300008', 'scrap_8', 61, '2023-06-28', 'N', 'L', 'Y', '[16734', 1, 0, 'N', 'N', 1, NULL, NULL, NULL, 0, 1, 'CAIRN COMMON', NULL),
(10, 10, 10, '2010202300010', 'scrap_10', 64, '2023-06-28', 'N', 'L', 'N', '130785', 1, 0, 'N', 'N', 0, NULL, NULL, NULL, 0, 1, 'CAIRN COMMON', NULL),
(11, 10, 10, '2010202300011', 'scrap_10', 60, '2023-06-28', 'N', 'L', 'N', '407261', 1, 0, 'N', 'N', 0, NULL, NULL, NULL, 0, 1, 'CAIRN COMMON', NULL),
(12, 10, 10, '2010202300012', 'scrap_12', 61, '2023-06-28', 'N', 'L', 'N', '16734', 1, 0, 'N', 'N', 0, NULL, NULL, NULL, 0, 1, 'RAJESH JAIN', NULL),
(13, 10, 10, '2010202300013', 'scrap_12', 63, '2023-06-28', 'N', 'L', 'N', '262243', 0, 0, 'N', 'N', 0, NULL, NULL, NULL, 0, 1, 'RAJESH JAIN', NULL),
(14, 10, 10, '2010202300014', 'scrap_14', 59, '2023-06-28', 'N', 'L', 'N', '383230', 0, 0, 'N', 'N', 0, NULL, NULL, NULL, 0, 1, 'CAIRN COMMON', NULL),
(15, 6, 3, '3500202300015', 'scrap_15', 125, '2023-07-18', 'N', 'L', 'Y', '301619', 1, 0, 'N', 'N', 1, NULL, NULL, NULL, 0, 1, 'RDC COMMON', NULL),
(16, 6, 3, '3500202300016', 'scrap_16', 21, '2023-07-18', 'N', 'L', 'Y', 'N/A', 1, 0, 'N', 'N', 1, NULL, NULL, NULL, 0, 1, 'RDC COMMON', NULL),
(17, 6, 5, '3500202300017', 'scrap_17', 126, '2023-07-18', 'N', 'L', 'Y', 'N/A1', 1, 0, 'N', 'N', 0, NULL, NULL, NULL, 0, 1, 'RDC COMMON', NULL),
(18, 6, 12, '3500202300018', 'scrap_18', 52, '2023-07-27', 'N', 'L', 'Y', '301549', 1, 0, 'N', 'N', 0, NULL, NULL, NULL, 0, 1, 'RAM COMMON', NULL),
(19, 6, 13, '3500202300019', 'scrap_19', 12, '2023-08-17', 'N', 'L', 'Y', '301722', 1, 0, 'N', 'N', 0, NULL, NULL, NULL, 0, 1, 'ZWM COMMON', NULL),
(20, 6, 13, '3500202300020', 'scrap_20', 28, '2023-08-17', 'N', 'L', 'Y', '300868', 1, 0, 'N', 'N', 0, NULL, NULL, NULL, 0, 1, 'ZWM COMMON', NULL),
(21, 6, 12, '3500202300021', 'scrap_21', 11, '2023-08-16', 'N', 'L', 'Y', 'N/A.', 1, 1, 'N', 'N', 0, NULL, NULL, NULL, 0, 1, 'RAM COMMON', NULL),
(22, 6, 3, '3500202300022', 'scrap_22', 43, '2023-08-23', 'N', 'L', 'Y', '301570', 1, 1, 'N', 'N', 1, NULL, NULL, NULL, 0, 1, 'RDC COMMON', NULL),
(24, 6, 3, '3500202300024', 'scrap_23', 12, '2023-08-16', 'N', 'L', 'Y', '301722...', 1, 1, 'N', 'N', 1, NULL, NULL, NULL, 0, 1, 'RDC COMMON', NULL),
(25, 6, 3, '3500202300025', 'scrap_25', 10, '2023-08-23', 'N', 'L', 'Y', '300019', 1, 0, 'N', 'N', 1, NULL, NULL, NULL, 0, 1, 'RDC COMMON', NULL),
(26, 6, 4, '3500202300026', 'scrap_26', 11, '2023-08-23', 'N', 'L', 'Y', '300671..', 1, 1, 'N', 'N', 1, NULL, NULL, NULL, 0, 1, 'RDC COMMON', NULL),
(27, 6, 4, '3500202300027', 'scrap_27', 35, '2023-08-23', 'N', 'L', 'N', '301616', 1, 0, 'N', 'N', 0, NULL, NULL, NULL, 0, 1, 'RDC COMMON', NULL),
(28, 6, 4, '3500202300028', 'scrap_28', 42, '2023-08-23', 'N', 'L', 'Y', 'N/A..', 1, 1, 'N', 'N', 1, NULL, NULL, NULL, 0, 1, 'RDC COMMON', NULL),
(30, 6, 4, '3500202300030', 'scrap_29', 43, '2023-08-23', 'N', 'L', 'Y', '301570..', 1, 0, 'N', 'N', 1, NULL, NULL, NULL, 0, 1, 'RDC COMMON', NULL),
(31, 6, 5, '3500202300031', 'scrap_31', 42, '2023-08-23', 'N', 'L', 'Y', 'N/A...', 1, 0, 'N', 'N', 0, NULL, NULL, NULL, 0, 1, 'RDC COMMON', NULL),
(32, 6, 5, '3500202300032', 'scrap_32', 15, '2023-08-23', 'N', 'L', 'Y', '301550..', 1, 0, 'N', 'N', 0, NULL, NULL, NULL, 0, 1, 'RDC COMMON', NULL),
(33, 6, 5, '3500202300033', 'scrap_33', 12, '2023-08-24', 'N', 'L', 'Y', '301722.....', 1, 0, 'N', 'N', 0, NULL, NULL, NULL, 0, 1, 'RDC COMMON', NULL),
(34, 6, 5, '3500202300034', 'scrap_34', 40, '2023-08-24', 'N', 'L', 'N', '301120', 1, 0, 'N', 'N', 0, NULL, NULL, NULL, 0, 1, 'RDC COMMON', NULL),
(35, 6, 5, '3500202300035', 'scrap_35', 25, '2023-08-24', 'N', 'L', 'N', '301184', 1, 0, 'N', 'N', 0, NULL, NULL, NULL, 0, 1, 'RDC COMMON', NULL),
(36, 6, 3, '3500202300036', 'scrap_36', 28, '2023-08-24', 'N', 'L', 'N', '300868..', 1, 0, 'N', 'N', 0, NULL, NULL, NULL, 0, 1, 'RDC COMMON', NULL),
(37, 6, 4, '3500202300037', 'scrap_37', 24, '2023-08-24', 'N', 'L', 'N', '301184.', 0, 0, 'N', 'N', 0, NULL, NULL, NULL, 0, 1, 'RDC COMMON', NULL),
(38, 6, 4, '3500202300038', 'scrap_38', 40, '2023-08-24', 'N', 'L', 'Y', '301120.', 1, 0, 'N', 'N', 0, NULL, NULL, NULL, 0, 1, 'RDC COMMON', NULL),
(39, 6, 12, '3500202300039', 'scrap_39', 32, '2023-08-16', 'N', 'L', 'Y', 'N/A,', 1, 0, 'N', 'N', 1, NULL, NULL, NULL, 0, 1, 'RAM COMMON', NULL),
(40, 6, 3, '3500202300040', 'scrap_40', 21, '2023-08-24', 'N', 'L', 'Y', 'N/a.....', 1, 1, 'N', 'N', 1, NULL, NULL, NULL, 0, 1, 'RDC COMMON', NULL),
(41, 6, 12, '3500202300041', 'scrap_41', 48, '2023-08-22', 'N', 'L', 'N', 'na..', 1, 0, 'N', 'N', 0, NULL, NULL, NULL, 0, 1, 'RAM COMMON', NULL),
(42, 6, 12, '3500202300042', 'scrap_42', 12, '2023-09-13', 'N', 'L', 'Y', '301722', 1, 1, 'N', 'N', 1, NULL, NULL, NULL, 0, 1, 'RAM COMMON', NULL),
(45, 6, 13, '3500202300045', 'scrap_43', 11, '2023-08-21', 'N', 'L', 'Y', '300671', 1, 1, 'N', 'N', 1, NULL, NULL, NULL, 0, 1, 'ZWM COMMON', NULL),
(46, 6, 12, '3500202300046', 'scrap_46', 12, '2023-09-13', 'N', 'L', 'Y', '301722', 1, 0, 'N', 'N', 0, NULL, NULL, NULL, 0, 1, 'RAM COMMON', NULL),
(47, 6, 13, '3500202300047', 'scrap_47', 32, '2023-08-21', 'N', 'L', 'Y', '301646', 1, 0, 'N', 'N', 1, NULL, NULL, 'NFA complete', 1, 1, 'ZWM COMMON', 'ZWM COMMON'),
(48, 6, 12, '3500202300048', 'scrap_48', 12, '2023-09-13', 'N', 'L', 'Y', '301722', 1, 0, 'N', 'N', 0, NULL, NULL, NULL, 0, 1, 'RAM COMMON', NULL),
(49, 6, 12, '3500202300049', 'scrap_49', 10, '2023-09-13', 'N', 'L', 'Y', '300019', 1, 0, 'N', 'N', 0, NULL, NULL, NULL, 0, 1, 'RAM COMMON', NULL),
(51, 6, 3, '3500202300051', 'scrap_50', 6, '2023-09-12', 'N', 'L', 'Y', '300067', 1, 0, 'N', 'N', 1, NULL, NULL, NULL, 0, 1, 'RDC COMMON', NULL),
(52, 6, 3, '3500202300052', 'scrap_52', 29, '2023-09-14', 'N', 'L', 'Y', '301112', 1, 1, 'N', 'N', 1, NULL, NULL, NULL, 0, 1, 'RDC COMMON', NULL),
(54, 6, 12, '3500202300054', 'scrap_54', 24, '2023-09-13', 'N', 'L', 'Y', '300785', 1, 1, 'N', 'N', 0, NULL, NULL, NULL, 0, 1, 'RAM COMMON', NULL),
(56, 6, 13, '3500202300056', 'scrap_55', 12, '2023-09-19', 'N', 'L', 'Y', '301722', 1, 0, 'N', 'N', 0, NULL, NULL, NULL, 0, 1, 'ZWM COMMON', NULL),
(57, 6, 12, '3500202300057', 'scrap_57', 29, '2023-09-13', 'N', 'L', 'Y', '301112', 1, 0, 'N', 'N', 0, NULL, NULL, NULL, 0, 1, 'RAM COMMON', NULL),
(58, 6, 12, '3500202300058', 'scrap_58', 52, '2023-09-13', 'N', 'L', 'N', '301549', 1, 0, 'N', 'N', 0, NULL, NULL, NULL, 0, 1, 'RAM COMMON', NULL),
(59, 6, 12, '3500202300059', 'scrap_59', 28, '2023-09-13', 'N', 'L', 'Y', '300868', 1, 1, 'N', 'N', 0, NULL, NULL, NULL, 0, 1, 'RAM COMMON', NULL),
(60, 6, 13, '3500202300060', 'scrap_60', 125, '2023-08-26', 'N', 'L', 'Y', '301619', 1, 0, 'N', 'N', 0, NULL, NULL, NULL, 0, 1, 'ZWM COMMON', NULL),
(61, 6, 13, '3500202300061', 'scrap_61', 32, '2023-09-23', 'N', 'L', 'Y', '301550', 1, 0, 'N', 'N', 0, NULL, NULL, NULL, 0, 1, 'ZWM COMMON', NULL),
(63, 6, 3, '3500202300063', 'scrap_62', 54, '2023-09-25', 'N', 'L', 'Y', '301711', 1, 0, 'N', 'N', 1, NULL, NULL, NULL, 0, 1, 'RDC COMMON', NULL),
(64, 10, 7, '2010202300064', 'scrap_64', 128, '2023-10-30', 'N', 'O', 'Y', '351734]', 1, 0, 'N', 'N', 0, NULL, NULL, NULL, 0, 1, 'CAIRN COMMON', NULL),
(65, 6, 3, '3500202300065', 'scrap_65', 4, '2023-10-11', 'N', 'L', 'Y', '300850', 1, 1, 'N', 'N', 1, NULL, NULL, NULL, 0, 1, 'RDC COMMON', NULL),
(66, 6, 3, '3500202300066', 'scrap_66', 15, '2023-10-20', 'N', 'L', 'Y', '301550.', 1, 1, 'N', 'N', 0, NULL, NULL, NULL, 0, 1, 'RDC COMMON', NULL),
(67, 6, 3, '3500202300067', 'scrap_67', 8, '2023-10-20', 'N', 'L', 'Y', '301327', 1, 0, 'N', 'N', 1, NULL, NULL, NULL, 0, 1, 'RDC COMMON', NULL),
(68, 6, 3, '3500202300068', 'scrap_68', 129, '2023-10-20', 'N', 'L', 'Y', '301670', 1, 0, 'N', 'N', 1, NULL, NULL, NULL, 0, 1, 'RDC COMMON', NULL),
(69, 6, 5, '3500202300069', 'scrap_69', 11, '2023-10-20', 'N', 'L', 'Y', '300671.', 1, 0, 'N', 'N', 1, NULL, NULL, NULL, 0, 1, 'RDC COMMON', NULL),
(70, 6, 12, '3500202300070', 'scrap_70', 21, '2023-10-14', 'N', 'L', 'Y', '301696', 1, 1, 'N', 'N', 0, NULL, NULL, NULL, 0, 1, 'RAM COMMON', NULL),
(71, 6, 12, '3500202300071', 'scrap_71', 21, '2023-10-14', 'N', 'L', 'Y', '301696', 1, 1, 'N', 'N', 1, NULL, NULL, NULL, 0, 1, 'RAM COMMON', NULL),
(72, 6, 12, '3500202300072', 'scrap_72', 35, '2023-10-14', 'N', 'L', 'Y', '301616', 1, 0, 'N', 'N', 1, NULL, NULL, NULL, 0, 1, 'RAM COMMON', NULL),
(73, 6, 12, '3500202300073', 'scrap_73', 29, '2023-10-14', 'N', 'L', 'Y', '301112', 1, 1, 'N', 'N', 1, NULL, NULL, NULL, 0, 1, 'RAM COMMON', NULL),
(74, 6, 12, '3500202300074', 'scrap_74', 11, '2023-10-14', 'N', 'L', 'Y', '300671', 1, 1, 'N', 'N', 1, NULL, NULL, NULL, 0, 1, 'RAM COMMON', NULL),
(75, 6, 12, '3500202300075', 'scrap_75', 43, '2023-10-13', 'N', 'L', 'Y', '301570', 1, 1, 'N', 'N', 0, NULL, NULL, NULL, 0, 1, 'RAM COMMON', NULL),
(76, 6, 3, '3500202300076', 'scrap_76', 11, '2023-10-21', 'N', 'L', 'Y', '300671', 1, 1, 'N', 'N', 0, NULL, NULL, NULL, 0, 1, 'RDC COMMON', NULL),
(77, 6, 12, '3500202300077', 'scrap_77', 130, '2023-10-14', 'N', 'L', 'Y', '301580', 1, 0, 'N', 'N', 1, NULL, NULL, NULL, 0, 1, 'RAM COMMON', NULL),
(78, 6, 12, '3500202300078', 'scrap_78', 15, '2023-10-21', 'N', 'L', 'Y', '211550', 1, 1, 'N', 'N', 0, NULL, NULL, NULL, 0, 1, 'RAM COMMON', NULL),
(79, 6, 12, '3500202300079', 'scrap_79', 19, '2023-10-21', 'N', 'L', 'Y', '31204', 1, 1, 'N', 'N', 1, NULL, NULL, NULL, 0, 1, 'RAM COMMON', NULL),
(80, 6, 12, '3500202300080', 'scrap_80', 13, '2023-10-21', 'N', 'L', 'Y', '301610', 1, 0, 'N', 'N', 0, NULL, NULL, NULL, 0, 1, 'RAM COMMON', NULL),
(81, 1, 1, '1000202300081', 'scrap_81', 132, '2023-03-28', 'N', 'L', 'Y', '22222', 0, 0, 'N', 'N', 0, NULL, NULL, NULL, 0, 1, 'Diksha Chugh', NULL),
(82, 1, 1, '1000202300082', 'scrap_82', 133, '2023-12-31', 'N', 'L', 'Y', '22221', 0, 0, 'N', 'N', 0, NULL, NULL, NULL, 0, 1, 'Diksha Chugh', NULL),
(83, 1, 1, '1000202300083', 'scrap_83', 134, '2023-12-31', 'N', 'L', 'Y', '22211', 0, 0, 'N', 'N', 0, NULL, NULL, NULL, 0, 1, 'Diksha Chugh', NULL),
(84, 10, 10, '2010202300084', 'scrap_84', 135, '2023-11-16', 'N', 'O', 'Y', '369239]', 1, 1, 'N', 'N', 1, NULL, NULL, NULL, 0, 1, 'CAIRN COMMON', NULL),
(85, 6, 3, '3500202300085', 'scrap_85', 32, '2023-11-18', 'N', 'L', 'Y', '301646', 1, 0, 'N', 'N', 1, NULL, NULL, NULL, 0, 1, 'RDC COMMON', NULL),
(86, 6, 3, '3500202300086', 'scrap_86', 28, '2023-11-18', 'N', 'L', 'Y', '300868', 1, 1, 'N', 'N', 0, NULL, NULL, NULL, 0, 1, 'RDC COMMON', NULL),
(87, 6, 3, '3500202300087', 'scrap_87', 42, '2023-11-18', 'N', 'L', 'Y', 'na..', 1, 1, 'N', 'N', 0, NULL, NULL, NULL, 0, 1, 'RDC COMMON', NULL),
(88, 6, 3, '3500202300088', 'scrap_88', 15, '2023-11-20', 'N', 'L', 'Y', '301550', 1, 1, 'N', 'N', 0, NULL, NULL, NULL, 0, 1, 'RDC COMMON', NULL),
(89, 6, 3, '3500202300089', 'scrap_89', 136, '2023-11-23', 'N', 'L', 'Y', '301737', 1, 1, 'N', 'N', 1, NULL, NULL, NULL, 0, 1, 'RDC COMMON', NULL),
(90, 6, 3, '3500202300090', 'scrap_90', 18, '2023-11-22', 'N', 'L', 'Y', '301749', 1, 1, 'N', 'N', 1, NULL, NULL, NULL, 0, 1, 'RDC COMMON', NULL),
(91, 6, 5, '3500202300091', 'scrap_91', 12, '2023-11-18', 'N', 'L', 'Y', '301722', 1, 0, 'N', 'N', 1, NULL, NULL, NULL, 0, 1, 'RDC COMMON', NULL),
(92, 6, 5, '3500202300092', 'scrap_92', 18, '2023-11-18', 'N', 'L', 'Y', '301749', 1, 1, 'N', 'N', 1, NULL, NULL, NULL, 0, 1, 'RDC COMMON', NULL),
(93, 6, 5, '3500202300093', 'scrap_93', 28, '2023-11-18', 'N', 'L', 'Y', '300868', 1, 1, 'N', 'N', 0, NULL, NULL, NULL, 0, 1, 'RDC COMMON', NULL),
(94, 6, 5, '3500202300094', 'scrap_94', 29, '2023-11-18', 'N', 'L', 'Y', '301112', 1, 1, 'N', 'N', 0, NULL, NULL, NULL, 0, 1, 'RDC COMMON', NULL),
(95, 6, 5, '3500202300095', 'scrap_95', 25, '2023-11-18', 'N', 'L', 'Y', '301184', 1, 0, 'N', 'N', 1, NULL, NULL, NULL, 0, 1, 'RDC COMMON', NULL),
(96, 6, 4, '3500202300096', 'scrap_96', 42, '2023-11-18', 'N', 'L', 'Y', 'NA...', 1, 1, 'N', 'N', 0, NULL, NULL, NULL, 0, 1, 'RDC COMMON', NULL),
(97, 6, 4, '3500202300097', 'scrap_97', 15, '2023-11-25', 'N', 'L', 'Y', '301550', 0, 0, 'N', 'N', 1, NULL, NULL, NULL, 0, 1, 'RDC COMMON', NULL),
(98, 6, 13, '3500202300098', 'scrap_98', 33, '2023-12-11', 'N', 'L', 'Y', '301016', 1, 0, 'N', 'N', 0, NULL, NULL, NULL, 0, 1, 'ZWM COMMON', NULL),
(99, 6, 13, '3500202300099', 'scrap_99', 37, '2023-12-11', 'N', 'L', 'Y', '300134', 1, 0, 'N', 'N', 0, NULL, NULL, NULL, 0, 1, 'ZWM COMMON', NULL),
(100, 6, 13, '3500202300100', 'scrap_100', 40, '2023-12-11', 'N', 'L', 'Y', '301120', 1, 0, 'N', 'N', 0, NULL, NULL, NULL, 0, 1, 'ZWM COMMON', NULL),
(101, 6, 13, '3500202300101', 'scrap_101', 10, '2023-12-11', 'N', 'L', 'Y', '300019 ', 1, 0, 'N', 'N', 0, NULL, NULL, NULL, 0, 1, 'ZWM COMMON', NULL),
(102, 6, 13, '3500202300102', 'scrap_102', 28, '2023-12-11', 'N', 'L', 'Y', '300868', 1, 0, 'N', 'N', 0, NULL, NULL, NULL, 0, 1, 'ZWM COMMON', NULL),
(104, 6, 3, '3500202300104', 'scrap_103', 9, '2023-12-21', 'N', 'L', 'Y', '301629', 1, 1, 'N', 'N', 0, NULL, NULL, NULL, 0, 1, 'RDC COMMON', NULL),
(105, 10, 10, '2010202400105', 'scrap_105', 138, '2024-01-11', 'N', 'L', 'Y', 'NA', 1, 0, 'N', 'N', 1, NULL, NULL, NULL, 0, 1, 'CAIRN COMMON', NULL),
(106, 10, 10, '2010202400106', 'scrap_106', 69, '2024-01-11', 'N', 'L', 'Y', '116209', 1, 1, 'N', 'N', 0, NULL, NULL, NULL, 0, 1, 'CAIRN COMMON', NULL),
(107, 10, 10, '2010202400107', 'scrap_107', 69, '2024-01-12', 'N', 'L', 'Y', 'na', 1, 0, 'N', 'N', 0, NULL, NULL, NULL, 0, 1, 'CAIRN COMMON', NULL),
(108, 6, 3, '3500202400108', 'scrap_108', 11, '2024-05-18', 'N', 'L', 'Y', '300671', 0, 0, 'N', 'N', 0, NULL, NULL, NULL, 0, 1, 'RDC COMMON', NULL),
(109, 6, 12, '3500202400109', 'scrap_109', 5, '2024-05-17', 'N', 'L', 'N', '301087', 1, 0, 'N', 'N', 0, NULL, NULL, NULL, 0, 1, 'RAM COMMON', NULL),
(110, 6, 13, '3500202400110', 'scrap_110', 15, '2024-04-29', 'N', 'L', 'Y', '301550', 1, 0, 'N', 'N', 1, NULL, NULL, NULL, 0, 1, 'ZWM COMMON', NULL),
(111, 6, 13, '3500202400111', 'scrap_111', 12, '2024-04-29', 'N', 'L', 'Y', '301722', 1, 0, 'N', 'N', 1, NULL, NULL, NULL, 0, 1, 'ZWM COMMON', NULL),
(112, 6, 3, '3500202400112', 'scrap_112', 11, '2024-05-18', 'N', 'L', 'Y', '300671', 0, 0, 'N', 'N', 0, NULL, NULL, NULL, 0, 1, 'RDC COMMON', NULL),
(113, 6, 5, '3500202400113', 'scrap_113', 15, '2024-05-18', 'N', 'L', 'Y', '301550', 0, 0, 'Y', 'N', 0, NULL, NULL, NULL, 0, 1, 'RDC COMMON', NULL),
(114, 6, 12, '3500202400114', 'scrap_114', 21, '2024-07-12', 'N', 'L', 'N', '301696', 1, 0, 'N', 'N', 0, NULL, NULL, NULL, 0, 1, 'RAM COMMON', NULL),
(115, 6, 12, '3500202400115', 'scrap_115', 11, '2024-07-12', 'N', 'L', 'N', '300671', 0, 0, 'N', 'N', 0, NULL, NULL, NULL, 0, 1, 'RAM COMMON', NULL),
(116, 6, 12, '3500202400116', 'scrap_116', 12, '2024-07-12', 'N', 'L', 'N', '301722', 0, 0, 'N', 'N', 0, NULL, NULL, NULL, 0, 1, 'RAM COMMON', NULL),
(117, 6, 12, '3500202400117', 'scrap_116', 18, '2024-07-12', 'N', 'L', 'N', '301749', 1, 0, 'N', 'N', 0, NULL, NULL, NULL, 0, 1, 'RAM COMMON', NULL),
(118, 6, 12, '3500202400118', 'scrap_118', 129, '2024-07-12', 'N', 'L', 'N', '301670', 0, 0, 'N', 'N', 0, NULL, NULL, NULL, 0, 1, 'RAM COMMON', NULL),
(119, 6, 12, '3500202400119', 'scrap_118', 40, '2024-07-12', 'N', 'O', 'N', '301120', 1, 0, 'N', 'N', 0, NULL, NULL, NULL, 0, 1, 'RAM COMMON', NULL),
(120, 6, 12, '3500202400120', 'scrap_120', 20, '2024-07-12', 'N', 'L', 'N', '301747', 0, 0, 'N', 'N', 0, NULL, NULL, NULL, 0, 1, 'RAM COMMON', NULL),
(121, 6, 12, '3500202400121', 'scrap_121', 37, '2024-07-12', 'N', 'L', 'N', '300134', 0, 0, 'N', 'N', 0, NULL, NULL, NULL, 0, 1, 'RAM COMMON', NULL),
(122, 6, 4, '3500202400122', 'scrap_122', 33, '2024-07-13', 'N', 'L', 'N', '301016', 0, 0, 'N', 'N', 0, NULL, NULL, NULL, 0, 1, 'RDC COMMON', NULL);

-- --------------------------------------------------------

--
-- Table structure for table `sale_orders_material`
--

CREATE TABLE `sale_orders_material` (
  `id` int(11) NOT NULL,
  `sale_order_id` int(11) NOT NULL,
  `ref_no_id` varchar(20) NOT NULL,
  `material_id` int(11) NOT NULL,
  `rate` decimal(20,2) NOT NULL,
  `totalqty` int(30) NOT NULL,
  `totunit` varchar(10) NOT NULL,
  `closer_status` varchar(1) NOT NULL DEFAULT 'N',
  `sod` date DEFAULT NULL,
  `sovu` date DEFAULT NULL,
  `remark` text,
  `org_id` int(11) DEFAULT NULL
) ENGINE=InnoDB DEFAULT CHARSET=latin1;

--
-- Dumping data for table `sale_orders_material`
--

INSERT INTO `sale_orders_material` (`id`, `sale_order_id`, `ref_no_id`, `material_id`, `rate`, `totalqty`, `totunit`, `closer_status`, `sod`, `sovu`, `remark`, `org_id`) VALUES
(1, 1, '', 2, 1200.00, 49, 'mt', 'N', '2023-04-30', '2023-05-25', NULL, 1),
(3, 4, '', 46, 720000.00, 3, 'Mt', 'N', '2023-04-27', '2023-05-22', NULL, 1),
(4, 6, '', 24, 118200.00, 4, 'mt', 'N', '2023-06-24', '2023-07-09', NULL, 1),
(5, 15, '', 86, 226500.00, 5, 'mt', 'N', '2023-07-18', '2023-08-07', NULL, 1),
(6, 16, '', 46, 643000.00, 5, 'Mt', 'N', '2023-07-18', '2023-08-12', NULL, 1),
(7, 16, '', 150, 202900.00, 3, 'mt', 'N', '2023-07-18', '2023-08-02', NULL, 1),
(8, 17, '', 151, 71600.00, 2, 'mt', 'N', '2023-07-18', '2023-08-02', NULL, 1),
(9, 8, '', 152, 37.00, 565640, 'kg', 'N', '2023-06-28', '2023-08-11', NULL, 1),
(10, 18, '', 1, 139700.00, 1, 'MT', 'N', '2023-07-27', '2023-08-11', NULL, 1),
(11, 14, '', 121, 38.00, 23500, 'kg', 'N', '2023-07-05', '2023-07-25', NULL, 1),
(12, 14, '', 92, 45.00, 4000, 'kg', 'N', '2023-07-05', '2023-07-25', NULL, 1),
(13, 14, '', 95, 46.00, 4400, 'kg', 'N', '2023-07-05', '2023-07-25', NULL, 1),
(14, 19, '', 162, 30500.00, 50, 'MT', 'N', '2023-08-17', '2023-09-06', NULL, 1),
(15, 20, '', 163, 68300.00, 6, 'MT', 'N', '2023-08-17', '2023-09-01', NULL, 1),
(16, 20, '', 164, 80100.00, 3, 'MT', 'N', '2023-08-17', '2023-09-01', NULL, 1),
(17, 21, '', 165, 35000.00, 3, 'MT', 'N', '2023-08-16', '2023-08-31', NULL, 1),
(18, 21, '', 43, 40800.00, 1, 'MT', 'N', '2023-08-16', '2023-08-31', NULL, 1),
(19, 21, '', 166, 41900.00, 20, 'MT', 'N', '2023-08-16', '2023-08-31', NULL, 1),
(20, 21, '', 167, 38700.00, 4, 'MT', 'N', '2023-08-16', '2023-08-31', NULL, 1),
(21, 18, '', 169, 23400.00, 2, 'MT', 'N', '2023-08-16', '2023-08-31', NULL, 1),
(22, 22, '', 170, 36300.00, 100, 'MT', 'N', '2023-08-16', '2023-09-10', NULL, 1),
(23, 24, '', 171, 29500.00, 15, 'MT', 'N', '2023-08-16', '2023-08-31', NULL, 1),
(24, 24, '', 172, 7010.00, 1, 'MT', 'N', '2023-08-16', '2023-08-31', NULL, 1),
(25, 25, '', 173, 25700.00, 10, 'MT', 'N', '2023-08-16', '2023-08-31', NULL, 1),
(26, 16, '', 174, 482000.00, 5, 'MT', 'N', '2023-08-16', '2023-09-10', NULL, 1),
(27, 26, '', 160, 26200.00, 5, 'MT', 'N', '2023-08-16', '2023-08-31', NULL, 1),
(28, 26, '', 175, 201400.00, 2, 'MT', 'N', '2023-08-16', '2023-08-31', NULL, 1),
(29, 26, '', 11, 39300.00, 3, 'MT', 'N', '2023-08-16', '2023-08-31', NULL, 1),
(30, 27, '', 176, 70000.00, 3, 'MT', 'N', '2023-08-16', '2023-08-31', NULL, 1),
(31, 28, '', 171, 29300.00, 14, 'MT', 'N', '2023-08-16', '2023-08-31', NULL, 1),
(32, 28, '', 177, 53400.00, 1, 'MT', 'N', '2023-08-16', '2023-08-31', NULL, 1),
(33, 30, '', 170, 35100.00, 50, 'MT', 'N', '2023-08-16', '2023-09-05', NULL, 1),
(34, 31, '', 178, 8060.00, 1, 'MT', 'N', '2023-08-16', '2023-08-31', NULL, 1),
(35, 31, '', 179, 6030.00, 14, 'MT', 'N', '2023-08-16', '2023-08-31', NULL, 1),
(36, 32, '', 161, 68200.00, 1, 'MT', 'N', '2023-08-16', '2023-08-31', NULL, 1),
(37, 33, '', 180, 39900.00, 8, 'MT', 'N', '2023-08-16', '2023-08-31', NULL, 1),
(38, 33, '', 171, 27630.00, 9, 'MT', 'N', '2023-08-16', '2023-08-31', NULL, 1),
(39, 34, '', 181, 50100.00, 8, 'MT', 'N', '2023-08-21', '2023-09-05', NULL, 1),
(40, 35, '', 182, 18500.00, 60, 'MT', 'N', '2023-08-22', '2023-09-11', NULL, 1),
(41, 24, '', 50, 40600.00, 1, 'MT', 'N', '2023-08-21', '2023-09-05', NULL, 1),
(42, 36, '', 183, 82150.00, 1, 'MT', 'N', '2023-08-21', '2023-09-05', NULL, 1),
(43, 37, '', 182, 18500.00, 30, 'MT', 'N', '2023-08-21', '2023-09-05', NULL, 1),
(44, 38, '', 181, 51600.00, 9, 'MT', 'N', '2023-08-21', '2023-09-05', NULL, 1),
(45, 39, '', 162, 32900.00, 100, 'MT', 'N', '2023-08-16', '2023-09-10', NULL, 1),
(46, 40, '', 46, 650500.00, 13, 'MT', 'N', '2023-08-16', '2023-09-10', NULL, 1),
(47, 40, '', 150, 203200.00, 2, 'MT', 'N', '2023-08-16', '2023-08-31', NULL, 1),
(49, 26, '', 176, 39200.00, 10, 'MT', 'N', '2023-08-25', '2023-09-09', NULL, 1),
(50, 42, '', 167, 39800.00, 2, 'MT', 'N', '2023-09-13', '2023-09-28', NULL, 1),
(51, 45, '', 184, 5060.00, 1, 'nos', 'N', '2023-08-21', '2023-09-05', NULL, 1),
(52, 47, '', 166, 37200.00, 5, 'MT', 'N', '2023-08-21', '2023-09-05', NULL, 1),
(54, 40, '', 183, 82400.00, 2, 'MT', 'N', '2023-09-15', '2023-09-30', NULL, 1),
(55, 52, '', 187, 499600.00, 1, 'MT', 'N', '2023-09-15', '2023-09-30', NULL, 1),
(56, 52, '', 188, 520200.00, 1, 'MT', 'N', '2023-09-15', '2023-09-30', NULL, 1),
(59, 42, '', 9, 37200.00, 5, 'MT', 'N', '2023-09-13', '2023-09-28', NULL, 1),
(60, 49, '', 189, 79400.00, 1, 'MT', 'N', '2023-09-13', '2023-09-28', NULL, 1),
(61, 49, '', 177, 49900.00, 5, 'MT', 'N', '2023-09-13', '2023-09-28', NULL, 1),
(62, 42, '', 43, 41500.00, 2, 'MT', 'N', '2023-09-13', '2023-09-28', NULL, 1),
(64, 54, '', 190, 84900.00, 3, 'MT', 'N', '2023-09-13', '2023-09-28', NULL, 1),
(65, 56, '', 191, 8520.00, 1, 'MT', 'N', '2023-09-19', '2023-09-30', NULL, 1),
(68, 57, '', 168, 50500.00, 15, 'MT', 'N', '2023-09-13', '2023-09-28', NULL, 1),
(69, 57, '', 192, 46300.00, 30, 'MT', 'N', '2023-09-13', '2023-09-30', NULL, 1),
(70, 58, '', 193, 30300.00, 40, 'MT', 'N', '2023-09-13', '2023-09-30', NULL, 1),
(71, 59, '', 161, 84300.00, 4, 'MT', 'N', '2023-09-13', '2023-09-28', NULL, 1),
(72, 58, '', 154, 1100.00, 6, 'MT', 'N', '2023-09-19', '2023-09-30', NULL, 1),
(73, 56, '', 194, 17020.00, 0, 'MT', 'N', '2023-09-19', '2023-09-30', NULL, 1),
(74, 56, '', 157, 44900.00, 2, 'MT', 'N', '2023-09-19', '2023-09-30', NULL, 1),
(75, 56, '', 195, 42000.00, 1, 'MT', 'N', '2023-09-19', '2023-09-30', NULL, 1),
(76, 56, '', 162, 29800.00, 20, 'MT', 'N', '2023-09-19', '2023-09-30', NULL, 1),
(77, 60, '', 196, 63300.00, 5, 'MT', 'N', '2023-08-26', '2023-09-10', NULL, 1),
(78, 54, '', 157, 79600.00, 7, 'MT', 'N', '2023-09-13', '2023-09-28', NULL, 1),
(79, 61, '', 59, 33000.00, 8, 'MT', 'N', '2023-09-23', '2023-10-07', NULL, 1),
(80, 61, '', 166, 38500.00, 7, 'MT', 'N', '2023-09-23', '2023-10-07', NULL, 1),
(81, 63, '', 197, 24400.00, 40, 'MT', 'N', '2023-09-23', '2023-10-07', NULL, 1),
(82, 64, '', 178, 29.00, 3000, 'kg', 'N', '2023-10-10', '2023-10-30', NULL, 1),
(83, 64, '', 43, 65.00, 5000, 'kg', 'N', '2023-10-10', '2023-10-30', NULL, 1),
(84, 65, '', 198, 48000.00, 35, 'MT', 'N', '2023-10-10', '2023-11-05', NULL, 1),
(85, 66, '', 50, 46700.00, 1, 'MT', 'N', '2023-10-20', '2023-11-04', NULL, 1),
(86, 51, '', 199, 75850.00, 1, 'MT', 'N', '2023-10-20', '2023-11-04', NULL, 1),
(87, 67, '', 200, 84000.00, 2, 'MT', 'N', '2023-10-20', '2023-11-04', NULL, 1),
(90, 69, '', 157, 40000.00, 15, 'MT', 'N', '2023-10-21', '2023-11-05', NULL, 1),
(91, 70, '', 201, 507300.00, 1, 'MT', 'N', '2023-10-14', '2023-10-29', NULL, 1),
(92, 71, '', 202, 89600.00, 21, 'MT', 'N', '2023-10-14', '2023-11-03', NULL, 1),
(93, 72, '', 156, 93000.00, 9, 'MT', 'N', '2023-10-14', '2023-10-29', NULL, 1),
(94, 73, '', 192, 46100.00, 46, 'MT', 'N', '2023-10-14', '2023-11-08', NULL, 1),
(95, 74, '', 11, 40300.00, 10, 'MT', 'N', '2023-10-14', '2023-10-29', NULL, 1),
(99, 76, '', 43, 37000.00, 3, 'MT', 'N', '2023-10-20', '2023-11-04', NULL, 1),
(100, 75, '', 189, 83050.00, 5, 'MT', 'N', '2023-10-14', '2023-10-29', NULL, 1),
(101, 75, '', 203, 78250.00, 1, 'MT', 'N', '2023-10-13', '2023-10-29', NULL, 1),
(102, 77, '', 181, 49100.00, 5, 'MT', 'N', '2023-10-14', '2023-10-29', NULL, 1),
(103, 78, '', 1, 132000.00, 2, 'MT', 'N', '2023-10-21', '2023-11-05', NULL, 1),
(104, 79, '', 204, 401400.00, 0, 'MT', 'N', '2023-10-21', '2023-11-05', NULL, 1),
(105, 77, '', 170, 35200.00, 57, 'MT', 'N', '2023-10-14', '2023-11-08', NULL, 1),
(106, 79, '', 205, 50100.00, 4, 'MT', 'N', '2023-10-21', '2023-11-05', NULL, 1),
(107, 80, '', 86, 221100.00, 5, 'MT', 'N', '2023-10-21', '2023-11-10', NULL, 1),
(108, 68, '', 74, 88400.00, 2, 'MT', 'N', '2023-10-20', '2023-11-04', NULL, 1),
(109, 81, '', 206, 1200.00, 180000, 'TO', 'N', '2023-03-28', '2024-09-30', NULL, 1),
(110, 84, '', 207, 72.00, 2540, 'kg', 'N', '2023-11-16', '2023-12-06', NULL, 1),
(111, 84, '', 208, 97.00, 3593, 'kg', 'N', '2023-11-16', '2023-12-06', NULL, 1),
(112, 85, '', 186, 35100.00, 4, 'MT', 'N', '2023-11-18', '2023-12-03', NULL, 1),
(113, 86, '', 187, 484500.00, 2, 'MT', 'N', '2023-11-23', '2023-12-08', NULL, 1),
(114, 86, '', 29, 80000.00, 5, 'MT', 'N', '2023-11-20', '2023-12-05', NULL, 1),
(115, 82, '', 206, 1200.00, 1000, 'TO', 'N', '2023-02-27', '2024-08-31', NULL, 1),
(116, 83, '', 206, 1500.00, 360000, 'TO', 'N', '2023-03-28', '2024-09-30', NULL, 1),
(117, 87, '', 74, 95650.00, 4, 'MT', 'N', '2023-11-18', '2023-12-03', NULL, 1),
(118, 88, '', 185, 31700.00, 6, 'MT', 'N', '2023-11-18', '2023-12-03', NULL, 1),
(119, 89, '', 209, 34200.00, 26, 'MT', 'N', '2023-11-23', '2023-12-03', NULL, 1),
(120, 90, '', 161, 77950.00, 2, 'MT', 'N', '2023-11-25', '2023-12-05', NULL, 1),
(121, 91, '', 171, 28100.00, 6, 'MT', 'N', '2023-11-23', '2023-12-03', NULL, 1),
(122, 92, '', 161, 77950.00, 1, 'MT', 'N', '2023-11-18', '2023-12-03', NULL, 1),
(123, 93, '', 189, 87800.00, 3, 'MT', 'N', '2023-11-18', '2023-12-03', NULL, 1),
(124, 94, '', 28, 64400.00, 35, 'MT', 'N', '2023-11-18', '2023-12-13', NULL, 1),
(125, 95, '', 182, 15550.00, 30, 'MT', 'N', '2023-11-23', '2023-12-03', NULL, 1),
(126, 96, '', 184, 1620.00, 15, 'MT', 'N', '2023-11-18', '2023-12-03', NULL, 1),
(127, 97, '', 166, 35800.00, 22, 'MT', 'N', '2023-11-25', '2023-12-10', NULL, 1),
(128, 98, '', 193, 26400.00, 17, 'MT', 'N', '2023-12-11', '2023-12-26', NULL, 1),
(129, 99, '', 210, 50100.00, 5, 'MT', 'N', '2023-12-11', '2024-03-31', NULL, 1),
(130, 100, '', 181, 44700.00, 80, 'MT', 'N', '2023-12-11', '2024-01-05', NULL, 1),
(131, 101, '', 211, 30300.00, 10, 'MT', 'N', '2023-12-11', '2023-12-26', NULL, 1),
(132, 101, '', 212, 31400.00, 2, 'MT', 'N', '2023-12-11', '2023-12-26', NULL, 1),
(133, 101, '', 195, 50700.00, 1, 'MT', 'N', '2023-12-11', '2023-12-26', NULL, 1),
(137, 105, '', 104, 43.00, 132820, 'KG', 'N', '2023-12-21', '2024-02-16', NULL, 1),
(138, 106, '', 1, 111.00, 2100, 'kg', 'N', '2023-12-21', '2024-01-22', NULL, 1),
(139, 107, '', 1, 111.00, 2040, 'kg', 'N', '2023-12-21', '2024-01-22', NULL, 1),
(141, 108, '', 179, 10450.00, 30, 'MT', 'N', '2024-05-18', '2024-06-06', NULL, 1),
(142, 110, '', 182, 17900.00, 35, 'mt', 'N', '2024-04-29', '2024-05-14', NULL, 1),
(143, 111, '', 212, 34500.00, 1, 'mt', 'N', '2024-04-29', '2024-05-14', NULL, 1),
(144, 120, '', 161, 120500.00, 1, 'MT', 'N', '2024-07-12', '2024-07-27', NULL, 1),
(145, 114, '', 202, 122500.00, 4, 'MT', 'N', '2024-07-12', '2024-07-27', NULL, 1),
(146, 119, '', 181, 46000.00, 15, 'MT', 'N', '2024-07-12', '2024-07-27', NULL, 1),
(149, 117, '', 203, 81500.00, 0, 'MT', 'N', '2024-07-12', '2024-07-27', NULL, 1);

-- --------------------------------------------------------

--
-- Table structure for table `sale_order_approval`
--

CREATE TABLE `sale_order_approval` (
  `id` int(11) NOT NULL,
  `sale_order_id` int(11) NOT NULL,
  `approval_sts` varchar(250) NOT NULL,
  `remark` text NOT NULL,
  `approved_by` int(11) NOT NULL,
  `approved_on` date NOT NULL,
  `org_id` int(11) DEFAULT NULL
) ENGINE=InnoDB DEFAULT CHARSET=latin1;

-- --------------------------------------------------------

--
-- Table structure for table `sale_order_material_lifting`
--

CREATE TABLE `sale_order_material_lifting` (
  `lift_id` int(11) NOT NULL,
  `sale_order_id` int(11) NOT NULL,
  `material_id` int(11) NOT NULL,
  `truck_no` varchar(20) NOT NULL,
  `date_time` date NOT NULL,
  `invoice_no` varchar(20) NOT NULL,
  `qty` decimal(20,3) NOT NULL,
  `unit` varchar(10) NOT NULL,
  `lifted_rate` decimal(20,2) NOT NULL,
  `discount_amt` decimal(20,2) NOT NULL,
  `debit_note` decimal(10,2) NOT NULL DEFAULT '0.00',
  `note` varchar(500) NOT NULL,
  `lot_no` int(11) NOT NULL DEFAULT '0',
  `date_updated` timestamp NOT NULL DEFAULT CURRENT_TIMESTAMP ON UPDATE CURRENT_TIMESTAMP,
  `updated_by` varchar(30) NOT NULL,
  `org_id` int(11) DEFAULT NULL
) ENGINE=InnoDB DEFAULT CHARSET=latin1;

--
-- Dumping data for table `sale_order_material_lifting`
--

INSERT INTO `sale_order_material_lifting` (`lift_id`, `sale_order_id`, `material_id`, `truck_no`, `date_time`, `invoice_no`, `qty`, `unit`, `lifted_rate`, `discount_amt`, `debit_note`, `note`, `lot_no`, `date_updated`, `updated_by`, `org_id`) VALUES
(1, 6, 24, 'RJ27GD6322', '2023-07-07', '220039', 3.800, '', 118200.00, 0.00, 0.00, '', 0, '2024-08-30 05:51:09', '30', 1),
(2, 8, 152, 'RJ19GF2990', '2023-08-03', '131', 28380.000, '', 37.00, 0.00, 0.00, '', 0, '2024-08-30 05:51:20', '24', 1),
(3, 8, 152, 'RJ04GC2818', '2023-08-04', 'SC1000000133', 28380.000, '', 37.00, 0.00, 0.00, '', 0, '2024-08-30 05:51:20', '24', 1),
(4, 8, 152, 'RJ04GC7762', '2023-08-04', 'SC1000000132', 28560.000, '', 37.00, 0.00, 0.00, '', 0, '2024-08-30 05:51:20', '24', 1),
(5, 8, 152, 'RJ04GC2193', '2023-08-08', ' SC1000000140', 11220.000, '', 37.00, 0.00, 0.00, '', 0, '2024-08-30 05:51:20', '24', 1),
(6, 8, 152, 'RJ04GB9264', '2023-08-07', 'SC1000000134', 23340.000, '', 37.00, 0.00, 0.00, '', 0, '2024-08-30 05:51:20', '24', 1),
(7, 8, 152, 'RJ04GC2818', '2023-08-04', 'SC1000000135', 28820.000, '', 37.00, 0.00, 0.00, '', 0, '2024-08-30 05:51:20', '24', 1),
(8, 8, 152, 'RJ39GA5686', '2023-08-07', 'SC1000000135', 22520.000, '', 37.00, 0.00, 0.00, '', 0, '2024-08-30 05:51:20', '24', 1),
(9, 8, 152, 'RJ19GE4557', '2023-08-07', 'SC1000000136', 23800.000, '', 37.00, 0.00, 0.00, '', 0, '2024-08-30 05:51:20', '24', 1),
(10, 8, 152, 'RJ04GB1489', '2023-08-08', 'SC1000000138', 23760.000, '', 37.00, 0.00, 0.00, '', 0, '2024-08-30 05:51:20', '24', 1),
(11, 21, 165, 'RJ06GB2185', '2023-08-21', '228155', 3.060, '', 35000.00, 0.00, 0.00, 'na', 0, '2024-08-30 05:51:20', '22', 1),
(12, 22, 170, 'RJ27GC4815', '2023-08-22', '228300', 17.320, '', 36300.00, 0.00, 0.00, '', 0, '2024-08-30 05:51:20', '23', 1),
(13, 16, 150, 'RJ06GC7045', '2023-08-01', '224367', 0.440, '', 643000.00, 0.00, 0.00, '', 0, '2024-08-30 05:51:20', '23', 1),
(14, 16, 150, 'RJ06GC7045', '2023-08-01', '224362', 2.500, '', 643000.00, 0.00, 0.00, '', 0, '2024-08-30 05:51:20', '23', 1),
(15, 26, 160, 'RJ27GB5118', '2023-08-22', '228358', 4.220, '', 26200.00, 0.00, 0.00, '', 0, '2024-08-30 05:51:20', '23', 1),
(16, 26, 175, 'RJ27GB5118', '2023-08-22', '228357', 2.340, '', 26200.00, 0.00, 0.00, '', 0, '2024-08-30 05:51:20', '23', 1),
(17, 39, 162, 'RJ06GB6913', '2023-08-22', '228316', 4.260, '', 39210.22, 0.00, 0.00, '', 0, '2024-08-30 05:51:20', '22', 1),
(18, 4, 46, 'RJ27GD3945', '2023-05-09', '206231', 3.000, '', 720000.00, 0.00, 0.00, '', 0, '2024-08-30 05:51:20', '30', 1),
(19, 26, 176, 'RJ27GD3945', '2023-08-31', '230473', 11.620, '', 46718.56, 0.00, 0.00, '', 0, '2024-08-30 05:51:20', '23', 1),
(20, 45, 184, 'RJ14GF6111', '2023-08-31', '230465', 1.000, '', 6030.51, 0.00, 0.00, '', 0, '2024-08-30 05:51:20', '34', 1),
(21, 45, 184, 'RJ14GF6111', '2023-08-31', '230465', 1.000, '', 6030.51, 0.00, 0.00, '', 0, '2024-08-30 05:51:20', '34', 1),
(22, 47, 166, 'RJ27GB 5118', '2023-08-29', '230055', 5.440, '', 44334.96, 0.00, 0.00, '', 0, '2024-08-30 05:51:20', '34', 1),
(24, 54, 190, 'RJ06GA5998', '2023-09-20', '234745', 3.560, '', 101183.82, 0.00, 0.00, '', 0, '2024-08-30 05:51:20', '22', 1),
(25, 59, 161, 'RJ48GA2323', '2023-09-21', '234979', 2.120, '', 100468.74, 0.00, 0.00, '', 0, '2024-08-30 05:51:20', '22', 1),
(26, 63, 197, 'RJ09GB1532', '2023-10-03', '237609', 4.220, '', 24400.00, 0.00, 0.00, '', 0, '2024-08-30 05:51:20', '23', 1),
(28, 42, 167, 'RJ27GA6606', '2023-09-28', '236601', 1.810, '', 39800.00, 0.00, 0.00, '', 0, '2024-08-30 05:51:20', '22', 1),
(29, 42, 9, 'RJ27GA6606', '2023-09-21', '234973', 4.450, '', 37200.00, 0.00, 0.00, '', 0, '2024-08-30 05:51:20', '22', 1),
(30, 42, 43, 'RJ27GA6606', '2023-09-21', '235010', 1.240, '', 41500.00, 0.00, 0.00, '', 0, '2024-08-30 05:51:20', '22', 1),
(31, 40, 46, 'RJ27GB2247', '2023-09-29', '230009', 1.620, '', 650500.00, 0.00, 0.00, '', 0, '2024-08-30 05:51:20', '23', 1),
(32, 72, 156, 'HR55AM5884', '2023-10-26', '242081', 8.330, '', 93000.00, 0.00, 0.00, '', 0, '2024-08-30 05:51:20', '22', 1),
(33, 74, 11, 'RJ19GB5390', '2023-10-27', '242339', 1.721, '', 40300.00, 0.00, 0.00, '', 0, '2024-08-30 05:51:20', '22', 1),
(34, 74, 11, 'RJ19GB5390', '2023-10-27', '242337', 9.669, '', 40300.00, 0.00, 0.00, '', 0, '2024-08-30 05:51:20', '22', 1),
(35, 75, 189, 'RJ06GC3185', '2023-10-27', '242370', 4.640, '', 83050.00, 0.00, 0.00, '', 0, '2024-08-30 05:51:20', '22', 1),
(36, 75, 203, 'RJ06GC3185', '2023-10-27', '242377', 0.520, '', 78250.00, 0.00, 0.00, '', 0, '2024-08-30 05:51:20', '22', 1),
(37, 75, 203, 'RJ06GC3185', '2023-10-27', '242379', 0.040, '', 78250.00, 0.00, 0.00, '', 0, '2024-08-30 05:51:20', '22', 1),
(38, 77, 181, 'RJ06GC3320', '2023-10-28', '242611', 4.730, '', 49100.00, 0.00, 0.00, '', 0, '2024-08-30 05:51:20', '22', 1),
(39, 71, 202, 'RJ06GA5998', '2023-10-27', '242577', 10.580, '', 89600.00, 0.00, 0.00, '', 0, '2024-08-30 05:51:20', '22', 1),
(40, 70, 201, 'RJ06GA5998', '2023-10-27', '242371', 1.220, '', 507300.00, 0.00, 0.00, '', 0, '2024-08-30 05:51:20', '22', 1),
(41, 77, 170, 'RJ19GB9150', '2023-10-31', '243062', 8.430, '', 35200.00, 0.00, 0.00, '', 0, '2024-08-30 05:51:20', '22', 1),
(42, 77, 170, 'RJ19GB9150', '2023-10-31', '243060', 5.310, '', 35200.00, 0.00, 0.00, '', 0, '2024-08-30 05:51:20', '22', 1),
(43, 77, 170, 'RJ19GB9150', '2023-11-01', '243511', 3.470, '', 35200.00, 0.00, 0.00, '', 0, '2024-08-30 05:51:20', '22', 1),
(44, 77, 170, 'RJ19GB9150', '2023-11-01', '243512', 8.210, '', 35200.00, 0.00, 0.00, '', 0, '2024-08-30 05:51:20', '22', 1),
(45, 71, 202, 'RJ51GA2551', '2023-11-02', '243627', 7.950, '', 89600.00, 0.00, 0.00, '', 0, '2024-08-30 05:51:20', '22', 1),
(46, 71, 202, 'RJ51GA2551', '2023-11-02', '243629', 3.310, '', 89600.00, 0.00, 0.00, '', 0, '2024-08-30 05:51:20', '22', 1),
(47, 77, 170, 'RJ19GB9150', '2023-11-02', '243617', 6.810, '', 35200.00, 0.00, 0.00, '', 0, '2024-08-30 05:51:20', '22', 1),
(48, 77, 170, 'RJ19GB9150', '2023-11-02', '243615', 3.690, '', 35200.00, 0.00, 0.00, '', 0, '2024-08-30 05:51:20', '22', 1),
(49, 78, 1, 'RJ48GA2323', '2023-11-03', '243767', 1.860, '', 132000.00, 0.00, 0.00, '', 0, '2024-08-30 05:51:20', '22', 1),
(50, 77, 170, 'RJ19GB9150', '2023-11-03', '243776', 0.340, '', 35200.00, 0.00, 0.00, '', 0, '2024-08-30 05:51:20', '22', 1),
(51, 77, 170, 'RJ19GB9150', '2023-11-03', '243777', 9.590, '', 35200.00, 0.00, 0.00, '', 0, '2024-08-30 05:51:20', '22', 1),
(52, 79, 204, 'RJ01GA5668', '2023-11-04', '243974', 0.340, '', 401400.00, 0.00, 0.00, '', 0, '2024-08-30 05:51:20', '22', 1),
(53, 79, 205, 'RJ01GA5668', '2023-11-04', '243946', 2.040, '', 50100.00, 0.00, 0.00, '', 0, '2024-08-30 05:51:20', '22', 1),
(54, 73, 192, 'RJ19GB9150', '2023-11-06', '244310', 18.560, '', 46100.00, 0.00, 0.00, '', 0, '2024-08-30 05:51:20', '22', 1),
(55, 73, 192, 'RJ19GB9150', '2023-11-07', '244507', 19.080, '', 46100.00, 0.00, 0.00, '', 0, '2024-08-30 05:51:20', '22', 1),
(56, 73, 192, 'RJ19GB9150', '2023-11-08', '244688', 8.220, '', 46100.00, 0.00, 0.00, '', 0, '2024-08-30 05:51:20', '22', 1),
(57, 73, 192, 'RJ19GB9150', '2023-11-08', '244690', 0.550, '', 46100.00, 0.00, 0.00, '', 0, '2024-08-30 05:51:20', '22', 1),
(58, 77, 170, 'RJ27GB3275', '2023-11-07', '244525', 2.320, '', 35200.00, 0.00, 0.00, '', 0, '2024-08-30 05:51:20', '22', 1),
(59, 77, 170, 'RJ27GB3275', '2023-11-07', '244530', 7.150, '', 35200.00, 0.00, 0.00, '', 0, '2024-08-30 05:51:20', '22', 1),
(60, 77, 170, 'RJ27GB3275', '2023-11-08', '244645', 4.240, '', 35200.00, 0.00, 0.00, '', 0, '2024-08-30 05:51:20', '22', 1),
(61, 76, 43, 'RJ27GB5118', '2023-10-31', '243240', 3.016, '', 37000.00, 0.00, 0.00, '', 0, '2024-08-30 05:51:20', '23', 1),
(62, 76, 43, 'RJ27GB5118', '2023-10-31', '243258', 0.124, '', 37000.00, 0.00, 0.00, '', 0, '2024-08-30 05:51:20', '23', 1),
(63, 68, 74, 'RJ27GC1638', '2023-11-03', '243730', 1.480, '', 88400.00, 0.00, 0.00, '', 0, '2024-08-30 05:51:20', '23', 1),
(64, 67, 200, 'GJ01DT9785', '2023-11-02', '243616', 1.360, '', 84000.00, 0.00, 0.00, '', 0, '2024-08-30 05:51:20', '23', 1),
(65, 69, 157, 'RJ27GD6322', '2023-11-02', '243577', 1.360, '', 40000.00, 0.00, 0.00, '', 0, '2024-08-30 05:51:20', '23', 1),
(66, 15, 86, 'RJ06GA9166', '2023-07-28', '223611', 4.920, '', 226500.00, 0.00, 0.00, '', 0, '2024-08-30 05:51:20', '23', 1),
(67, 22, 170, 'RJ27GC4815', '2023-09-23', '228534', 19.540, '', 36300.00, 0.00, 0.00, '', 0, '2024-08-30 05:51:20', '23', 1),
(68, 22, 170, 'RJ27GC4815', '2023-08-24', '228772', 23.260, '', 36300.00, 0.00, 0.00, '', 0, '2024-08-30 05:51:20', '23', 1),
(69, 22, 170, 'RJ27GC4815', '2023-08-25', '229002', 9.223, '', 36300.00, 0.00, 0.00, '', 0, '2024-08-30 05:51:20', '23', 1),
(70, 22, 170, 'RJ27GC4815', '2023-08-25', '229005', 14.217, '', 36300.00, 0.00, 0.00, '', 0, '2024-08-30 05:51:20', '23', 1),
(71, 22, 170, 'RJ27GC4815', '2023-09-05', '231383', 8.783, '', 36300.00, 0.00, 0.00, '', 0, '2024-08-30 05:51:20', '23', 1),
(72, 22, 170, 'RJ27GC4815', '2023-09-05', '231382', 7.741, '', 36300.00, 0.00, 0.00, '', 0, '2024-08-30 05:51:20', '23', 1),
(73, 22, 170, 'RJ27GC4815', '2023-09-05', '231399', 2.311, '', 36300.00, 0.00, 0.00, '', 0, '2024-08-30 05:51:20', '23', 1),
(74, 22, 170, 'RJ27GC4815', '2023-09-05', '231400', 0.145, '', 36300.00, 0.00, 0.00, '', 0, '2024-08-30 05:51:20', '23', 1),
(75, 24, 50, 'RJ27GB8403', '2023-08-31', '230393', 1.080, '', 40600.00, 0.00, 0.00, '', 0, '2024-08-30 05:51:20', '23', 1),
(76, 81, 206, '00', '2023-05-03', '9196072149', 39.440, '', 1200.00, 0.00, 0.00, '', 0, '2024-08-30 05:51:20', '35', 1),
(77, 84, 207, 'RJ14GH9465', '2023-11-21', '168', 2540.000, '', 72.00, 0.00, 0.00, '', 0, '2024-08-30 05:51:20', '24', 1),
(78, 84, 208, 'RJ14GH9465', '2023-11-21', 'SC1000000169', 2735.000, '', 97.00, 0.00, 0.00, '', 0, '2024-08-30 05:51:20', '24', 1),
(79, 24, 172, 'RJ27GB8403', '2023-08-31', '230409', 0.078, '', 7010.00, 0.00, 0.00, '', 0, '2024-08-30 05:51:20', '23', 1),
(80, 24, 172, 'RJ27GB8403', '2023-08-31', '230401', 0.502, '', 7010.00, 0.00, 0.00, '', 0, '2024-08-30 05:51:20', '23', 1),
(81, 24, 171, 'RJ14GF6111', '2023-08-21', '228126', 3.340, '', 29500.00, 0.00, 0.00, '', 0, '2024-08-30 05:51:20', '23', 1),
(82, 25, 173, 'RJ36GA1255', '2023-08-28', '229720', 8.500, '', 25700.00, 0.00, 0.00, '', 0, '2024-08-30 05:51:20', '23', 1),
(83, 28, 177, 'RJ30GA5678', '2023-08-25', '229062', 1.090, '', 53400.00, 0.00, 0.00, '', 0, '2024-08-30 05:51:20', '23', 1),
(84, 28, 171, 'RJ30GA5678', '2023-08-19', '227702', 2.480, '', 29300.00, 0.00, 0.00, '', 0, '2024-08-30 05:51:20', '23', 1),
(85, 28, 171, 'RJ30GA5678', '2023-08-22', '228402', 4.540, '', 29300.00, 0.00, 0.00, '', 0, '2024-08-30 05:51:20', '23', 1),
(86, 28, 171, 'RJ09GD4923', '2023-08-22', '228405', 2.920, '', 29300.00, 0.00, 0.00, '', 0, '2024-08-30 05:51:20', '23', 1),
(87, 28, 171, 'RJ30GA5678', '2023-08-24', '228822', 3.060, '', 29300.00, 0.00, 0.00, '', 0, '2024-08-30 05:51:20', '23', 1),
(88, 28, 171, 'RJ27GC1638', '2023-08-26', '229335', 2.470, '', 29300.00, 0.00, 0.00, '', 0, '2024-08-30 05:51:20', '23', 1),
(89, 28, 171, 'RJ27GC1638', '2023-08-26', '229336', 0.860, '', 29300.00, 0.00, 0.00, '', 0, '2024-08-30 05:51:20', '23', 1),
(90, 30, 170, 'RJ51GA0841', '2023-08-23', '228593', 13.950, '', 35100.00, 0.00, 0.00, '', 0, '2024-08-30 05:51:20', '23', 1),
(91, 30, 170, 'RJ19GB9150', '2023-08-28', '229769', 9.370, '', 35100.00, 0.00, 0.00, '', 0, '2024-08-30 05:51:20', '23', 1),
(92, 30, 170, 'RJ27GB1882', '2023-09-04', '231254', 9.270, '', 35100.00, 0.00, 0.00, '', 0, '2024-08-30 05:51:20', '23', 1),
(93, 30, 170, 'RJ30GA1962', '2023-09-05', '231423', 1.920, '', 35100.00, 0.00, 0.00, '', 0, '2024-08-30 05:51:20', '23', 1),
(94, 30, 170, 'RJ30GA1962', '2023-09-05', '231422', 6.250, '', 35100.00, 0.00, 0.00, '', 0, '2024-08-30 05:51:20', '23', 1),
(95, 30, 170, 'RJ19GB9150', '2023-09-05', '231442', 8.360, '', 35100.00, 0.00, 0.00, '', 0, '2024-08-30 05:51:20', '23', 1),
(96, 40, 150, 'RJ27GB2247', '2023-09-29', '229991', 2.320, '', 203200.00, 0.00, 0.00, '', 0, '2024-08-30 05:51:20', '23', 1),
(97, 40, 183, 'RJ06GC7045', '2023-09-25', '235925', 1.980, '', 82400.00, 0.00, 0.00, '', 0, '2024-08-30 05:51:20', '23', 1),
(98, 51, 199, 'RJ14GN9299', '2023-10-27', '242270', 0.800, '', 75850.00, 0.00, 0.00, '', 0, '2024-08-30 05:51:20', '23', 1),
(99, 52, 187, 'RJ06GB5724', '2023-09-23', '235431', 0.680, '', 499600.00, 0.00, 0.00, '', 0, '2024-08-30 05:51:20', '23', 1),
(100, 52, 188, 'RJ06GB5724', '2023-09-23', '235435', 0.540, '', 520200.00, 0.00, 0.00, '', 0, '2024-08-30 05:51:20', '23', 1),
(101, 66, 50, 'RJ30GA5678', '2023-10-31', '243310', 1.120, '', 46700.00, 0.00, 0.00, '', 0, '2024-08-30 05:51:20', '23', 1),
(102, 85, 186, 'RJ30GA3002', '2023-12-02', '249424', 3.720, '', 35100.00, 0.00, 0.00, '', 0, '2024-08-30 05:51:20', '23', 1),
(103, 86, 187, 'RJ27GC1693', '2023-12-01', '249294', 2.200, '', 484500.00, 0.00, 0.00, '', 0, '2024-08-30 05:51:20', '23', 1),
(104, 86, 29, 'RJ27GC1693', '2023-12-01', '249291', 4.760, '', 80000.00, 0.00, 0.00, '', 0, '2024-08-30 05:51:20', '23', 1),
(105, 87, 74, 'RJ30GA3002', '2023-11-28', '248516', 4.420, '', 95650.00, 0.00, 0.00, '', 0, '2024-08-30 05:51:20', '23', 1),
(106, 88, 185, 'RJ30GA5678', '2023-11-30', '249068', 6.300, '', 31700.00, 0.00, 0.00, '', 0, '2024-08-30 05:51:20', '23', 1),
(107, 89, 209, 'RJ09GC9650', '2023-11-22', '247193', 14.620, '', 34200.00, 0.00, 0.00, '', 0, '2024-08-30 05:51:20', '23', 1),
(108, 89, 209, 'RJ09GC9650', '2023-11-23', '247432', 14.380, '', 34200.00, 0.00, 0.00, '', 0, '2024-08-30 05:51:20', '23', 1),
(109, 90, 161, 'RJ14GD9655', '2023-11-24', '247689', 0.442, '', 77950.00, 0.00, 0.00, '', 0, '2024-08-30 05:51:20', '23', 1),
(110, 90, 161, 'RJ14GD9655', '2023-11-24', '247688', 1.258, '', 77950.00, 0.00, 0.00, '', 0, '2024-08-30 05:51:20', '23', 1),
(111, 65, 198, 'RJ20GB7770', '2023-10-30', '242992', 12.260, '', 48000.00, 0.00, 0.00, '', 0, '2024-08-30 05:51:20', '23', 1),
(112, 65, 198, 'RJ20GB8161', '2023-11-04', '243499', 14.000, '', 48000.00, 0.00, 0.00, '', 0, '2024-08-30 05:51:20', '23', 1),
(113, 65, 198, 'RJ20GB7770', '2023-11-04', '243945', 11.542, '', 48000.00, 0.00, 0.00, '', 0, '2024-08-30 05:51:20', '23', 1),
(114, 65, 198, 'RJ20GB7770', '2023-11-04', '243963', 2.238, '', 48000.00, 0.00, 0.00, '', 0, '2024-08-30 05:51:20', '23', 1),
(115, 65, 198, 'RJ20GB7770', '2023-11-04', '243963', 2.238, '', 48000.00, 0.00, 0.00, '', 0, '2024-08-30 05:51:20', '23', 1),
(116, 91, 171, 'RJ27GD0412', '2023-11-29', '248855', 3.000, '', 28100.00, 0.00, 0.00, '', 0, '2024-08-30 05:51:20', '23', 1),
(117, 91, 171, 'RJ40GA0543', '2023-12-02', '249494', 0.900, '', 28100.00, 0.00, 0.00, '', 0, '2024-08-30 05:51:20', '23', 1),
(118, 91, 171, 'RJ40GA0544', '2023-12-02', '249495', 1.570, '', 28100.00, 0.00, 0.00, '', 0, '2024-08-30 05:51:20', '23', 1),
(119, 92, 161, 'RJ14GD9655', '2023-11-24', '247655', 0.235, '', 77950.00, 0.00, 0.00, '', 0, '2024-08-30 05:51:20', '23', 1),
(120, 92, 161, 'RJ14GD9655', '2023-11-24', '247653', 0.835, '', 77950.00, 0.00, 0.00, '', 0, '2024-08-30 05:51:20', '23', 1),
(121, 93, 189, 'RJ40GA0543', '2023-11-21', '247053', 3.230, '', 87800.00, 0.00, 0.00, '', 0, '2024-08-30 05:51:20', '23', 1),
(122, 94, 28, 'RJ06GA5992', '2023-12-02', '249486', 35.170, '', 64400.00, 0.00, 0.00, '', 0, '2024-08-30 05:51:20', '23', 1),
(126, 94, 28, 'RJ06GA5992', '2023-12-02', '249487', 0.210, '', 64400.00, 0.00, 0.00, '', 0, '2024-08-30 05:51:20', '23', 1),
(127, 95, 182, 'RJ51GA2551', '2023-11-30', '249057', 9.240, '', 15550.00, 0.00, 0.00, '', 0, '2024-08-30 05:51:20', '23', 1),
(128, 95, 182, 'RJ19GB9150', '2023-11-30', '249058', 8.670, '', 15550.00, 0.00, 0.00, '', 0, '2024-08-30 05:51:20', '23', 1),
(129, 95, 182, 'RJ14GD1436', '2023-12-02', '249451', 8.480, '', 15550.00, 0.00, 0.00, '', 0, '2024-08-30 05:51:20', '23', 1),
(130, 95, 182, 'RJ01GA5668', '2023-12-02', '249455', 3.650, '', 15550.00, 0.00, 0.00, '', 0, '2024-08-30 05:51:20', '23', 1),
(131, 95, 182, 'RJ01GA5668', '2023-12-02', '249457', 1.910, '', 15550.00, 0.00, 0.00, '', 0, '2024-08-30 05:51:20', '23', 1),
(132, 96, 184, 'RJ09GD4923', '2023-11-21', '247027', 14.000, '', 1620.00, 0.00, 0.00, '', 0, '2024-08-30 05:51:20', '23', 1),
(133, 97, 166, 'RJ09GD4923', '2023-12-02', '249418', 5.890, '', 35800.00, 0.00, 0.00, '', 0, '2024-08-30 05:51:20', '23', 1),
(134, 97, 166, 'RJ09GD4923', '2023-12-04', '249755', 5.800, '', 35800.00, 0.00, 0.00, '', 0, '2024-08-30 05:51:20', '23', 1),
(135, 97, 166, 'RJ09GD4923', '2023-12-04', '249756', 0.360, '', 35800.00, 0.00, 0.00, '', 0, '2024-08-30 05:51:20', '23', 1),
(136, 97, 166, 'RJ09GD4923', '2023-12-05', '249906', 3.400, '', 35800.00, 0.00, 0.00, '', 0, '2024-08-30 05:51:20', '23', 1),
(137, 97, 166, 'RJ09GD4923', '2023-12-05', '249902', 3.120, '', 35800.00, 0.00, 0.00, '', 0, '2024-08-30 05:51:20', '23', 1),
(138, 97, 166, 'RJ09GD4923', '2023-12-06', '250149', 4.320, '', 35800.00, 0.00, 0.00, '', 0, '2024-08-30 05:51:20', '23', 1),
(139, 97, 166, 'RJ09GD4923', '2023-12-06', '250147', 1.270, '', 35800.00, 0.00, 0.00, '', 0, '2024-08-30 05:51:20', '23', 1),
(140, 104, 11, 'RJ19GB5390', '2023-12-25', '254088', 8.003, '', 34150.00, 0.00, 0.00, '', 0, '2024-08-30 05:51:20', '23', 1),
(141, 105, 104, 'RJ04GC5290', '2024-01-11', '182', 25300.000, '', 43.00, 0.00, 0.00, '', 0, '2024-08-30 05:51:20', '24', 1),
(142, 105, 104, 'GJ08Y5838', '2024-01-24', '184', 17880.000, '', 43.00, 0.00, 0.00, '', 0, '2024-08-30 05:51:20', '24', 1),
(143, 106, 1, 'RJ04GB3456', '2024-01-16', '183', 2040.000, '', 111.00, 0.00, 0.00, '', 0, '2024-08-30 05:51:20', '24', 1),
(144, 105, 104, 'RJ04GA3527', '2024-01-25', '185', 25440.000, '', 43.00, 0.00, 0.00, '', 0, '2024-08-30 05:51:20', '24', 1),
(145, 105, 104, 'RJ19GF0876', '2024-02-06', '187', 29000.000, '', 43.00, 0.00, 0.00, '', 0, '2024-08-30 05:51:20', '24', 1),
(146, 105, 104, 'RJ04GA9515', '2024-02-15', '188', 25020.000, '', 43.00, 0.00, 0.00, '', 0, '2024-08-30 05:51:20', '24', 1),
(147, 105, 104, 'GJ06AZ6377', '2024-02-15', '189', 10180.000, '', 43.00, 0.00, 0.00, '', 0, '2024-08-30 05:51:20', '24', 1),
(148, 108, 179, ' RJ27GD0412', '2024-05-23', '210762', 12.420, '', 10450.00, 0.00, 0.00, '', 0, '2024-08-30 05:51:20', '23', 1),
(149, 108, 179, ' RJ27GD0412', '2024-05-27', '211754', 14.510, '', 10450.00, 0.00, 0.00, '', 0, '2024-08-30 05:51:20', '23', 1),
(150, 110, 182, 'RJ27GB3275', '2024-05-08', '207581', 10.280, '', 17900.00, 0.00, 0.00, '', 0, '2024-08-30 05:51:20', '34', 1),
(151, 110, 182, 'RJ19GB5390', '2024-05-08', '207582', 7.240, '', 17900.00, 0.00, 0.00, '', 0, '2024-08-30 05:51:20', '34', 1),
(152, 110, 182, 'RJ19GB9150', '2024-05-11', '208239', 3.645, '', 17900.00, 0.00, 0.00, '', 0, '2024-08-30 05:51:20', '34', 1),
(153, 110, 182, 'RJ19GB9150', '2024-05-11', '208238', 5.915, '', 17900.00, 0.00, 0.00, '', 0, '2024-08-30 05:51:20', '34', 1),
(154, 110, 182, 'RJ06GA8356', '2024-05-13', '208582', 5.730, '', 17900.00, 0.00, 0.00, '', 0, '2024-08-30 05:51:20', '34', 1),
(155, 110, 182, 'RJ06GA8356', '2024-05-13', '208584', 0.570, '', 17900.00, 0.00, 0.00, '', 0, '2024-08-30 05:51:20', '34', 1),
(156, 110, 182, 'RJ06GB2185', '2024-05-15', '208996', 5.624, '', 17900.00, 0.00, 0.00, '', 0, '2024-08-30 05:51:20', '34', 1),
(157, 110, 182, 'RJ06GB2185', '2024-05-15', '208997', 0.436, '', 17900.00, 0.00, 0.00, '', 0, '2024-08-30 05:51:20', '34', 1),
(158, 111, 212, 'RJ14GF6111', '2024-05-14', '208778', 0.999, '', 34500.00, 0.00, 0.00, '', 0, '2024-08-30 05:51:20', '34', 1),
(159, 111, 212, 'RJ14GF6111', '2024-05-14', '208779', 0.001, '', 34500.00, 0.00, 0.00, '', 0, '2024-08-30 05:51:20', '34', 1);

-- --------------------------------------------------------

--
-- Table structure for table `sale_order_payments`
--

CREATE TABLE `sale_order_payments` (
  `payment_id` int(11) NOT NULL,
  `sale_order_id` int(11) NOT NULL,
  `material_id` text,
  `pay_date` date NOT NULL,
  `amt` decimal(15,2) NOT NULL,
  `pay_type` varchar(50) DEFAULT NULL,
  `pay_ref_no` varchar(50) NOT NULL,
  `nfa_no` varchar(250) NOT NULL,
  `narration` varchar(500) NOT NULL,
  `payment_type` varchar(2) NOT NULL DEFAULT 'P',
  `date_updated` timestamp NOT NULL DEFAULT CURRENT_TIMESTAMP ON UPDATE CURRENT_TIMESTAMP,
  `payment_taken_by` int(11) NOT NULL,
  `lot_no` int(11) NOT NULL DEFAULT '0',
  `is_emd` varchar(1) NOT NULL DEFAULT 'N' COMMENT 'if Y then emd refund',
  `emd_type` varchar(1) DEFAULT NULL,
  `receipt_voucher_no` varchar(30) NOT NULL,
  `receipt_voucher_date` date DEFAULT NULL,
  `org_id` int(11) DEFAULT NULL
) ENGINE=InnoDB DEFAULT CHARSET=latin1;

--
-- Dumping data for table `sale_order_payments`
--

INSERT INTO `sale_order_payments` (`payment_id`, `sale_order_id`, `material_id`, `pay_date`, `amt`, `pay_type`, `pay_ref_no`, `nfa_no`, `narration`, `payment_type`, `date_updated`, `payment_taken_by`, `lot_no`, `is_emd`, `emd_type`, `receipt_voucher_no`, `receipt_voucher_date`, `org_id`) VALUES
(1, 6, '0', '2023-06-27', 47280.00, NULL, '5000307138', '', '5000307138', 'E', '2024-08-30 05:51:32', 30, 0, 'N', 'F', '5000307138', '2023-06-27', 1),
(2, 6, '0', '2023-07-05', 565000.00, NULL, '5000307816', '', '', 'P', '2024-08-30 05:51:43', 30, 0, 'N', NULL, '', '2023-07-05', 1),
(3, 1, '0', '2023-07-02', 12000.00, NULL, '12', '', 'Na', 'P', '2024-08-30 05:51:43', 21, 0, 'N', NULL, '12', '2023-07-09', 1),
(4, 17, '151', '2023-07-22', 10740.00, NULL, '5000309075', '', '', 'E', '2024-08-30 05:51:43', 23, 0, 'N', 'F', '', '2023-07-22', 1),
(5, 8, '152', '2023-06-26', 3200000.00, NULL, '1300000340', '1300000340', '', 'E', '2024-08-30 05:51:43', 24, 0, 'N', 'F', '1300000340', '2023-06-26', 1),
(6, 8, '152', '2023-06-26', 24142278.00, NULL, '1300000337', '', '1300000337', 'P', '2024-08-30 05:51:43', 24, 0, 'N', NULL, '1300000337', '2023-06-26', 1),
(7, 18, '1', '2023-07-27', 13970.00, NULL, '5000308987', '', '5000308987', 'E', '2024-08-30 05:51:43', 22, 0, 'N', NULL, '', '2023-07-27', 1),
(8, 18, '1', '2023-07-28', 200000.00, NULL, '5000309628', '', '5000309628', 'P', '2024-08-30 05:51:43', 22, 0, 'N', NULL, '', '2023-07-28', 1),
(9, 21, '165', '2023-08-17', 10500.00, NULL, '5000311091', '', '5000311091', 'E', '2024-08-30 05:51:43', 22, 0, 'N', 'F', '5000311091', '2023-08-17', 1),
(10, 21, '165', '2023-08-20', 135000.00, NULL, '5000311303', '', '5000311303', 'P', '2024-08-30 05:51:43', 22, 0, 'N', NULL, '5000311303', '2023-08-20', 1),
(11, 21, '43', '2023-08-17', 4080.00, NULL, '5000311090', '', '5000311090', 'E', '2024-08-30 05:51:43', 22, 0, 'N', 'F', '5000311090', '2023-08-17', 1),
(12, 21, '166', '2023-08-17', 83300.00, NULL, '5000311098', '', '50003111098', 'E', '2024-08-30 05:51:43', 22, 0, 'N', 'F', '5000311090', '2023-08-17', 1),
(13, 21, '166', '2023-08-17', 500.00, NULL, '5000311108', '', '5000311108', 'E', '2024-08-30 05:51:43', 22, 0, 'N', 'F', '5000311108', '2023-08-18', 1),
(14, 21, '167', '2023-08-17', 16873.00, NULL, '5000311092', '', '5000311092', 'E', '2024-08-30 05:51:43', 22, 0, 'N', 'F', '5000311092', '2023-08-17', 1),
(15, 18, '169', '2023-08-20', 5528.00, NULL, '5000311301', '', '5000311301', 'E', '2024-08-30 05:51:43', 22, 0, 'N', 'F', '5000311301', '2023-08-20', 1),
(16, 18, '169', '2023-08-20', 50000.00, NULL, '5000311302', '', '5000311302', 'P', '2024-08-30 05:51:43', 22, 0, 'N', NULL, '5000311302', '2023-08-20', 1),
(17, 22, '170', '2023-08-19', 363000.00, NULL, '5000311276', '', '5000311276', 'E', '2024-08-30 05:51:43', 23, 0, 'N', 'F', '5000311276', '2023-08-23', 1),
(18, 22, '170', '2023-08-21', 3000000.00, NULL, '5000311418', '', '5000311418', 'P', '2024-08-30 05:51:43', 23, 0, 'N', NULL, '5000311418', '2023-08-23', 1),
(19, 24, '171', '2023-08-19', 44250.00, NULL, '5000311235', '', '5000311235', 'E', '2024-08-30 05:51:43', 23, 0, 'N', 'F', '5000311235', '2023-08-19', 1),
(20, 24, '171', '2023-08-20', 150000.00, NULL, '5000311297', '', '5000311297', 'P', '2024-08-30 05:51:43', 23, 0, 'N', NULL, '5000311297', '2023-08-21', 1),
(21, 24, '172', '2023-08-19', 351.00, NULL, '5000311245', '', '5000311245', 'E', '2024-08-30 05:51:43', 23, 0, 'N', 'F', '5000311245', '2023-08-20', 1),
(22, 16, '150', '2023-07-23', 50725.00, NULL, '5000309100', '', '5000309100', 'E', '2024-08-30 05:51:43', 23, 0, 'N', 'F', '5000309100', '2023-07-24', 1),
(23, 16, '150', '2023-07-31', 60500.00, NULL, '5000309844', '', '5000309844', 'P', '2024-08-30 05:51:43', 23, 0, 'N', NULL, '5000309844', '2023-08-01', 1),
(24, 16, '150', '2023-08-01', 106780.00, NULL, '5000309918', '', '5000309918', 'P', '2024-08-30 05:51:43', 23, 0, 'N', NULL, '5000309918', '2023-08-02', 1),
(25, 26, '160', '2023-08-17', 13100.00, NULL, '5000311096', '', '5000311096', 'E', '2024-08-30 05:51:43', 23, 0, 'N', 'F', '5000311096', '2023-08-23', 1),
(26, 26, '160', '2023-08-21', 160000.00, NULL, '5000311394', '', '5000311394', 'P', '2024-08-30 05:51:43', 23, 0, 'N', NULL, '5000311394', '2023-08-22', 1),
(27, 26, '175', '2023-08-17', 47128.00, NULL, '5000311097', '', '5000311097', 'E', '2024-08-30 05:51:43', 23, 0, 'N', NULL, '5000311097', '2023-08-22', 1),
(28, 28, '177', '2023-08-18', 6088.00, NULL, '5000311197', '', '5000311197', 'E', '2024-08-30 05:51:43', 23, 0, 'N', 'F', '5000311197', '2023-08-22', 1),
(29, 28, '171', '2023-08-18', 41870.00, NULL, '5000311193', '', '5000311193', 'E', '2024-08-30 05:51:43', 23, 0, 'N', 'F', '5000311193', '2023-08-23', 1),
(30, 28, '171', '2023-08-18', 200000.00, NULL, '5000311190', '', '5000311190', 'P', '2024-08-30 05:51:43', 23, 0, 'N', NULL, '5000311190', '2023-08-23', 1),
(31, 28, '171', '2023-08-21', 200000.00, NULL, '5000311339', '', '5000311339', 'P', '2024-08-30 05:51:43', 23, 0, 'N', NULL, '5000311339', '2023-08-23', 1),
(32, 28, '171', '2023-08-21', 190000.00, NULL, '5000311346', '', '5000311346', 'P', '2024-08-30 05:51:43', 23, 0, 'N', NULL, '5000311346', '2023-08-23', 1),
(33, 30, '170', '2023-08-19', 175000.00, NULL, '5000311277', '', '5000311277', 'E', '2024-08-30 05:51:43', 23, 0, 'N', 'F', '5000311277', '2023-08-24', 1),
(34, 30, '170', '2023-08-21', 600000.00, NULL, '5000311518', '', '5000311518', 'P', '2024-08-30 05:51:43', 23, 0, 'N', NULL, '5000311518', '2023-08-23', 1),
(35, 31, '178', '2023-08-18', 564.00, NULL, '5000311196', '', '5000311196', 'E', '2024-08-30 05:51:43', 23, 0, 'N', 'F', '5000311196', '2023-08-23', 1),
(36, 31, '178', '2023-08-18', 8000.00, NULL, '5000311198', '', '5000311198', 'P', '2024-08-30 05:51:43', 23, 0, 'N', NULL, '5000311198', '2023-08-23', 1),
(37, 31, '179', '2023-08-18', 8442.00, NULL, '5000311199', '', '5000311199', 'E', '2024-08-30 05:51:43', 23, 0, 'N', 'F', '5000311199', '2023-08-23', 1),
(38, 31, '179', '2023-08-18', 120000.00, NULL, '5000311200', '', '5000311200', 'P', '2024-08-30 05:51:43', 23, 0, 'N', NULL, '5000311200', '2023-08-24', 1),
(39, 32, '161', '2023-08-18', 5456.00, NULL, '5000311187', '', '5000311187', 'E', '2024-08-30 05:51:43', 23, 0, 'N', 'F', '5000311187', '2023-08-25', 1),
(40, 32, '161', '2023-08-18', 75000.00, NULL, '5000311203', '', '5000311203', 'P', '2024-08-30 05:51:43', 23, 0, 'N', NULL, '5000311203', '2023-08-25', 1),
(41, 33, '180', '2023-08-19', 31920.00, NULL, '5000311238', '', '5000311238', 'E', '2024-08-30 05:51:43', 23, 0, 'N', 'F', '5000311238', '2023-08-24', 1),
(42, 39, '162', '2023-08-21', 329000.00, NULL, '5000311307', '', '5000311307', 'E', '2024-08-30 05:51:43', 22, 0, 'N', 'F', '5000311307', '2023-08-21', 1),
(43, 39, '162', '2023-08-21', 500000.00, NULL, '5000311416', '', '5000311416', 'P', '2024-08-30 05:51:43', 22, 0, 'N', NULL, '5000311416', '2023-08-21', 1),
(44, 39, '162', '2023-08-22', 500000.00, NULL, '5000311534', '', '5000311534', 'P', '2024-08-30 05:51:43', 22, 0, 'N', NULL, '5000311534', '2023-08-22', 1),
(45, 39, '162', '2023-08-24', 450000.00, NULL, '5000311698', '', '5000311698', 'P', '2024-08-30 05:51:43', 22, 0, 'N', NULL, '5000311698', '2023-08-24', 1),
(46, 40, '150', '2023-08-21', 44704.00, NULL, '5000311435', '', '5000311435', 'E', '2024-08-30 05:51:43', 23, 0, 'N', 'F', '5000311435', '2023-08-29', 1),
(47, 40, '150', '2023-08-28', 639338.00, NULL, '5000312024', '', '5000312024', 'P', '2024-08-30 05:51:43', 23, 0, 'N', NULL, '5000312024', '2023-08-29', 1),
(48, 4, '0', '2023-05-02', 216000.00, NULL, '5000302175', '', '5000302175', 'E', '2024-08-30 05:51:43', 30, 0, 'N', 'F', '5000302175', '2023-05-02', 1),
(49, 4, '0', '2023-05-08', 2574288.00, NULL, '5000302593', '', '5000302593', 'P', '2024-08-30 05:51:43', 30, 0, 'N', NULL, '5000302593', '2023-05-08', 1),
(50, 26, '176', '2023-08-26', 39161.00, NULL, '5000311925', '', '5000311925', 'E', '2024-08-30 05:51:43', 23, 0, 'N', 'F', '5000311925', '2023-08-27', 1),
(51, 26, '176', '2023-08-30', 560000.00, NULL, '5000312255', '', '5000312255', 'P', '2024-08-30 05:51:43', 23, 0, 'N', NULL, '5000312255', '2023-09-01', 1),
(53, 45, '184', '2023-08-26', 506.00, NULL, '5000311573', '', '5000311573', 'E', '2024-08-30 05:51:43', 34, 0, 'N', 'F', '5000311573', '2023-08-26', 1),
(54, 45, '184', '2023-08-25', 6050.00, NULL, '5000311792', '', '5000311792', 'P', '2024-08-30 05:51:43', 34, 0, 'N', NULL, '5000311792', '2023-08-25', 1),
(55, 45, '184', '2023-09-19', 0.00, NULL, '', '4429', '', 'R', '2024-08-30 05:51:43', 34, 0, 'N', NULL, '', '2023-09-19', 1),
(56, 47, '166', '2023-08-25', 28600.00, NULL, '5000311776', '', '5000311776', 'E', '2024-08-30 05:51:43', 34, 0, 'N', 'F', '5000311776', '2023-08-25', 1),
(57, 47, '166', '2023-08-28', 266000.00, NULL, '5000312038', '', '5000312038', 'P', '2024-08-30 05:51:43', 34, 0, 'N', NULL, '5000312038', '2023-08-28', 1),
(58, 47, '166', '2023-08-28', 266000.00, NULL, '5000312038', '', '5000312038', 'P', '2024-08-30 05:51:43', 34, 0, 'N', NULL, '5000312038', '2023-08-28', 1),
(59, 47, '166', '2023-09-19', 43418.00, NULL, '', '4436', '', 'R', '2024-08-30 05:51:43', 34, 0, 'N', NULL, '', '2023-09-19', 1),
(60, 42, '9', '2023-09-18', 16814.00, NULL, '5000313783', '', '5000313783', 'E', '2024-08-30 05:51:43', 22, 0, 'N', 'F', '5000313783', '2023-09-18', 1),
(61, 42, '43', '2023-09-18', 6225.00, NULL, '5000313816', '', '5000313816', 'E', '2024-08-30 05:51:43', 22, 0, 'N', 'F', '5000313816', '2023-09-18', 1),
(62, 49, '189', '2023-09-18', 9290.00, NULL, '5000313781', '', '5000313781', 'E', '2024-08-30 05:51:43', 22, 0, 'N', 'F', '5000313781', '2023-09-18', 1),
(63, 49, '177', '2023-09-18', 25500.00, NULL, '5000313785', '', '5000313785', 'E', '2024-08-30 05:51:43', 22, 0, 'N', 'F', '5000313785', '2023-09-18', 1),
(64, 42, '167', '2023-09-18', 7443.00, NULL, '5000313782', '', '5000313782', 'E', '2024-08-30 05:51:43', 22, 0, 'N', 'F', '5000313782', '2023-09-18', 1),
(65, 54, '190', '2023-09-18', 25470.00, NULL, '5000313730', '', '5000313730', 'E', '2024-08-30 05:51:43', 22, 0, 'N', 'F', '5000313730', '2023-09-18', 1),
(66, 54, '190', '2023-09-19', 364000.00, NULL, '5000313846', '', '5000313846', 'P', '2024-08-30 05:51:43', 22, 0, 'N', NULL, '5000313846', '2023-09-19', 1),
(67, 54, '157', '2023-09-18', 55720.00, NULL, '5000313731', '', '5000313731', 'E', '2024-08-30 05:51:43', 22, 0, 'N', 'F', '5000313731', '2023-09-18', 1),
(68, 54, '157', '2023-09-19', 797000.00, NULL, '5000313845', '', '5000313845', 'P', '2024-08-30 05:51:43', 22, 0, 'N', NULL, '5000313845', '2023-09-19', 1),
(69, 57, '168', '2023-09-15', 74134.00, NULL, '5000313544', '', '5000313544', 'E', '2024-08-30 05:51:43', 22, 0, 'N', 'F', '5000313544', '2023-09-18', 1),
(70, 57, '192', '2023-09-15', 138900.00, NULL, '5000313544', '', '5000313544', 'E', '2024-08-30 05:51:43', 22, 0, 'N', 'F', '5000313544', '2023-09-18', 1),
(71, 59, '161', '2023-09-14', 32793.00, NULL, '5000313489', '', '5000313489', 'E', '2024-08-30 05:51:43', 22, 0, 'N', 'F', '5000313489', '2023-09-18', 1),
(72, 60, '196', '2023-08-31', 31650.00, NULL, '5000312298', '', '5000312298', 'E', '2024-08-30 05:51:43', 34, 0, 'N', NULL, '5000312298', '2023-08-31', 1),
(73, 60, '196', '2023-09-04', 378000.00, NULL, '5000312610', '', '5000312610', 'P', '2024-08-30 05:51:43', 34, 0, 'N', NULL, '5000312610', '2023-09-04', 1),
(74, 60, '196', '2023-09-04', 378000.00, NULL, '5000312610', '', '5000312610', 'P', '2024-08-30 05:51:43', 34, 0, 'N', NULL, '5000312610', '2023-09-04', 1),
(75, 60, '196', '2023-09-05', 75000.00, NULL, '5000312737', '', '5000312737', 'P', '2024-08-30 05:51:43', 34, 0, 'N', NULL, '5000312737', '2023-09-05', 1),
(76, 59, '161', '2023-09-19', 395000.00, NULL, '5000313870', '', '5000313870', 'P', '2024-08-30 05:51:43', 22, 0, 'N', NULL, '5000313870', '2023-09-28', 1),
(77, 63, '197', '2023-09-27', 97600.00, NULL, '5000314677', '', '5000314677', 'E', '2024-08-30 05:51:43', 23, 0, 'N', NULL, '5000314677', '2023-09-29', 1),
(78, 63, '197', '2023-09-29', 145500.00, NULL, '5000314955', '', '5000314955', 'P', '2024-08-30 05:51:43', 23, 0, 'N', NULL, '5000314955', '2023-10-03', 1),
(79, 70, '0', '2023-10-19', 62905.00, NULL, '5000316184', '', '5000316184', 'E', '2024-08-30 05:51:43', 22, 0, 'N', 'F', '5000316184', '2023-10-19', 1),
(80, 42, '167', '2023-09-27', 100000.00, NULL, '5000314680', '', '5000314680', 'P', '2024-08-30 05:51:43', 22, 0, 'N', NULL, '5000314680', '2023-09-28', 1),
(81, 42, '9', '2023-09-20', 200000.00, NULL, '5000313913', '', '5000313913', 'P', '2024-08-30 05:51:43', 22, 0, 'N', NULL, '5000313913', '2023-09-28', 1),
(82, 42, '43', '2023-09-20', 75000.00, NULL, '5000313919', '', '5000313919', 'P', '2024-08-30 05:51:43', 22, 0, 'N', NULL, '5000313919', '2023-09-28', 1),
(83, 71, '0', '2023-10-19', 191834.00, NULL, '5000316184', '', '5000316184', 'E', '2024-08-30 05:51:43', 22, 0, 'N', 'F', '5000316184', '2023-10-19', 1),
(84, 72, '156', '2023-10-18', 79701.00, NULL, '5000316073', '', '5000316073', 'E', '2024-08-30 05:51:43', 22, 0, 'N', 'F', '5000316073', '2023-10-19', 1),
(85, 74, '11', '2023-10-18', 38970.00, NULL, '5000316074', '', '5000316074', 'E', '2024-08-30 05:51:43', 22, 0, 'N', 'F', '5000316074', '2023-10-19', 1),
(86, 75, '189', '2023-10-19', 42771.00, NULL, '5000316223', '', '5000316223', 'E', '2024-08-30 05:51:43', 22, 0, 'N', 'F', '5000316223', '2023-10-19', 1),
(87, 75, '189', '2023-10-25', 510000.00, NULL, '5000316667', '', '5000316667', 'P', '2024-08-30 05:51:43', 22, 0, 'N', NULL, '5000316667', '2023-10-25', 1),
(88, 75, '203', '2023-10-19', 4147.00, NULL, '5000316224', '', '5000316224', 'E', '2024-08-30 05:51:43', 22, 0, 'N', 'F', '5000316224', '2023-10-29', 1),
(89, 75, '203', '2023-10-25', 49500.00, NULL, '5000316666', '', '5000316666', 'P', '2024-08-30 05:51:43', 22, 0, 'N', NULL, '5000316666', '2023-10-25', 1),
(90, 77, '181', '2023-10-19', 23912.00, NULL, '5000316170', '', '5000316170', 'E', '2024-08-30 05:51:43', 22, 0, 'N', 'F', '5000316170', '2023-10-18', 1),
(91, 77, '170', '2023-10-19', 200957.00, NULL, '5000316170', '', '5000316170', 'E', '2024-08-30 05:51:43', 22, 0, 'N', 'F', '5000316170', '2023-10-18', 1),
(92, 79, '204', '2023-10-26', 14450.00, NULL, '5000316584', '', '5000316584', 'E', '2024-08-30 05:51:43', 22, 0, 'N', 'F', '5000316584', '2023-10-25', 1),
(93, 79, '205', '2023-10-26', 22445.00, NULL, '5000316585', '', '5000316585', 'E', '2024-08-30 05:51:43', 22, 0, 'N', 'F', '5000316585', '2023-10-25', 1),
(94, 80, '86', '2023-10-26', 118952.00, NULL, '5000316567', '', '5000316567', 'E', '2024-08-30 05:51:43', 22, 0, 'N', 'F', '5000316567', '2023-10-25', 1),
(95, 72, '156', '2023-10-29', 950000.00, NULL, '5000316648', '', '5000316648', 'P', '2024-08-30 05:51:43', 22, 0, 'N', NULL, '5000316648', '2023-10-25', 1),
(96, 75, '203', '2023-10-27', 10000.00, NULL, '5000316840', '', '5000316840', 'P', '2024-08-30 05:51:43', 22, 0, 'N', NULL, '5000316840', '2023-10-29', 1),
(97, 74, '11', '2023-10-27', 83000.00, NULL, '5000316868', '', '5000316868', 'P', '2024-08-30 05:51:43', 22, 0, 'N', NULL, '5000316868', '2023-10-29', 1),
(98, 74, '11', '2023-10-25', 465000.00, NULL, '5000316655', '', '5000316655', 'P', '2024-08-30 05:51:43', 22, 0, 'N', NULL, '5000316655', '2023-10-29', 1),
(99, 77, '170', '2023-10-27', 223213.00, NULL, '5000316871', '', '5000316871', 'P', '2024-08-30 05:51:43', 22, 0, 'N', NULL, '5000316871', '2023-10-27', 1),
(100, 77, '181', '2023-10-27', 276787.00, NULL, '5000316871', '', '5000316871', 'P', '2024-08-30 05:51:43', 22, 0, 'N', NULL, '5000316871', '2023-10-27', 1),
(101, 71, '202', '2023-10-26', 1500000.00, NULL, '5000316811', '', '5000316811', 'P', '2024-08-30 05:51:43', 22, 0, 'N', NULL, '5000316811', '2023-10-26', 1),
(102, 70, '201', '2023-10-26', 750000.00, NULL, '5000316808', '', '5000316808', 'P', '2024-08-30 05:51:43', 22, 0, 'N', NULL, '5000316808', '2023-10-26', 1),
(103, 77, '170', '2023-10-29', 500000.00, NULL, '5000316969', '', '5000316969', 'P', '2024-08-30 05:51:43', 22, 0, 'N', NULL, '5000316969', '2023-10-29', 1),
(104, 77, '170', '2023-10-31', 500000.00, NULL, '5000317218', '', '5000317218', 'P', '2024-08-30 05:51:43', 22, 0, 'N', NULL, '5000317218', '2023-10-31', 1),
(105, 71, '202', '2023-11-01', 850000.00, NULL, '5000317348', '', '5000317348', 'P', '2024-08-30 05:51:43', 22, 0, 'N', NULL, '5000317348', '2023-11-01', 1),
(106, 77, '170', '2023-11-01', 300000.00, NULL, '5000317333', '', '5000317333', 'P', '2024-08-30 05:51:43', 22, 0, 'N', NULL, '5000317333', '2023-11-01', 1),
(107, 78, '1', '2023-10-25', 26004.00, NULL, '5000316702', '', '5000316702', 'E', '2024-08-30 05:51:43', 22, 0, 'N', NULL, '5000316702', '2023-10-25', 1),
(108, 78, '1', '2023-10-28', 320000.00, NULL, '5000316965', '', '5000316965', 'P', '2024-08-30 05:51:43', 22, 0, 'N', NULL, '5000316965', '2023-10-28', 1),
(109, 77, '170', '2023-11-02', 500000.00, NULL, '5000317427', '', '5000317427', 'P', '2024-08-30 05:51:43', 22, 0, 'N', NULL, '5000317427', '2023-11-02', 1),
(110, 79, '204', '2023-11-03', 175000.00, NULL, '5000317499', '', '5000317499', 'P', '2024-08-30 05:51:43', 22, 0, 'N', NULL, '5000317499', '2023-11-03', 1),
(111, 79, '205', '2023-11-03', 270000.00, NULL, '5000317496', '', '5000317496', 'P', '2024-08-30 05:51:43', 22, 0, 'N', NULL, '5000317496', '2023-11-03', 1),
(112, 73, '192', '2023-10-17', 209893.00, NULL, '5000315939', '', '5000315939', 'E', '2024-08-30 05:51:43', 22, 0, 'N', 'F', '5000315939', '2023-10-17', 1),
(113, 73, '192', '2023-11-03', 2520000.00, NULL, '5000317461', '', '5000317461', 'P', '2024-08-30 05:51:43', 22, 0, 'N', NULL, '5000317461', '2023-11-03', 1),
(114, 73, '192', '2023-11-08', 35000.00, NULL, '5000317722', '', '5000317722', 'P', '2024-08-30 05:51:43', 22, 0, 'N', NULL, '5000317722', '2023-11-08', 1),
(115, 77, '170', '2023-11-06', 300000.00, NULL, '5000317554', '', '5000317554', 'P', '2024-08-30 05:51:43', 22, 0, 'N', NULL, '5000317554', '2023-11-06', 1),
(116, 77, '170', '2023-11-07', 180000.00, NULL, '5000317687', '', '5000317687', 'P', '2024-08-30 05:51:43', 22, 0, 'N', NULL, '5000317687', '2023-11-07', 1),
(117, 76, '43', '2023-10-21', 11100.00, NULL, '5000316363', '', '5000316363', 'E', '2024-08-30 05:51:43', 23, 0, 'N', NULL, '5000316363', '2023-10-22', 1),
(118, 76, '43', '2023-10-28', 133000.00, NULL, '5000316953', '', '5000316953', 'P', '2024-08-30 05:51:43', 23, 0, 'N', NULL, '5000316953', '2023-10-29', 1),
(119, 76, '43', '2023-10-31', 5600.00, NULL, '5000317160', '', '5000317160', 'P', '2024-08-30 05:51:43', 23, 0, 'N', NULL, '5000317160', '2023-11-01', 1),
(120, 68, '74', '2023-10-25', 13260.00, NULL, '5000316663', '', '5000316663', 'E', '2024-08-30 05:51:43', 23, 0, 'N', NULL, '5000316663', '2023-11-27', 1),
(121, 68, '74', '2023-11-02', 160000.00, NULL, '5000317368', '', '5000317368', 'P', '2024-08-30 05:51:43', 23, 0, 'N', NULL, '5000317368', '2023-11-03', 1),
(122, 67, '200', '2023-10-24', 16800.00, NULL, '5000316582', '', '5000316582', 'E', '2024-08-30 05:51:43', 23, 0, 'N', NULL, '5000316582', '2023-10-25', 1),
(123, 67, '200', '2023-11-02', 170000.00, NULL, '5000317364', '', '5000317364', 'P', '2024-08-30 05:51:43', 23, 0, 'N', NULL, '5000317364', '2023-11-02', 1),
(124, 69, '157', '2023-10-25', 60000.00, NULL, '5000316586', '', '5000316586', 'E', '2024-08-30 05:51:43', 23, 0, 'N', NULL, '5000316586', '2023-10-26', 1),
(125, 69, '157', '2023-10-28', 716000.00, NULL, '5000316950', '', '5000316950', 'P', '2024-08-30 05:51:43', 23, 0, 'N', NULL, '5000316950', '2023-10-28', 1),
(126, 15, '86', '2023-07-22', 113250.00, NULL, '5000309086', '', '5000309086', 'E', '2024-08-30 05:51:43', 23, 0, 'N', NULL, '5000309086', '2023-07-22', 1),
(127, 15, '86', '2023-07-27', 1350000.00, NULL, '5000309473', '', '5000309473', 'P', '2024-08-30 05:51:43', 23, 0, 'N', NULL, '5000309473', '2023-07-28', 1),
(128, 22, '170', '2023-08-24', 950000.00, NULL, '5000311758', '', '5000311758', 'P', '2024-08-30 05:51:43', 23, 0, 'N', NULL, '5000311758', '2023-11-24', 1),
(129, 22, '170', '2023-09-04', 380000.00, NULL, '5000312639', '', '5000312639', 'P', '2024-08-30 05:51:43', 23, 0, 'N', NULL, '5000312639', '2023-09-04', 1),
(130, 22, '170', '2023-09-05', 100000.00, NULL, '5000312718', '', '5000312718', 'P', '2024-08-30 05:51:43', 23, 0, 'N', NULL, '5000312718', '2023-09-05', 1),
(131, 22, '170', '2023-09-05', 8000.00, NULL, '5000312723', '', '5000312723', 'P', '2024-08-30 05:51:43', 23, 0, 'N', NULL, '5000312723', '2023-09-05', 1),
(132, 24, '50', '2023-08-26', 4872.00, NULL, '5000311927', '', '5000311927', 'E', '2024-08-30 05:51:43', 23, 0, 'N', NULL, '5000311927', '2023-08-26', 1),
(133, 24, '50', '2023-08-30', 58000.00, NULL, '5000312294', '', '5000312294', 'P', '2024-08-30 05:51:43', 23, 0, 'N', NULL, '5000312294', '2023-08-30', 1),
(134, 81, '206', '2023-04-30', 21600000.00, NULL, '00', '', '', 'E', '2024-08-30 05:51:43', 35, 0, 'N', NULL, '', '2023-04-30', 1),
(135, 81, '206', '2023-04-30', 11189360.00, NULL, '00', '', '', 'P', '2024-08-30 05:51:43', 35, 0, 'N', NULL, '', '2023-04-30', 1),
(136, 81, '206', '2023-05-06', 6298700.00, NULL, '2500000969', '', '2500000969', 'P', '2024-08-30 05:51:43', 35, 0, 'N', NULL, '2500000969', '2023-05-06', 1),
(137, 84, '0', '2023-11-06', 53000.00, NULL, '1300001164', '', '1300001164', 'E', '2024-08-30 05:51:43', 24, 0, 'N', 'F', '1300001164', '2023-11-06', 1),
(138, 84, '0', '2023-11-09', 633324.00, NULL, '1300001223', '', '1300001223', 'P', '2024-08-30 05:51:43', 24, 0, 'N', NULL, '1300001223', '2023-11-09', 1),
(139, 24, '172', '2023-12-30', 4200.00, NULL, '5000312295', '', '5000312295', 'P', '2024-08-30 05:51:43', 23, 0, 'N', NULL, '5000312295', '2023-08-30', 1),
(140, 24, '171', '2023-08-19', 44250.00, NULL, '5000311235', '', '5000311235', 'E', '2024-08-30 05:51:43', 23, 0, 'N', NULL, '5000311235', '2023-08-21', 1),
(141, 25, '173', '2023-08-23', 25700.00, NULL, '5000311633', '', '', 'E', '2024-08-30 05:51:43', 23, 0, 'N', NULL, '5000311633', '2023-08-24', 1),
(142, 25, '173', '2023-08-27', 310000.00, NULL, '5000311932', '', '5000311932', 'P', '2024-08-30 05:51:43', 23, 0, 'N', NULL, '5000311932', '2023-08-28', 1),
(143, 28, '177', '2023-08-22', 86000.00, NULL, '5000311490', '', '5000311490', 'P', '2024-08-30 05:51:43', 23, 0, 'N', NULL, '5000311490', '2023-08-23', 1),
(144, 28, '171', '2023-08-22', 190000.00, NULL, '5000311491', '', '5000311491', 'P', '2024-08-30 05:51:43', 23, 0, 'N', NULL, '5000311491', '2023-08-23', 1),
(145, 30, '170', '2023-08-26', 500000.00, NULL, '5000311921', '', '5000311921', 'P', '2024-08-30 05:51:43', 23, 0, 'N', NULL, '5000311921', '2023-08-26', 1),
(146, 30, '170', '2023-09-01', 650000.00, NULL, '5000312405', '', '5000312405', 'P', '2024-08-30 05:51:43', 23, 0, 'N', NULL, '5000312405', '2023-09-02', 1),
(147, 30, '170', '2023-09-03', 350000.00, NULL, '5000312565', '', '5000312565', 'P', '2024-08-30 05:51:43', 23, 0, 'N', NULL, '5000312565', '2023-09-04', 1),
(148, 51, '199', '2023-10-24', 7585.00, NULL, '5000316571', '', '5000316571', 'E', '2024-08-30 05:51:43', 23, 0, 'N', NULL, '5000316571', '2023-10-25', 1),
(149, 51, '199', '2023-10-24', 92000.00, NULL, '5000316573', '', '5000316573', 'P', '2024-08-30 05:51:43', 23, 0, 'N', NULL, '5000316573', '2023-10-25', 1),
(150, 52, '187', '2023-09-23', 29976.00, NULL, '5000313706', '', '5000313706', 'E', '2024-08-30 05:51:43', 23, 0, 'N', NULL, '5000313706', '2023-09-25', 1),
(151, 52, '187', '2023-09-22', 322000.00, NULL, '5000314164', '', '5000314164', 'P', '2024-08-30 05:51:43', 23, 0, 'N', NULL, '5000314164', '2023-11-23', 1),
(152, 52, '188', '2023-09-18', 41616.00, NULL, '5000313706', '', '5000313706', 'E', '2024-08-30 05:51:43', 23, 0, 'N', NULL, '5000313706', '2023-09-19', 1),
(153, 52, '188', '2023-09-22', 533000.00, NULL, '5000314164', '', '5000314164', 'P', '2024-08-30 05:51:43', 23, 0, 'N', NULL, '5000314164', '2023-09-23', 1),
(154, 66, '50', '2023-10-25', 5604.00, NULL, '5000316701', '', '5000316701', 'E', '2024-08-30 05:51:43', 23, 0, 'N', NULL, '5000316701', '2023-10-26', 1),
(155, 66, '50', '2023-10-28', 80000.00, NULL, '5000316964', '', '5000316964', 'P', '2024-08-30 05:51:43', 23, 0, 'N', NULL, '5000316964', '2023-10-30', 1),
(156, 85, '186', '2023-11-23', 14040.00, NULL, '5000318641', '', '5000318641', 'E', '2024-08-30 05:51:43', 23, 0, 'N', NULL, '5000318641', '2023-11-24', 1),
(157, 85, '186', '2023-11-30', 180000.00, NULL, '5000319254', '', '5000319254', 'P', '2024-08-30 05:51:43', 23, 0, 'N', NULL, '5000319254', '2023-12-01', 1),
(158, 86, '187', '2023-11-19', 111435.00, NULL, '5000318276', '', '5000318276', 'E', '2024-08-30 05:51:43', 23, 0, 'N', NULL, '5000318276', '2023-11-20', 1),
(159, 86, '0', '2023-11-30', 1328100.00, NULL, '5000319150', '', '5000319150', 'P', '2024-08-30 05:51:43', 23, 0, 'N', NULL, '5000319150', '2023-12-01', 1),
(160, 86, '29', '2023-11-20', 40000.00, NULL, '5000318384', '', '5000318384', 'E', '2024-08-30 05:51:43', 23, 0, 'N', NULL, '5000318384', '2023-11-21', 1),
(161, 86, '29', '2023-11-30', 477000.00, NULL, '5000319150', '', '5000319150', 'P', '2024-08-30 05:51:43', 23, 0, 'N', NULL, '5000319150', '2023-12-01', 1),
(162, 81, '206', '2023-06-09', 6300000.00, NULL, '2500002152', '', '', 'P', '2024-08-30 05:51:43', 35, 0, 'N', NULL, '2500002152', '2023-06-09', 1),
(163, 81, '206', '2023-06-23', 8591810.00, NULL, '2500002553', '', '', 'P', '2024-08-30 05:51:43', 35, 0, 'N', NULL, '2500002553', '2023-06-23', 1),
(164, 81, '206', '2023-06-23', 3996190.00, NULL, '2500002583', '', '', 'P', '2024-08-30 05:51:43', 35, 0, 'N', NULL, '2500002583', '2023-06-23', 1),
(165, 81, '206', '2023-07-26', 12588000.00, NULL, '2500003806', '', '', 'P', '2024-08-30 05:51:43', 35, 0, 'N', NULL, '2500003806', '2023-07-26', 1),
(166, 81, '206', '2023-08-17', 12588000.00, NULL, '2500004598', '', '', 'P', '2024-08-30 05:51:43', 35, 0, 'N', NULL, '2500004598', '2023-08-17', 1),
(167, 81, '206', '2023-09-15', 12588000.00, NULL, '2500005729', '', '', 'P', '2024-08-30 05:51:43', 35, 0, 'N', NULL, '2500005729', '2023-09-15', 1),
(168, 82, '206', '2023-03-24', 55920000.00, NULL, '00', '', '', 'E', '2024-08-30 05:51:43', 35, 0, 'N', NULL, '00', '2023-03-24', 1),
(169, 82, '206', '2023-02-28', 35132184.00, NULL, '00', '', '', 'P', '2024-08-30 05:51:43', 35, 0, 'N', NULL, '', '2023-02-28', 1),
(170, 82, '206', '2023-03-03', 29500000.00, NULL, '2500010506', '', '', 'P', '2024-08-30 05:51:43', 35, 0, 'N', NULL, '2500010506', '2023-03-03', 1),
(171, 82, '206', '2023-03-03', 19980000.00, NULL, '2500010507', '', '', 'P', '2024-08-30 05:51:43', 35, 0, 'N', NULL, '2500010507', '2023-03-03', 1),
(172, 82, '206', '2023-03-21', 9990000.00, NULL, '2500011118', '', '', 'P', '2024-08-30 05:51:43', 35, 0, 'N', NULL, '2500011118', '2023-03-21', 1),
(173, 82, '206', '2023-03-29', 7992000.00, NULL, '2500011475', '', '', 'P', '2024-08-30 05:51:43', 35, 0, 'N', NULL, '2500011475', '2023-03-29', 1),
(174, 82, '206', '2023-04-04', 4195800.00, NULL, '2500000037', '', '', 'P', '2024-08-30 05:51:43', 35, 0, 'N', NULL, '2500000037', '2023-04-04', 1),
(175, 82, '206', '2023-04-06', 9990000.00, NULL, '2500000062', '', '', 'P', '2024-08-30 05:51:43', 35, 0, 'N', NULL, '2500000062', '2023-04-06', 1),
(176, 82, '206', '2023-04-13', 9990000.00, NULL, '2500000304', '', '', 'P', '2024-08-30 05:51:43', 35, 0, 'N', NULL, '2500000304', '2023-04-13', 1),
(177, 82, '206', '2023-04-20', 9990000.00, NULL, '2500000467', '', '', 'P', '2024-08-30 05:51:43', 35, 0, 'N', NULL, '2500000467', '2023-04-20', 1),
(178, 82, '206', '2023-04-21', 9990000.00, NULL, '2500000530', '', '', 'P', '2024-08-30 05:51:43', 35, 0, 'N', NULL, '2500000530', '2023-04-21', 1),
(179, 82, '206', '2023-05-10', 9990000.00, NULL, '2500001097', '', '', 'P', '2024-08-30 05:51:43', 35, 0, 'N', NULL, '2500001097', '2023-05-10', 1),
(180, 82, '206', '2023-05-26', 8520471.00, NULL, '2500001724', '', '', 'P', '2024-08-30 05:51:43', 35, 0, 'N', NULL, '2500001724', '2023-05-26', 1),
(181, 82, '206', '2023-05-31', 9540450.00, NULL, '2500001926', '', '', 'P', '2024-08-30 05:51:43', 35, 0, 'N', NULL, '2500001926', '2023-05-31', 1),
(182, 82, '206', '2023-06-07', 9990000.00, NULL, '2500002103', '', '', 'P', '2024-08-30 05:51:43', 35, 0, 'N', NULL, '2500002103', '2023-06-07', 1),
(183, 82, '206', '2023-06-14', 4995000.00, NULL, '2500002412', '', '', 'P', '2024-08-30 05:51:43', 35, 0, 'N', NULL, '2500002412', '2023-06-14', 1),
(184, 82, '206', '2023-06-21', 9990000.00, NULL, '2500002526', '', '', 'P', '2024-08-30 05:51:43', 35, 0, 'N', NULL, '2500002526', '2023-06-21', 1),
(185, 82, '206', '2023-07-11', 9990000.00, NULL, '2500003319', '', '', 'P', '2024-08-30 05:51:43', 35, 0, 'N', NULL, '2500003319', '2023-07-11', 1),
(186, 82, '206', '2023-07-27', 8491500.00, NULL, '2500004010', '', '', 'P', '2024-08-30 05:51:43', 35, 0, 'N', NULL, '2500004010', '2023-07-27', 1),
(187, 82, '206', '2023-08-04', 4295700.00, NULL, '2500004247', '', '', 'P', '2024-08-30 05:51:43', 35, 0, 'N', NULL, '2500004247', '2023-08-04', 1),
(188, 82, '206', '2023-08-07', 5694300.00, NULL, '2500004312', '', '', 'P', '2024-08-30 05:51:43', 35, 0, 'N', NULL, '2500004312', '2023-08-07', 1),
(189, 82, '206', '2023-08-11', 9990000.00, NULL, '2500004498', '', '', 'P', '2024-08-30 05:51:43', 35, 0, 'N', NULL, '2500004498', '2023-08-11', 1),
(190, 82, '206', '2023-08-21', 9990000.00, NULL, '2500004759', '', '', 'P', '2024-08-30 05:51:43', 35, 0, 'N', NULL, '2500004759', '2023-08-21', 1),
(191, 82, '206', '2023-09-01', 9990000.00, NULL, '2500005299', '', '', 'P', '2024-08-30 05:51:43', 35, 0, 'N', NULL, '2500005299', '2023-09-01', 1),
(192, 82, '0', '2023-09-08', 9990000.00, NULL, '2500005568', '', '', 'P', '2024-08-30 05:51:43', 35, 0, 'N', NULL, '2500005568', '2023-09-08', 1),
(193, 82, '206', '2023-09-15', 9990000.00, NULL, '2500005739', '', '', 'P', '2024-08-30 05:51:43', 35, 0, 'N', NULL, '2500005739', '2023-09-15', 1),
(194, 82, '206', '2023-09-28', 2997000.00, NULL, '2500006296', '', '', 'P', '2024-08-30 05:51:43', 35, 0, 'N', NULL, '2500006296', '2023-09-28', 1),
(195, 82, '206', '2023-10-05', 9990000.00, NULL, '2500006503', '', '', 'P', '2024-08-30 05:51:43', 35, 0, 'N', NULL, '2500006503', '2023-10-05', 1),
(196, 82, '206', '2023-10-12', 9990000.00, NULL, '2500006703', '', '', 'P', '2024-08-30 05:51:43', 35, 0, 'N', NULL, '2500006703', '2023-10-12', 1),
(197, 82, '206', '2023-10-18', 9990000.00, NULL, '2500006849', '', '', 'P', '2024-08-30 05:51:43', 35, 0, 'N', NULL, '2500006849', '2023-10-18', 1),
(198, 87, '74', '2023-11-22', 39217.00, NULL, '5000318530', '', '5000318530', 'E', '2024-08-30 05:51:43', 23, 0, 'N', NULL, '5000318530', '2023-11-23', 1),
(199, 87, '74', '2023-11-27', 550000.00, NULL, '5000318848', '', '5000318848', 'P', '2024-08-30 05:51:43', 23, 0, 'N', NULL, '5000318848', '2023-11-28', 1),
(200, 88, '185', '2023-11-22', 19020.00, NULL, '5000318523', '', '5000318523', 'E', '2024-08-30 05:51:43', 23, 0, 'N', NULL, '5000318523', '2023-11-23', 1),
(201, 88, '185', '2023-11-27', 270000.00, NULL, '5000318823', '', '5000318823', 'P', '2024-08-30 05:51:43', 23, 0, 'N', NULL, '5000318823', '2023-11-28', 1),
(202, 89, '209', '2023-11-20', 88920.00, NULL, '5000318359', '', '5000318359', 'E', '2024-08-30 05:51:43', 23, 0, 'N', NULL, '5000318359', '2023-11-21', 1),
(203, 89, '209', '2023-11-21', 1200000.00, NULL, '5000318443', '', '5000318443', 'P', '2024-08-30 05:51:43', 23, 0, 'N', NULL, '5000318443', '2023-11-23', 1),
(204, 90, '161', '2023-11-21', 11695.00, NULL, '5000318395', '', '5000318395', 'E', '2024-08-30 05:51:43', 23, 0, 'N', NULL, '5000318395', '2023-11-22', 1),
(205, 90, '161', '2023-11-21', 116925.00, NULL, '5000318383', '', '5000318383', 'P', '2024-08-30 05:51:43', 23, 0, 'N', NULL, '5000318383', '2023-11-22', 1),
(206, 90, '161', '2023-11-23', 50000.00, NULL, '5000318554', '', '5000318554', 'P', '2024-08-30 05:51:43', 23, 0, 'N', NULL, '5000318554', '2023-11-24', 1),
(207, 65, '198', '2023-10-11', 168000.00, NULL, '5000315685', '', '5000315685', 'E', '2024-08-30 05:51:43', 23, 0, 'N', NULL, '5000315685', '2023-10-12', 1),
(208, 65, '198', '2023-10-18', 2162587.00, NULL, '3500500514', '', '3500500514', 'P', '2024-08-30 05:51:43', 23, 0, 'N', NULL, '3500500514', '2023-10-19', 1),
(209, 65, '198', '2023-11-04', 195619.00, NULL, '107082488', '', '107082488', 'P', '2024-08-30 05:51:43', 23, 0, 'N', NULL, '107082488', '2023-11-04', 1),
(210, 91, '171', '2023-11-23', 16860.00, NULL, '5000318600', '', '5000318600', 'E', '2024-08-30 05:51:43', 23, 0, 'N', NULL, '5000318600', '2023-11-24', 1),
(211, 91, '171', '2023-11-24', 134000.00, NULL, '5000318693', '', '5000318693', 'P', '2024-08-30 05:51:43', 23, 0, 'N', NULL, '5000318693', '2023-11-25', 1),
(212, 91, '171', '2023-12-01', 68000.00, NULL, '5000319292', '', '5000319292', 'P', '2024-08-30 05:51:43', 23, 0, 'N', NULL, '5000319292', '2023-12-02', 1),
(213, 92, '161', '2023-11-20', 7795.00, NULL, '5000318381', '', '5000318381', 'E', '2024-08-30 05:51:43', 23, 0, 'N', NULL, '5000318381', '2023-11-21', 1),
(214, 92, '161', '2023-11-20', 77950.00, NULL, '5000318382', '', '5000318382', 'P', '2024-08-30 05:51:43', 23, 0, 'N', NULL, '5000318382', '2023-11-21', 1),
(215, 92, '161', '2023-11-22', 25000.00, NULL, '5000318502', '', '5000318502', 'P', '2024-08-30 05:51:43', 23, 0, 'N', NULL, '5000318502', '2023-11-23', 1),
(216, 93, '189', '2023-11-19', 26340.00, NULL, '5000318272', '', '5000318272', 'E', '2024-08-30 05:51:43', 23, 0, 'N', NULL, '5000318272', '2023-11-20', 1),
(217, 93, '189', '2023-11-20', 376710.00, NULL, '5000318364', '', '5000318364', 'P', '2024-08-30 05:51:43', 23, 0, 'N', NULL, '5000318364', '2023-11-20', 1),
(218, 94, '28', '2023-11-20', 225400.00, NULL, '5000318296', '', '5000318296', 'E', '2024-08-30 05:51:43', 23, 0, 'N', NULL, '5000318296', '2023-11-21', 1),
(219, 94, '28', '2023-12-01', 2700000.00, NULL, '5000319258', '', '5000319258', 'P', '2024-08-30 05:51:43', 23, 0, 'N', NULL, '5000319258', '2023-12-01', 1),
(220, 94, '28', '2023-12-02', 23000.00, NULL, '5000319400', '', '5000319400', 'P', '2024-08-30 05:51:43', 23, 0, 'N', NULL, '5000319400', '2023-12-02', 1),
(221, 95, '182', '2023-11-30', 46650.00, NULL, '5000318518', '', '5000318518', 'E', '2024-08-30 05:51:43', 23, 0, 'N', NULL, '5000318518', '2023-12-01', 1),
(222, 95, '182', '2023-11-29', 400000.00, NULL, '5000319113', '', '5000319113', 'P', '2024-08-30 05:51:43', 23, 0, 'N', NULL, '5000319113', '2023-11-29', 1),
(223, 95, '182', '2023-12-01', 225000.00, NULL, '5000319281', '', '5000319281', 'P', '2024-08-30 05:51:43', 23, 0, 'N', NULL, '5000319281', '2023-12-02', 1),
(224, 96, '184', '2023-11-20', 2430.00, NULL, '5000318378', '', '5000318378', 'E', '2024-08-30 05:51:43', 23, 0, 'N', NULL, '5000318378', '2023-11-20', 1),
(225, 96, '184', '2023-11-20', 28960.00, NULL, '5000318380', '', '5000318380', 'P', '2024-08-30 05:51:43', 23, 0, 'N', NULL, '5000318380', '2023-11-20', 1),
(226, 97, '166', '2023-11-27', 78760.00, NULL, '5000318822', '', '5000318822', 'E', '2024-08-30 05:51:43', 23, 0, 'N', NULL, '5000318822', '2023-11-28', 1),
(227, 97, '166', '2023-11-30', 500000.00, NULL, '5000319220', '', '5000319220', 'P', '2024-08-30 05:51:43', 23, 0, 'N', NULL, '5000319220', '2023-11-30', 1),
(228, 97, '166', '2023-12-03', 150000.00, NULL, '5000319438', '', '5000319438', 'P', '2024-08-30 05:51:43', 23, 0, 'N', NULL, '5000319438', '2023-12-04', 1),
(229, 97, '166', '2023-12-04', 200000.00, NULL, '5000319502', '', '5000319502', 'P', '2024-08-30 05:51:43', 23, 0, 'N', NULL, '5000319502', '2023-12-04', 1),
(230, 97, '166', '2023-12-05', 200000.00, NULL, '5000319564', '', '5000319564', 'P', '2024-08-30 05:51:43', 23, 0, 'N', NULL, '5000319564', '2023-12-06', 1),
(231, 104, '11', '2023-12-20', 27320.00, NULL, '5000320785', '', '5000320785', 'E', '2024-08-30 05:51:43', 23, 0, 'N', NULL, '5000320785', '2023-12-21', 1),
(232, 104, '11', '2023-12-24', 326000.00, NULL, '5000321134', '', '5000321134', 'P', '2024-08-30 05:51:43', 23, 0, 'N', NULL, '5000321134', '2023-12-25', 1),
(233, 104, '11', '2023-12-25', 4100.00, NULL, '5000321151', '', '5000321151', 'P', '2024-08-30 05:51:43', 23, 0, 'N', NULL, '5000321151', '2023-12-25', 1),
(234, 105, '104', '2023-12-29', 478000.00, NULL, '1300001506', '', '1300001506', 'E', '2024-08-30 05:51:43', 24, 0, 'N', NULL, '1300001506', '2023-12-30', 1),
(235, 105, '104', '2023-12-29', 6588244.00, NULL, '1300001507', '', '1300001507', 'P', '2024-08-30 05:51:43', 24, 0, 'N', NULL, '1300001507', '2023-12-30', 1),
(236, 106, '0', '2023-12-23', 23000.00, NULL, '1300001508', '', '1300001508', 'E', '2024-08-30 05:51:43', 24, 0, 'N', NULL, '1300001508', '2023-12-23', 1),
(237, 106, '1', '2023-12-23', 268893.00, NULL, '1300001457', '', '1300001457', 'P', '2024-08-30 05:51:43', 24, 0, 'N', NULL, '1300001457', '2023-12-23', 1),
(238, 107, '1', '2023-12-23', 23000.00, NULL, '1300001508', '', '1300001508', 'P', '2024-08-30 05:51:43', 24, 0, 'N', NULL, '1300001508', '2023-12-23', 1),
(239, 107, '0', '2023-12-23', 23000.00, NULL, '1300001508', '', '1300001508', 'E', '2024-08-30 05:51:43', 24, 0, 'N', NULL, '1300001508', '2023-12-23', 1),
(240, 108, '179', '2024-05-18', 31350.00, NULL, '5000303246', '', '', 'E', '2024-08-30 05:51:43', 23, 0, 'N', NULL, '5000303246', '2024-05-18', 1),
(241, 108, '179', '2024-05-20', 375000.00, NULL, '5000303331', '', '', 'P', '2024-08-30 05:51:43', 23, 0, 'N', NULL, '5000303331', '2024-05-20', 1),
(242, 110, '182', '2024-05-04', 62650.00, NULL, '5000302046', '', '5000302046', 'E', '2024-08-30 05:51:43', 34, 0, 'N', 'F', '5000302046', '2024-05-04', 1),
(243, 110, '182', '2024-05-05', 500000.00, NULL, '5000302088', '', '5000302088', 'P', '2024-08-30 05:51:43', 34, 0, 'N', NULL, '5000302088', '2024-05-05', 1),
(244, 110, '182', '2024-05-09', 200000.00, NULL, '5000302494', '', '5000302494', 'P', '2024-08-30 05:51:43', 34, 0, 'N', NULL, '5000302494', '2024-05-09', 1),
(245, 110, '182', '2024-05-13', 50000.00, NULL, '5000302650', '', '5000302650', 'P', '2024-08-30 05:51:43', 34, 0, 'N', NULL, '5000302650', '2024-05-13', 1),
(246, 110, '182', '2024-05-14', 120000.00, NULL, '5000302883', '', '5000302883', 'P', '2024-08-30 05:51:43', 34, 0, 'N', NULL, '5000302883', '2024-05-14', 1),
(247, 111, '212', '2024-05-05', 3450.00, NULL, '5000302081', '', '5000302081', 'E', '2024-08-30 05:51:43', 34, 0, 'N', 'F', '5000302081', '2024-05-04', 1),
(248, 111, '212', '2024-05-13', 41117.00, NULL, '5000302792', '', '5000302792', 'P', '2024-08-30 05:51:43', 34, 0, 'N', NULL, '5000302792', '2024-05-13', 1),
(249, 111, '212', '2024-05-14', 100.00, NULL, '5000302812', '', '5000302812', 'P', '2024-08-30 05:51:43', 34, 0, 'N', NULL, '5000302812', '2024-05-14', 1),
(250, 111, '212', '2024-05-14', 100.00, NULL, '5000302812', '', '5000302812', 'P', '2024-08-30 05:51:43', 34, 0, 'N', NULL, '5000302812', '2024-05-14', 1);

-- --------------------------------------------------------

--
-- Table structure for table `sale_order_taxes`
--

CREATE TABLE `sale_order_taxes` (
  `sale_order_id` int(11) NOT NULL,
  `ref_no_id` varchar(20) NOT NULL,
  `material_id` int(11) NOT NULL,
  `tax_name` varchar(200) NOT NULL,
  `tax_rate` decimal(10,3) NOT NULL,
  `sale_orders_lots_id` int(10) NOT NULL,
  `org_id` int(11) DEFAULT NULL
) ENGINE=InnoDB DEFAULT CHARSET=latin1;

--
-- Dumping data for table `sale_order_taxes`
--

INSERT INTO `sale_order_taxes` (`sale_order_id`, `ref_no_id`, `material_id`, `tax_name`, `tax_rate`, `sale_orders_lots_id`, `org_id`) VALUES
(1, 'scrap_1', 2, 'GST', 18.000, 1, 1),
(1, 'scrap_1', 2, 'TCS', 1.000, 1, 1),
(2, 'scrap_2', 88, 'GST-18', 18.000, 2, 1),
(2, 'scrap_2', 88, 'TCS', 1.000, 2, 1),
(4, 'scrap_4', 46, 'GST-18', 18.000, 3, 1),
(4, 'scrap_4', 46, 'TCS', 1.000, 3, 1),
(6, 'scrap_6', 24, 'GST-18', 18.000, 4, 1),
(6, 'scrap_6', 24, 'TCS', 1.000, 4, 1),
(15, 'scrap_15', 86, 'GST-18', 18.000, 5, 1),
(15, 'scrap_15', 86, 'TCS', 1.000, 5, 1),
(16, 'scrap_16', 46, 'GST-18', 18.000, 6, 1),
(16, 'scrap_16', 46, 'TCS', 1.000, 6, 1),
(16, 'scrap_16', 150, 'GST-18', 18.000, 7, 1),
(16, 'scrap_16', 150, 'TCS', 1.000, 7, 1),
(17, 'scrap_17', 151, 'GST-18', 18.000, 8, 1),
(17, 'scrap_17', 151, 'TCS', 1.000, 8, 1),
(8, 'scrap_8', 152, 'GST-18', 18.000, 9, 1),
(18, 'scrap_18', 1, 'GST-18', 18.000, 10, 1),
(18, 'scrap_18', 1, 'TCS', 1.000, 10, 1),
(14, 'scrap_14', 121, 'GST', 18.000, 11, 1),
(14, 'scrap_14', 92, 'GST-18', 18.000, 12, 1),
(14, 'scrap_14', 95, 'GST-18', 18.000, 13, 1),
(19, 'scrap_19', 162, 'GST-18', 18.000, 14, 1),
(19, 'scrap_19', 162, 'TCS', 1.000, 14, 1),
(20, 'scrap_20', 163, 'GST-18', 18.000, 15, 1),
(20, 'scrap_20', 163, 'TCS', 1.000, 15, 1),
(20, 'scrap_20', 164, 'GST-18', 18.000, 16, 1),
(20, 'scrap_20', 164, 'TCS', 1.000, 16, 1),
(21, 'scrap_21', 165, 'GST-18', 18.000, 17, 1),
(21, 'scrap_21', 165, 'TCS', 1.000, 17, 1),
(21, 'scrap_21', 43, 'GST-18', 18.000, 18, 1),
(21, 'scrap_21', 43, 'TCS', 1.000, 18, 1),
(21, 'scrap_21', 166, 'GST-18', 18.000, 19, 1),
(21, 'scrap_21', 166, 'TCS', 1.000, 19, 1),
(21, 'scrap_21', 167, 'GST-18', 18.000, 20, 1),
(21, 'scrap_21', 167, 'TCS', 1.000, 20, 1),
(18, 'scrap_18', 169, 'GST-18', 18.000, 21, 1),
(18, 'scrap_18', 169, 'TCS', 1.000, 21, 1),
(22, 'scrap_22', 170, 'GST-18', 18.000, 22, 1),
(22, 'scrap_22', 170, 'TCS', 1.000, 22, 1),
(24, 'scrap_23', 171, 'GST-18', 18.000, 23, 1),
(24, 'scrap_23', 171, 'TCS', 1.000, 23, 1),
(24, 'scrap_23', 172, 'GST-18', 18.000, 24, 1),
(24, 'scrap_23', 172, 'TCS', 1.000, 24, 1),
(25, 'scrap_25', 173, 'GST-18', 18.000, 25, 1),
(25, 'scrap_25', 173, 'TCS', 1.000, 25, 1),
(16, 'scrap_16', 174, 'GST-18', 18.000, 26, 1),
(16, 'scrap_16', 174, 'TCS', 1.000, 26, 1),
(26, 'scrap_26', 160, 'GST-18', 18.000, 27, 1),
(26, 'scrap_26', 160, 'TCS', 1.000, 27, 1),
(26, 'scrap_26', 175, 'GST-18', 18.000, 28, 1),
(26, 'scrap_26', 175, 'TCS', 1.000, 28, 1),
(26, 'scrap_26', 11, 'GST-18', 18.000, 29, 1),
(26, 'scrap_26', 11, 'TCS', 1.000, 29, 1),
(27, 'scrap_27', 176, 'GST-18', 18.000, 30, 1),
(27, 'scrap_27', 176, 'TCS', 1.000, 30, 1),
(28, 'scrap_28', 171, 'GST-18', 18.000, 31, 1),
(28, 'scrap_28', 171, 'TCS', 1.000, 31, 1),
(28, 'scrap_28', 177, 'GST-18', 18.000, 32, 1),
(28, 'scrap_28', 177, 'TCS', 1.000, 32, 1),
(30, 'scrap_29', 170, 'GST-18', 18.000, 33, 1),
(30, 'scrap_29', 170, 'TCS', 1.000, 33, 1),
(31, 'scrap_31', 178, 'GST-18', 18.000, 34, 1),
(31, 'scrap_31', 178, 'TCS', 1.000, 34, 1),
(31, 'scrap_31', 179, 'GST-18', 18.000, 35, 1),
(31, 'scrap_31', 179, 'TCS', 1.000, 35, 1),
(32, 'scrap_32', 161, 'GST-18', 18.000, 36, 1),
(32, 'scrap_32', 161, 'TCS', 1.000, 36, 1),
(33, 'scrap_33', 180, 'GST-18', 18.000, 37, 1),
(33, 'scrap_33', 180, 'TCS', 1.000, 37, 1),
(33, 'scrap_33', 171, 'GST-18', 18.000, 38, 1),
(33, 'scrap_33', 171, 'TCS', 1.000, 38, 1),
(34, 'scrap_34', 181, 'GST-18', 18.000, 39, 1),
(34, 'scrap_34', 181, 'TCS', 1.000, 39, 1),
(35, 'scrap_35', 182, 'GST-18', 18.000, 40, 1),
(35, 'scrap_35', 182, 'TCS', 1.000, 40, 1),
(24, 'scrap_23', 50, 'GST-18', 18.000, 41, 1),
(24, 'scrap_23', 50, 'TCS', 1.000, 41, 1),
(36, 'scrap_36', 183, 'GST-18', 18.000, 42, 1),
(36, 'scrap_36', 183, 'TCS', 1.000, 42, 1),
(37, 'scrap_37', 182, 'GST-18', 18.000, 43, 1),
(37, 'scrap_37', 182, 'TCS', 1.000, 43, 1),
(38, 'scrap_38', 181, 'GST-18', 18.000, 44, 1),
(38, 'scrap_38', 181, 'TCS', 1.000, 44, 1),
(39, 'scrap_39', 162, 'TCS', 1.000, 45, 1),
(39, 'scrap_39', 162, 'GST', 18.000, 45, 1),
(40, 'scrap_40', 46, 'TCS', 1.000, 46, 1),
(40, 'scrap_40', 46, 'GST', 18.000, 46, 1),
(40, 'scrap_40', 150, 'TCS', 1.000, 47, 1),
(40, 'scrap_40', 150, 'GST', 18.000, 47, 1),
(4, 'scrap_4', 4, 'TCS', 1.000, 48, 1),
(4, 'scrap_4', 4, 'GST', 18.000, 48, 1),
(26, 'scrap_26', 176, 'TCS', 1.000, 49, 1),
(26, 'scrap_26', 176, 'GST', 18.000, 49, 1),
(42, 'scrap_42', 167, 'TCS', 1.000, 50, 1),
(42, 'scrap_42', 167, 'GST', 18.000, 50, 1),
(45, 'scrap_43', 184, 'TCS', 1.000, 51, 1),
(45, 'scrap_43', 184, 'GST', 18.000, 51, 1),
(47, 'scrap_47', 166, 'TCS', 1.000, 52, 1),
(47, 'scrap_47', 166, 'GST', 18.000, 52, 1),
(51, 'scrap_50', 186, 'TCS', 1.000, 53, 1),
(51, 'scrap_50', 186, 'GST', 18.000, 53, 1),
(40, 'scrap_40', 183, 'TCS', 1.000, 54, 1),
(40, 'scrap_40', 183, 'GST', 18.000, 54, 1),
(52, 'scrap_52', 187, 'TCS', 1.000, 55, 1),
(52, 'scrap_52', 187, 'GST', 18.000, 55, 1),
(52, 'scrap_52', 188, 'TCS', 1.000, 56, 1),
(52, 'scrap_52', 188, 'GST', 18.000, 56, 1),
(53, 'scrap_53', 2, 'TCS', 1.000, 57, 1),
(53, 'scrap_53', 2, 'GST', 18.000, 57, 1),
(53, 'scrap_53', 43, 'TCS', 1.000, 58, 1),
(53, 'scrap_53', 43, 'GST', 18.000, 58, 1),
(42, 'scrap_42', 9, 'TCS', 1.000, 59, 1),
(42, 'scrap_42', 9, 'GST', 18.000, 59, 1),
(49, 'scrap_49', 189, 'TCS', 1.000, 60, 1),
(49, 'scrap_49', 189, 'GST', 18.000, 60, 1),
(49, 'scrap_49', 177, 'TCS', 1.000, 61, 1),
(49, 'scrap_49', 177, 'GST', 18.000, 61, 1),
(42, 'scrap_42', 43, 'TCS', 1.000, 62, 1),
(42, 'scrap_42', 43, 'GST', 18.000, 62, 1),
(54, 'scrap_54', 157, 'TCS', 1.000, 63, 1),
(54, 'scrap_54', 157, 'GST', 18.000, 63, 1),
(54, 'scrap_54', 190, 'TCS', 1.000, 64, 1),
(54, 'scrap_54', 190, 'GST', 18.000, 64, 1),
(56, 'scrap_55', 191, 'TCS', 1.000, 65, 1),
(56, 'scrap_55', 191, 'GST', 18.000, 65, 1),
(56, 'scrap_55', 1, 'TCS', 1.000, 66, 1),
(56, 'scrap_55', 1, 'GST', 18.000, 66, 1),
(54, 'scrap_54', 157, 'TCS', 1.000, 67, 1),
(54, 'scrap_54', 157, 'GST', 18.000, 67, 1),
(57, 'scrap_57', 168, 'TCS', 1.000, 68, 1),
(57, 'scrap_57', 168, 'GST', 18.000, 68, 1),
(57, 'scrap_57', 192, 'TCS', 1.000, 69, 1),
(57, 'scrap_57', 192, 'GST', 18.000, 69, 1),
(58, 'scrap_58', 193, 'TCS', 1.000, 70, 1),
(58, 'scrap_58', 193, 'GST', 18.000, 70, 1),
(59, 'scrap_59', 161, 'TCS', 1.000, 71, 1),
(59, 'scrap_59', 161, 'GST', 18.000, 71, 1),
(58, 'scrap_58', 154, 'TCS', 1.000, 72, 1),
(58, 'scrap_58', 154, 'GST', 18.000, 72, 1),
(56, 'scrap_55', 194, 'TCS', 1.000, 73, 1),
(56, 'scrap_55', 194, 'GST', 18.000, 73, 1),
(56, 'scrap_55', 157, 'TCS', 1.000, 74, 1),
(56, 'scrap_55', 157, 'GST', 18.000, 74, 1),
(56, 'scrap_55', 195, 'TCS', 1.000, 75, 1),
(56, 'scrap_55', 195, 'GST', 18.000, 75, 1),
(56, 'scrap_55', 162, 'TCS', 1.000, 76, 1),
(56, 'scrap_55', 162, 'GST', 18.000, 76, 1),
(60, 'scrap_60', 196, 'TCS', 1.000, 77, 1),
(60, 'scrap_60', 196, 'GST', 18.000, 77, 1),
(54, 'scrap_54', 157, 'TCS', 1.000, 78, 1),
(54, 'scrap_54', 157, 'GST', 18.000, 78, 1),
(61, 'scrap_61', 59, 'TCS', 1.000, 79, 1),
(61, 'scrap_61', 59, 'GST', 18.000, 79, 1),
(61, 'scrap_61', 166, 'TCS', 1.000, 80, 1),
(61, 'scrap_61', 166, 'GST', 18.000, 80, 1),
(63, 'scrap_62', 197, 'TCS', 1.000, 81, 1),
(63, 'scrap_62', 197, 'GST', 18.000, 81, 1),
(64, 'scrap_64', 178, 'GST-18', 18.000, 82, 1),
(64, 'scrap_64', 178, 'TCS', 1.000, 82, 1),
(64, 'scrap_64', 43, 'GST-18', 18.000, 83, 1),
(64, 'scrap_64', 43, 'TCS', 1.000, 83, 1),
(65, 'scrap_65', 198, 'TCS', 1.000, 84, 1),
(65, 'scrap_65', 198, 'GST', 18.000, 84, 1),
(66, 'scrap_66', 50, 'TCS', 1.000, 85, 1),
(66, 'scrap_66', 50, 'GST', 18.000, 85, 1),
(51, 'scrap_50', 199, 'TCS', 1.000, 86, 1),
(51, 'scrap_50', 199, 'GST', 18.000, 86, 1),
(67, 'scrap_67', 200, 'TCS', 1.000, 87, 1),
(67, 'scrap_67', 200, 'GST', 18.000, 87, 1),
(53, 'scrap_53', 43, 'TCS', 1.000, 88, 1),
(53, 'scrap_53', 43, 'GST', 18.000, 88, 1),
(68, 'scrap_68', 74, 'TCS', 1.000, 89, 1),
(68, 'scrap_68', 74, 'GST', 18.000, 89, 1),
(69, 'scrap_69', 157, 'TCS', 1.000, 90, 1),
(69, 'scrap_69', 157, 'GST', 18.000, 90, 1),
(70, 'scrap_70', 201, 'TCS', 1.000, 91, 1),
(70, 'scrap_70', 201, 'GST', 18.000, 91, 1),
(71, 'scrap_71', 202, 'TCS', 1.000, 92, 1),
(71, 'scrap_71', 202, 'GST', 18.000, 92, 1),
(72, 'scrap_72', 156, 'TCS', 1.000, 93, 1),
(72, 'scrap_72', 156, 'GST', 18.000, 93, 1),
(73, 'scrap_73', 192, 'TCS', 1.000, 94, 1),
(73, 'scrap_73', 192, 'GST', 18.000, 94, 1),
(74, 'scrap_74', 11, 'TCS', 1.000, 95, 1),
(74, 'scrap_74', 11, 'GST', 18.000, 95, 1),
(53, 'scrap_53', 43, 'TCS', 1.000, 96, 1),
(53, 'scrap_53', 43, 'GST', 18.000, 96, 1),
(53, 'scrap_53', 43, 'TCS', 1.000, 97, 1),
(53, 'scrap_53', 43, 'GST', 18.000, 97, 1),
(53, 'scrap_53', 43, 'TCS', 1.000, 98, 1),
(53, 'scrap_53', 43, 'GST', 18.000, 98, 1),
(76, 'scrap_76', 43, 'TCS', 1.000, 99, 1),
(76, 'scrap_76', 43, 'GST', 18.000, 99, 1),
(75, 'scrap_75', 189, 'TCS', 1.000, 100, 1),
(75, 'scrap_75', 189, 'GST', 18.000, 100, 1),
(75, 'scrap_75', 203, 'TCS', 1.000, 101, 1),
(75, 'scrap_75', 203, 'GST', 18.000, 101, 1),
(77, 'scrap_77', 181, 'TCS', 1.000, 102, 1),
(77, 'scrap_77', 181, 'GST', 18.000, 102, 1),
(78, 'scrap_78', 1, 'TCS', 1.000, 103, 1),
(78, 'scrap_78', 1, 'GST', 18.000, 103, 1),
(79, 'scrap_79', 204, 'TCS', 1.000, 104, 1),
(79, 'scrap_79', 204, 'GST', 18.000, 104, 1),
(77, 'scrap_77', 170, 'TCS', 1.000, 105, 1),
(77, 'scrap_77', 170, 'GST', 18.000, 105, 1),
(79, 'scrap_79', 205, 'TCS', 1.000, 106, 1),
(79, 'scrap_79', 205, 'GST', 18.000, 106, 1),
(80, 'scrap_80', 86, 'TCS', 1.000, 107, 1),
(80, 'scrap_80', 86, 'GST', 18.000, 107, 1),
(72, 'scrap_72', 1, 'TCS', 1.000, 108, 1),
(72, 'scrap_72', 1, 'GST', 18.000, 108, 1),
(68, 'scrap_68', 74, 'TCS', 1.000, 108, 1),
(68, 'scrap_68', 74, 'GST', 18.000, 108, 1),
(84, 'scrap_84', 207, 'GST-18', 18.000, 110, 1),
(84, 'scrap_84', 207, 'TCS', 1.000, 110, 1),
(84, 'scrap_84', 208, 'TCS', 1.000, 111, 1),
(84, 'scrap_84', 208, 'GST', 18.000, 111, 1),
(85, 'scrap_85', 186, 'TCS', 1.000, 112, 1),
(85, 'scrap_85', 186, 'GST', 18.000, 112, 1),
(86, 'scrap_86', 187, 'TCS', 1.000, 113, 1),
(86, 'scrap_86', 187, 'GST', 18.000, 113, 1),
(86, 'scrap_86', 29, 'TCS', 1.000, 114, 1),
(86, 'scrap_86', 29, 'GST', 18.000, 114, 1),
(82, 'scrap_82', 206, 'CGST', 2.500, 115, 1),
(82, 'scrap_82', 206, 'SGST', 2.500, 115, 1),
(83, 'scrap_83', 206, 'TAX-0', 0.000, 116, 1),
(87, 'scrap_87', 74, 'TCS', 1.000, 117, 1),
(87, 'scrap_87', 74, 'SGST', 2.500, 117, 1),
(88, 'scrap_88', 185, 'TCS', 1.000, 118, 1),
(88, 'scrap_88', 185, 'GST', 18.000, 118, 1),
(89, 'scrap_89', 209, 'TCS', 1.000, 119, 1),
(89, 'scrap_89', 209, 'GST', 18.000, 119, 1),
(90, 'scrap_90', 161, 'TCS', 1.000, 120, 1),
(90, 'scrap_90', 161, 'GST', 18.000, 120, 1),
(91, 'scrap_91', 171, 'TCS', 1.000, 121, 1),
(91, 'scrap_91', 171, 'GST', 18.000, 121, 1),
(92, 'scrap_92', 161, 'TCS', 1.000, 122, 1),
(92, 'scrap_92', 161, 'GST', 18.000, 122, 1),
(93, 'scrap_93', 189, 'TCS', 1.000, 123, 1),
(93, 'scrap_93', 189, 'GST', 18.000, 123, 1),
(94, 'scrap_94', 28, 'TCS', 1.000, 124, 1),
(94, 'scrap_94', 28, 'GST', 18.000, 124, 1),
(95, 'scrap_95', 182, 'TCS', 1.000, 125, 1),
(95, 'scrap_95', 182, 'GST', 18.000, 125, 1),
(96, 'scrap_96', 184, 'TCS', 1.000, 126, 1),
(96, 'scrap_96', 184, 'GST', 18.000, 126, 1),
(97, 'scrap_97', 166, 'TCS', 1.000, 127, 1),
(97, 'scrap_97', 166, 'GST', 18.000, 127, 1),
(98, 'scrap_98', 193, 'TCS', 1.000, 128, 1),
(98, 'scrap_98', 193, 'GST', 18.000, 128, 1),
(99, 'scrap_99', 210, 'TCS', 1.000, 129, 1),
(99, 'scrap_99', 210, 'GST', 18.000, 129, 1),
(100, 'scrap_100', 181, 'TCS', 1.000, 130, 1),
(100, 'scrap_100', 181, 'GST', 18.000, 130, 1),
(101, 'scrap_101', 211, 'TCS', 1.000, 131, 1),
(101, 'scrap_101', 211, 'GST', 18.000, 131, 1),
(101, 'scrap_101', 212, 'TCS', 1.000, 132, 1),
(101, 'scrap_101', 212, 'GST', 18.000, 132, 1),
(101, 'scrap_101', 195, 'TCS', 1.000, 133, 1),
(101, 'scrap_101', 195, 'GST', 18.000, 133, 1),
(104, 'scrap_103', 11, 'GST-18', 18.000, 134, 1),
(104, 'scrap_103', 11, 'TCS', 1.000, 134, 1),
(104, 'scrap_103', 1, 'GST-18', 18.000, 135, 1),
(104, 'scrap_103', 1, 'TCS', 1.000, 135, 1),
(104, 'scrap_103', 1, 'TCS', 1.000, 136, 1),
(104, 'scrap_103', 1, 'GST', 18.000, 136, 1),
(105, 'scrap_105', 104, 'TCS', 1.000, 137, 1),
(105, 'scrap_105', 104, 'GST', 18.000, 137, 1),
(106, 'scrap_106', 1, 'GST-18', 18.000, 138, 1),
(106, 'scrap_106', 1, 'TCS', 1.000, 138, 1),
(107, 'scrap_107', 1, 'TCS', 1.000, 139, 1),
(107, 'scrap_107', 1, 'GST', 18.000, 139, 1),
(108, 'scrap_108', 179, 'GST-18', 18.000, 140, 1),
(108, 'scrap_108', 179, 'TCS', 1.000, 140, 1),
(108, 'scrap_108', 179, 'TCS', 1.000, 141, 1),
(108, 'scrap_108', 179, 'GST', 18.000, 141, 1),
(110, 'scrap_110', 182, 'TCS', 1.000, 142, 1),
(110, 'scrap_110', 182, 'GST', 18.000, 142, 1),
(111, 'scrap_111', 212, 'TCS', 1.000, 143, 1),
(111, 'scrap_111', 212, 'GST', 18.000, 143, 1),
(120, 'scrap_120', 161, 'IGST-18', 18.000, 144, 1),
(120, 'scrap_120', 161, 'TCS', 1.000, 144, 1),
(114, 'scrap_114', 202, 'IGST-18', 18.000, 145, 1),
(114, 'scrap_114', 202, 'TCS', 1.000, 145, 1),
(119, 'scrap_118', 181, 'IGST-18', 18.000, 146, 1),
(119, 'scrap_118', 181, 'TCS', 1.000, 146, 1),
(117, 'scrap_116', 203, 'IGST-18', 18.000, 147, 1),
(117, 'scrap_116', 203, 'TCS', 1.000, 147, 1),
(117, 'scrap_116', 2, 'IGST-18', 18.000, 148, 1),
(117, 'scrap_116', 2, 'TCS', 1.000, 148, 1),
(117, 'scrap_116', 203, 'IGST-18', 18.000, 149, 1),
(117, 'scrap_116', 203, 'TCS', 1.000, 149, 1);

-- --------------------------------------------------------

--
-- Table structure for table `seal_color`
--

CREATE TABLE `seal_color` (
  `color_id` int(10) UNSIGNED NOT NULL,
  `color_name` varchar(20) DEFAULT NULL
) ENGINE=InnoDB DEFAULT CHARSET=latin1;

--
-- Dumping data for table `seal_color`
--

INSERT INTO `seal_color` (`color_id`, `color_name`) VALUES
(1, 'Black'),
(2, 'Blue'),
(3, 'Brown'),
(4, 'Green'),
(5, 'Gray'),
(6, 'Light Brown'),
(7, 'Light Green'),
(8, 'Orange'),
(9, 'Pink'),
(10, 'Red'),
(11, 'Silver'),
(12, 'Sky Blue'),
(13, 'Violet'),
(14, 'Yellow'),
(15, 'White');

-- --------------------------------------------------------

--
-- Table structure for table `seal_delivery_notes`
--

CREATE TABLE `seal_delivery_notes` (
  `seal_delivery_note_id` int(11) NOT NULL,
  `location_id` int(11) DEFAULT NULL,
  `send_date` date NOT NULL,
  `no_bags` int(4) NOT NULL,
  `no_seals` int(11) DEFAULT NULL,
  `sender_name` varchar(50) DEFAULT NULL,
  `mode_of_transport` varchar(50) NOT NULL,
  `transport_name` varchar(50) DEFAULT NULL,
  `ref_no` varchar(50) DEFAULT NULL,
  `receive_date` date DEFAULT NULL,
  `receive_by` varchar(50) DEFAULT NULL,
  `receive_bags` int(4) DEFAULT '0',
  `difference_bags` int(4) DEFAULT '0',
  `status` int(1) DEFAULT '0' COMMENT '0=Pending, 1=Received',
  `updated_on` timestamp NOT NULL DEFAULT CURRENT_TIMESTAMP,
  `updated_by` varchar(50) DEFAULT NULL,
  `scan_copy` varchar(100) DEFAULT NULL,
  `seal_start` varchar(20) DEFAULT NULL,
  `seal_end` varchar(20) DEFAULT NULL
) ENGINE=InnoDB DEFAULT CHARSET=latin1;

--
-- Dumping data for table `seal_delivery_notes`
--

INSERT INTO `seal_delivery_notes` (`seal_delivery_note_id`, `location_id`, `send_date`, `no_bags`, `no_seals`, `sender_name`, `mode_of_transport`, `transport_name`, `ref_no`, `receive_date`, `receive_by`, `receive_bags`, `difference_bags`, `status`, `updated_on`, `updated_by`, `scan_copy`, `seal_start`, `seal_end`) VALUES
(3, 4, '2017-06-21', 5, 10000, 'Khangararam Dewasi', 'Transport', 'Lalji Mulji Transport Co.', '20405366', '2017-06-26', 'Banti Jain', 2, 3, 1, '2017-06-24 00:40:36', 'Tejas Patel', '20170623172600_20405410.jpg', 'AQ08001', 'AQ18000'),
(4, 4, '2017-06-23', 5, 10000, 'Khangararam Dewasi', 'Transport', 'Lalji Mulji Transport Co.', '20405410', '2017-07-01', 'Arvind Sharma', 5, 0, 1, '2017-06-24 00:51:10', 'SCS Seal', '20170623175109_20405410.jpg', 'AQ18001', 'AQ28000'),
(5, 6, '2017-06-26', 5, 10000, 'khangararam', 'Transport', 'Lalji Mulji Transport Co.', '20405434', '2017-07-04', 'Arvind Sharma', 5, 0, 1, '2017-06-27 22:24:06', 'SCS Seal', '20170627152406_20405434.jpg', 'AQ28001', 'AQ38000'),
(7, 4, '2017-06-28', 4, 8000, 'khangararam', 'Transport', 'Lalji Mulji Transport Co.', '20405452', '2017-07-04', 'Arvind Sharma', 4, 0, 1, '2017-06-29 18:29:40', 'SCS Seal', '20170629112939_20405452.jpg', 'AQ38001', 'AQ48000'),
(8, 4, '2017-06-30', 4, 8000, 'khangararam', 'Transport', 'Falcon Cargo', '1/89995', '2017-07-06', 'Arvind Sharma', 4, 0, 1, '2017-07-02 01:25:35', 'SCS Seal', '20170701182534_189995.jpg', 'AQ48001', 'AQ56000'),
(9, 8, '2017-07-01', 4, 8000, 'Jhaji', 'Transport', 'Falcon Cargo', 'no receipt ', '2017-07-04', 'Arvind Sharma', 4, 0, 1, '2017-07-05 01:22:18', 'SCS Seal', '20170704182218_no_recipt.jpg', 'AQ56001', 'AQ64000'),
(10, 4, '2017-07-05', 6, 12000, 'jhaji', 'Transport', 'Falcon Cargo', '1/90217', '2017-07-06', 'Arvind Sharma', 6, 0, 1, '2017-07-07 01:35:50', 'SCS Seal', '20170706183550_190217.jpg', 'AQ64001', 'AQ76000'),
(11, 5, '2017-07-07', 4, 8000, 'khangararam', 'Transport', 'Lalji Mulji Transport Co.', '20405518', '2017-07-11', 'Arvind Sharma', 4, 0, 1, '2017-07-07 20:33:06', 'SCS Seal', '20170707133305_20405518.jpg', 'AQ76001', 'AQ84000'),
(12, 6, '2017-07-10', 9, 18000, 'khangararam', 'Transport', 'Lalji Mulji Transport Co.', '20405545', '2017-07-15', 'Arvind Sharma', 9, 0, 1, '2017-07-11 19:15:51', 'SCS Seal', '20170711121550_20405545.jpg', 'AQ84001', 'AQ102000'),
(13, 6, '2017-07-13', 3, 6000, 'Jhaji', 'Transport', 'Falcon Cargo', '1/90926', '2017-07-15', 'Arvind Sharma', 3, 0, 1, '2017-07-16 01:21:19', 'SCS Seal', '20170715182118_190926.jpg', 'AQ102001', 'AQ108000'),
(14, 5, '2017-07-15', 4, 8000, 'khangararam', 'Transport', 'Lalji Mulji Transport Co.', '20405614', '2017-07-18', 'Arvind Sharma', 4, 0, 1, '2017-07-17 22:09:17', 'SCS Seal', '20170717150914_20405614.jpg', 'AQ108001', 'AQ116000'),
(15, 4, '2017-07-18', 7, 14000, 'jhaji', 'Transport', 'Falcon Cargo', '1/91223', '2017-07-19', 'Arvind Sharma', 7, 0, 1, '2017-07-19 01:30:59', 'SCS Seal', '20170718183058_191223.jpg', 'AQ116001', 'AQ130000'),
(16, 6, '2017-07-20', 5, 10000, 'Lalji Mulji Transport Co.', 'Transport', 'Khangarararm', '20405658', '2017-07-25', 'Arvind Sharma', 5, 0, 1, '2017-07-21 00:16:20', 'SCS Seal', '20170720171620_20405658.jpg', 'AQ130001', 'AQ140000'),
(17, 6, '2017-07-21', 10, 20000, 'khangararam', 'Transport', 'Lalji Mulji Transport Co.', '20405672', '2017-07-26', 'Arvind Sharma', 10, 0, 1, '2017-07-22 19:20:19', 'SCS Seal', '20170722122019_20405672.jpg', 'AQ140001', 'AQ160000'),
(18, 4, '2017-07-21', 20, 40000, 'khangararam', 'Transport', 'Lalji Mulji Transport Co.', '20405673', '2017-07-25', 'Arvind Sharma', 20, 0, 1, '2017-07-22 19:23:29', 'SCS Seal', '20170722122329_20405673.jpg', 'AQ160001', 'AQ200000'),
(19, 6, '2017-07-26', 5, 10000, 'khangararam', 'Transport', 'Lalji Mulji Transport Co.', '20405703', '2017-08-02', 'Arvind Sharma', 5, 0, 1, '2017-07-29 00:49:44', 'SCS Seal', '20170728174944_20405703.jpg', 'AQ210001', 'AQ220000'),
(20, 5, '2017-07-26', 5, 10000, 'khangararam', 'Transport', 'Lalji Mulji Transport Co.', '20405702', '2017-07-31', 'Arvind Sharma', 5, 0, 1, '2017-07-29 00:54:22', 'SCS Seal', '20170728175422_20405702.jpg', 'AQ200001', 'AQ210000'),
(21, 4, '2017-07-27', 7, 14000, 'khangararam', 'Transport', 'Lalji Mulji Transport Co.', '20405736', '2017-08-01', 'Arvind Sharma', 7, 0, 1, '2017-07-29 00:56:51', 'SCS Seal', '20170728175650_20405736.jpg', 'AQ220001', 'AQ234000'),
(22, 7, '2017-08-01', 5, 10000, 'khangararam', 'Transport', 'Lalji Mulji Transport Co.', '20405779', '2017-08-14', 'Arvind Sharma', 5, 0, 1, '2017-08-17 19:42:19', 'SCS Seal', '20170817124218_20405779.jpg', 'AQ244001', 'AQ254000'),
(23, 4, '2017-08-01', 5, 10000, 'khangararam', 'Transport', 'Lalji Mulji Transport Co.', '20405778', '2017-08-09', 'Arvind Sharma', 5, 0, 1, '2017-08-02 01:03:38', 'SCS Seal', '20170801180337_20405778.jpg', 'AQ234001', 'AQ244000'),
(24, 6, '2017-08-03', 9, 18000, 'khangararam', 'Transport', 'Lalji Mulji Transport Co.', '20405821', '2017-08-09', 'Arvind Sharma', 9, 0, 1, '2017-08-04 17:55:57', 'SCS Seal', '20170804105557_20405821.jpg', 'AQ254001', 'AQ272000'),
(25, 5, '2017-08-08', 3, 6000, 'khangararam', 'Transport', 'Lalji Mulji Transport Co.', '20405873', '2017-08-16', 'Arvind Sharma', 3, 0, 1, '2017-08-08 21:20:53', 'SCS Seal', '20170808142052_20405873.jpg', 'AQ282001', 'AQ288000'),
(26, 4, '2017-08-08', 5, 10000, 'khangararam', 'Transport', 'Lalji Mulji Transport Co.', '20405872', '2017-08-17', 'Arvind Sharma', 5, 0, 1, '2017-08-08 21:24:01', 'SCS Seal', '20170808142400_20405872.jpg', 'AQ272001', 'AQ280000'),
(27, 6, '2017-08-10', 8, 16000, 'khangararam', 'Transport', 'Lalji Mulji Transport Co.', '20405897', '2017-08-17', 'Arvind Sharma', 8, 0, 1, '2017-08-10 19:31:20', 'SCS Seal', '20170810123120_20405897.jpg', 'AQ288001', 'AQ304000'),
(29, 4, '2017-08-14', 6, 12000, 'khangararam', 'Transport', 'Lalji Mulji Transport Co.', '20405946', '2017-08-21', 'Arvind Sharma', 6, 0, 1, '2017-08-17 19:59:07', 'SCS Seal', '20170817125906_20405946.jpg', 'AQ304001', 'AQ316000'),
(30, 4, '2017-08-18', 6, 12000, 'khangararam', 'Transport', 'Lalji Mulji Transport Co.', '20406001', '2017-08-27', 'Arvind Sharma', 6, 0, 1, '2017-08-19 18:10:42', 'SCS Seal', '20170819111041_20406001.jpg', 'AQ316001', 'AQ328000'),
(31, 7, '2017-08-18', 7, 14000, 'khangararam', 'Transport', 'Lalji Muli Transport Co.', '20406002', '2017-08-27', 'Arvind Sharma', 7, 0, 1, '2017-08-19 18:17:04', 'SCS Seal', '20170819111704_20406002.jpg', 'AQ328001', 'AQ342000'),
(32, 5, '2017-08-18', 5, 10000, 'khangararam', 'Transport', 'Lalji Mulji Transport Co.', '20406003', '2017-08-27', 'Arvind Sharma', 5, 0, 1, '2017-08-19 18:21:21', 'SCS Seal', '20170819112121_20406003.jpg', 'AQ342001', 'AQ352000'),
(33, 4, '2017-08-28', 6, 12000, 'amindar', 'Transport', 'Lalji Mulji Transport Co.', '20406122', '2017-09-02', 'Arvind Sharma', 6, 0, 1, '2017-08-29 01:12:58', 'SCS Seal', '20170828181257_20406122.jpg', 'AQ352001', 'AQ364000'),
(34, 7, '2017-08-28', 8, 16000, 'amindar', 'Transport', 'Lalji Mulji Transport Co.', '20406123', '2017-09-09', 'Arvind Sharma', 8, 0, 1, '2017-08-29 01:15:20', 'SCS Seal', '20170828181520_20406123.jpg', 'AQ364001', 'AQ380000'),
(35, 6, '2017-08-28', 8, 16000, 'amindar', 'Transport', 'Lalji Mulji TRansport Co.', '20406124', '2017-09-02', 'Arvind Sharma', 7, 1, 1, '2017-08-29 01:17:59', 'SCS Seal', '20170828181759_20406124.jpg', 'AQ380001', 'AQ396000'),
(36, 5, '2017-09-04', 5, 10000, 'shivam', 'Transport', 'Lalji Mulji Transport Co.', '20406202', '2017-09-07', 'Arvind Sharma', 5, 0, 1, '2017-09-05 17:52:31', 'SCS Seal', '20170905105230_20406202.jpg', 'AQ396001', 'AQ406000'),
(37, 6, '2017-09-04', 10, 20000, 'shivam', 'Transport', 'lalji Mulji Transport Co.', '20406203', '2017-09-10', 'Arvind Sharma', 10, 0, 1, '2017-09-05 17:55:44', 'SCS Seal', '20170905105544_20406203.jpg', 'AQ406001', 'AQ426000'),
(38, 7, '2017-09-04', 5, 10000, 'shivam', 'Transport', 'Laji Mulji Transport Co.', '20406204', '2017-09-27', 'Rajesh Jain', 5, 0, 1, '2017-09-05 17:58:40', 'SCS Seal', '20170905105840_20406204.jpg', 'AQ426001', 'AQ436000'),
(39, 4, '2017-09-11', 5, 10000, 'shivam', 'Transport', 'Lalji Mulji Transport Co.', '20406294', '2017-09-15', 'Arvind Sharma', 5, 0, 1, '2017-09-12 19:46:56', 'SCS Seal', '20170912124653_20406294.jpg', 'AQ436001', 'AQ446000'),
(40, 6, '2017-09-11', 10, 20000, 'shivam', 'Transport', 'Lalji Mulji Transport Co.', '20406295', '2017-09-22', 'Rajesh Jain', 10, 0, 1, '2017-09-12 19:49:35', 'SCS Seal', '20170912124934_20406295.jpg', 'AQ446001', 'AQ466000'),
(41, 5, '2017-09-14', 5, 10000, 'shivam', 'Transport', 'Surya Travels', 'No Receipt', '2017-09-14', 'Arvind Sharma', 5, 0, 1, '2017-09-15 18:12:24', 'SCS Seal', '20170915111224_no_recipt.jpg', 'AQ466001', 'AQ476000'),
(42, 5, '2017-09-14', 5, 10000, 'shivam', 'Transport', 'Lalji Mulji Transport Co.', '20406372', '2017-09-20', 'Rajesh Jain', 5, 0, 1, '2017-09-15 18:14:44', 'SCS Seal', '20170915111443_20406372.jpg', 'AQ476001', 'AQ486000'),
(43, 6, '2017-09-14', 5, 10000, 'shivam', 'Transport', 'Lalji Mulji Transport Co.', '20406373', '2017-09-22', 'Rajesh Jain', 5, 0, 1, '2017-09-15 18:18:37', 'SCS Seal', '20170915111837_20406373.jpg', 'AQ486001', 'AQ496000'),
(44, 5, '2017-09-18', 7, 14000, 'khangararam', 'Transport', 'Lalji Mulji transport Co.', '20406429', '2017-09-26', 'Rajesh Jain', 7, 0, 1, '2017-09-19 00:14:07', 'SCS Seal', '20170918171407_20406429.jpg', 'AQ496001', 'AQ510000'),
(45, 4, '2017-09-18', 7, 14000, 'khangararam', 'Transport', 'Lalji Mulji Transport Co.', '20406430', '2017-09-26', 'Rajesh Jain', 7, 0, 1, '2017-09-19 00:17:07', 'SCS Seal', '20170918171706_20406430.jpg', 'AQ510001', 'AQ524000'),
(46, 4, '2017-09-22', 10, 20000, 'khangararam', 'Transport', 'lalji Mulji Transport Co.', '20406499', '2017-10-05', 'Rajesh Jain', 10, 0, 1, '2017-09-24 00:39:43', 'SCS Seal', '20170923173943_20406499.jpg', 'AQ524001', 'AQ544000'),
(47, 7, '2017-09-22', 5, 10000, 'khangararam', 'Transport', 'lalji Mulji Transport Co.', '20406500', '2017-10-04', 'Rajesh Jain', 5, 0, 1, '2017-09-24 00:42:20', 'SCS Seal', '20170923174220_20406500.jpg', 'AQ544001', 'AQ554000'),
(48, 14, '2017-09-23', 3, 6000, 'Sachin & Sushma', 'Transport', 'GARI KWE', '459518809', '2017-09-29', 'Gangadhar Swami', 3, 0, 1, '2017-09-24 01:11:39', 'SCS Seal', '20170923181138_459518809.jpg', 'AQ554001', 'AQ560000'),
(49, 5, '2017-09-28', 5, 10000, 'khangararam', 'Transport', 'lalji Mulji Transport Co.', '20406577', '2017-10-04', 'Rajesh Jain', 5, 0, 1, '2017-09-29 23:39:19', 'SCS Seal', '20170929163919_20406577.jpg', 'AQ560001', 'AQ570000'),
(50, 4, '2017-09-28', 15, 30000, 'khangararam', 'Transport', 'lalji Mulji Transport Co.', '20406578', '2017-10-05', 'Rajesh Jain', 15, 0, 1, '2017-09-29 23:48:37', 'SCS Seal', '20170929164837_20406578.jpg', 'AQ570001', 'AQ600000'),
(51, 6, '2017-09-28', 10, 20000, 'khangararam', 'Transport', 'lalji Mulji Transport Co.', '20406580', '2017-10-10', 'Rajesh Jain', 10, 0, 1, '2017-09-29 23:52:57', 'SCS Seal', '20170929165257_20406580.jpg', 'AQ600001', 'AQ620000'),
(52, 7, '2017-09-28', 5, 10000, 'khangararam', 'Transport', 'lalji Mulji Transport Co.', '20406581', '2017-10-12', 'Rajesh Jain', 5, 0, 1, '2017-09-29 23:58:47', 'SCS Seal', '20170929165847_20406581.jpg', 'AQ562001', 'AQ572000'),
(53, 12, '2017-10-02', 5, 10000, 'jhaji', 'Transport', 'surya transport', 'No Receipt', '2017-10-03', 'Gangadhar Swami', 5, 0, 1, '2017-10-05 21:47:50', 'SCS Seal', '20171005144750_no_recipt.jpg', 'AQ572001', 'AQ582000'),
(54, 6, '2017-10-11', 10, 20000, 'khangararam', 'Transport', 'lalji Mulji Transport Co.', '20406736', '2017-10-30', 'Rajesh Jain', 10, 0, 1, '2017-10-12 23:57:28', 'SCS Seal', '20171012165727_20406736.jpg', 'AQ582001', 'AQ602000'),
(55, 4, '2017-10-11', 7, 14000, 'khangararam', 'Transport', 'lalji Mulji Transport Co.', '20406737', '2017-10-31', 'Rajesh Jain', 7, 0, 1, '2017-10-13 00:00:25', 'SCS Seal', '20171012170025_20406737.jpg', 'AQ602001', 'AQ616000'),
(56, 5, '2017-10-11', 10, 20000, 'khangararam', 'Transport', 'lalji Mulji Transport Co.', '20406738', '2017-10-26', 'Rajesh Jain', 10, 0, 1, '2017-10-13 00:05:00', 'SCS Seal', '20171012170459_20406738.jpg', 'AQ616001', 'AQ636000'),
(57, 5, '2017-11-03', 15, 30000, 'khangararam', 'Transport', 'lalji Mulji Transport Co.', '20406955', '2017-11-07', 'Rajesh Jain', 15, 0, 1, '2017-11-04 00:38:43', 'SCS Seal', '20171103173843_20406955.jpg', 'AQ636001', 'AQ666000'),
(58, 6, '2017-11-03', 15, 30000, 'khangararam', 'Transport', 'lalji Mulji Transport Co.', '20406956', '2017-11-10', 'Rajesh Jain', 15, 0, 1, '2017-11-04 00:46:23', 'SCS Seal', '20171103174622_20406956.jpg', 'AQ666001', 'AQ696000'),
(59, 4, '2017-11-03', 15, 30000, 'khangararam', 'Transport', 'lalji Mulji Transport Co.', '20406957', '2017-11-10', 'Rajesh Jain', 15, 0, 1, '2017-11-04 00:51:47', 'SCS Seal', '20171103175146_20406957.jpg', 'AQ696001', 'AQ726000'),
(60, 7, '2017-11-03', 5, 10000, 'khangararam', 'Transport', 'lalji Mulji Transport Co.', '20406958', '2017-11-11', 'Rajesh Jain', 5, 0, 1, '2017-11-04 00:54:23', 'SCS Seal', '20171103175423_20406958.jpg', 'AQ726001', 'AQ736000'),
(61, 15, '2017-11-10', 6, 12000, 'jhaji', 'Transport', 'Vijay Laxmi Transport Carriers', '69452', '2017-11-28', 'Rajesh Jain', 6, 0, 1, '2017-11-16 20:05:05', 'SCS Seal', '20171116130504_69452.jpg', 'AQ736001', 'AQ748000'),
(62, 6, '2017-11-14', 12, 24000, 'khangararam', 'Transport', 'lalji Mulji Transport Co.', '20407091', '2017-11-20', 'Rajesh Jain', 12, 0, 1, '2017-11-16 20:25:00', 'SCS Seal', '20171116132459_20407091.jpg', 'AQ748001', 'AQ772000'),
(63, 4, '2017-11-14', 10, 20000, 'khangararam', 'Transport', 'lalji Mulji Transport Co.', '20407092', '2017-11-28', 'Rajesh Jain', 10, 0, 1, '2017-11-16 20:29:14', 'SCS Seal', '20171116132913_20407092.jpg', 'AQ772001', 'AQ792000'),
(64, 5, '2017-11-14', 10, 20000, 'khangararam', 'Transport', 'lalji Mulji Transport Co.', '20407093', '2017-11-20', 'Rajesh Jain', 10, 0, 1, '2017-11-16 20:31:38', 'SCS Seal', '20171116133138_20407093.jpg', 'AQ792001', 'AQ812000'),
(65, 15, '2017-12-03', 10, 20000, 'jhaji', 'Transport', 'Surya Travels', 'No Receipt', '2017-12-08', 'Rajesh Jain', 10, 0, 1, '2017-12-05 18:47:25', 'SCS Seal', '20171205114725_no_recipt.jpg', 'AQ812001', 'AQ832000'),
(66, 4, '2017-12-06', 15, 30000, 'khangararm', 'Transport', 'Lalji Mulji Transport Co.', '20407353', '2017-12-11', 'Rajesh Jain', 15, 0, 1, '2017-12-06 23:26:36', 'SCS Seal', '20171206162633_20407353.jpg', 'AQ832001', 'AQ862000'),
(67, 4, '2017-12-22', 10, 20000, 'khangararm', 'Transport', 'Lalji Mulji Transport Co', '20407581', '2017-12-28', 'Rajesh Jain', 10, 0, 1, '2017-12-23 00:36:20', 'SCS Seal', '20171222173619_20407581.jpg', 'AQ862001', 'AQ882000'),
(68, 6, '2017-12-22', 6, 12000, 'khangararm', 'Transport', 'Lalji Mulji Transport Co', '20407582', '2017-12-26', 'Rajesh Jain', 6, 0, 1, '2024-05-20 21:46:01', 'SCS Seal', '20171222174024_20407582.jpg', 'AQ882001', 'AQ894000'),
(69, 15, '2017-12-23', 10, 20000, 'Ranchhod', 'Transport', 'Vijay Laxmi Transport Carriers', '69941', '2017-12-28', 'Arvind Sharma', 10, 0, 1, '2017-12-25 19:07:18', 'SCS Seal', '20171225120717_69941.jpg', 'AQ894001', 'AQ914000'),
(70, 4, '2018-01-05', 7, 14000, 'jhaji', 'Transport', 'Eagle Travel Agency', '1064', '2018-01-08', 'Rajesh Jain', 7, 0, 1, '2018-01-09 23:47:35', 'SCS Seal', '20180109164735_1064.jpg', 'AQ914001', 'AQ928000'),
(71, 4, '2018-01-06', 7, 14000, 'Jintendra', 'Transport', 'Eagle Travel Agency', '10831', '2018-01-10', 'Arvind Sharma', 7, 0, 1, '2018-01-09 23:50:26', 'SCS Seal', '20180109165025_10831.jpg', 'AQ928001', 'AQ942000'),
(72, 6, '2018-01-09', 7, 14000, 'khangararm', 'Transport', 'Lalji Mulji Transport', '20407798', '2018-01-10', 'Arvind Sharma', 7, 0, 1, '2018-01-09 23:53:10', 'SCS Seal', '20180109165309_20407798.jpg', 'AQ942001', 'AQ956000'),
(73, 15, '2018-01-11', 9, 18000, 'jhaji', 'Transport', 'Vijay Laxmi Transport Carriers', '70176', '2018-01-17', 'Rajesh Jain', 9, 0, 1, '2018-01-13 22:31:26', 'SCS Seal', '20180113153123_70176.jpg', 'AQ956001', 'AQ974000'),
(74, 4, '2018-01-15', 7, 14000, 'jhaji', 'Transport', 'Eagle Travel Agency', '10929', '2018-01-15', 'Rajesh Jain', 7, 0, 1, '2018-01-15 22:19:35', 'SCS Seal', '20180115151934_10929.jpg', 'AQ974001', 'AQ988000'),
(75, 6, '2018-01-16', 8, 16000, 'khangararm', 'Transport', 'Lalji Mulji Transport', '20407875', '2018-01-20', 'Rajesh Jain', 8, 0, 1, '2018-01-16 22:32:39', 'SCS Seal', '20180116153238_20407875.jpg', 'AQ988001', 'AQ1004000'),
(76, 4, '2018-01-18', 5, 10000, 'Jintendra', 'Transport', 'Falcon Cargo', '1--8226', '2018-01-20', 'Rajesh Jain', 5, 0, 1, '2018-01-20 17:14:00', 'SCS Seal', '20180120100615_18226.jpg', '0', '0'),
(77, 6, '2018-01-19', 5, 10000, 'khangararm', 'Transport', 'Lalji Mulji Transport ', '20407947', '2018-01-23', 'Rajesh Jain', 5, 0, 1, '2018-01-20 17:12:12', 'SCS Seal', '20180120101212_20407947.jpg', '0', '0'),
(78, 15, '2018-01-23', 4, 8000, 'jhaji', 'Transport', 'surya travell', 'no', '2018-01-28', 'Arvind Sharma', 4, 0, 1, '2018-01-24 00:37:15', 'SCS Seal', '20180123173715_no_recipt.jpg', '0', '0'),
(79, 6, '2018-01-23', 4, 8000, 'khangararm', 'Transport', 'Lalji Mulji Transport', '20407993', '2018-01-27', 'Rajesh Jain', 4, 0, 1, '2018-01-24 00:48:05', 'SCS Seal', '20180123174801_20407993.jpg', '0', '0'),
(80, 15, '2018-01-25', 5, 10000, 'khangararm', 'Transport', 'Vijay Laxmi Transport Carriers', '70348', '2018-01-31', 'Rajesh Jain', 5, 0, 1, '2018-01-27 18:18:44', 'SCS Seal', '20180127111844_70348.jpg', '0', '0'),
(81, 4, '2018-01-27', 9, 18000, 'khangararm', 'Transport', 'Lalji Mulji Transport', '20408051', '2018-02-01', 'Rajesh Jain', 9, 0, 1, '2024-05-20 21:46:55', 'SCS Seal', '20180127143958_20408051.jpg', '0', '0'),
(82, 15, '2018-01-29', 9, 18000, 'khangararm', 'Transport', 'Vijay Laxmi Transport ', '70375', '2018-02-03', 'Rajesh Jain', 9, 0, 1, '2018-01-31 17:17:18', 'SCS Seal', '20180131101717_70375.jpg', '0', '0'),
(83, 6, '2018-01-30', 13, 26000, 'khangararm', 'Transport', 'Lalji Mulji Transport', '20408097', '2018-02-02', 'Rajesh Jain', 13, 0, 1, '2018-02-01 00:06:37', 'SCS Seal', '20180131170633_20408097.jpg', '0', '0'),
(84, 15, '2018-02-04', 8, 16000, 'jhaji', 'Transport', 'Vijay Laxmi Transport Carriers', '70456', '2018-02-10', 'Rajesh Jain', 8, 0, 1, '2018-02-05 22:10:02', 'SCS Seal', '20180205150958_70456.jpg', '0', '0'),
(85, 4, '2018-02-07', 8, 16000, 'khangararm', 'Transport', 'Lalji Mulji Transport', '20408219', '2018-02-12', 'Rajesh Jain', 8, 0, 1, '2018-02-08 17:46:35', 'SCS Seal', '20180208104635_20408219.jpg', '0', '0'),
(86, 6, '2018-02-07', 15, 30000, 'khangararm', 'Transport', 'Lalji Mulji Transport', '20408220', '2018-02-12', 'Rajesh Jain', 15, 0, 1, '2018-02-08 17:51:09', 'SCS Seal', '20180208105109_20408220.jpg', '0', '0'),
(87, 15, '2018-02-13', 15, 30000, 'jhaji', 'Transport', 'Vijay Laxmi Transport Carriers', '70571', '2018-02-22', 'Rajesh Jain', 15, 0, 1, '2018-02-15 18:13:52', 'SCS Seal', '20180215111349_70571.jpg', '0', '0'),
(88, 4, '2018-02-17', 10, 20000, 'khangararm', 'Transport', 'Lalji Mulji Transport Co', '20408340', '2018-02-21', 'Rajesh Jain', 10, 0, 1, '2018-02-18 01:02:26', 'SCS Seal', '20180217180226_20408340.jpg', '0', '0'),
(89, 6, '2018-02-23', 10, 20000, 'khangararm', 'Transport', 'Lalji Mulji Transport', '20408408', '2018-02-27', 'Rajesh Jain', 10, 0, 1, '2018-02-24 19:41:19', 'SCS Seal', '20180224124119_20408408.jpg', '0', '0'),
(90, 15, '2018-02-23', 15, 30000, 'jhaji', 'Transport', 'Vijaylaxmi Transport Carrier', '70693', '2018-03-06', 'Rajesh Jain', 15, 0, 1, '2018-02-24 20:45:54', 'SCS Seal', '20180224134551_70693.jpg', '0', '0'),
(91, 6, '2018-03-05', 15, 30000, 'khangararm', 'Transport', 'lalji mulji transport', '20408529', '2018-03-09', 'Rajesh Jain', 15, 0, 1, '2018-03-07 18:50:11', 'SCS Seal', '20180307115008_20408529.jpg', '0', '0'),
(92, 4, '2018-03-05', 10, 20000, 'khangararm', 'Transport', 'lalju mulji transport', '20408530', '2018-03-10', 'Rajesh Jain', 10, 0, 1, '2018-03-07 18:56:39', 'SCS Seal', '20180307115638_20408530.jpg', '0', '0'),
(93, 6, '2018-03-13', 7, 14000, 'khangararm', 'Transport', 'Lalji Mulji Transport', '20408047', '2018-03-19', 'Rajesh Jain', 7, 0, 1, '2018-03-13 23:49:01', 'SCS Seal', '20180313164857_20408647.jpg', '0', '0'),
(94, 4, '2018-03-13', 7, 14000, 'khangararm', 'Transport', 'Lalji Mulji Transport', '20408648', '2018-03-16', 'Rajesh Jain', 7, 0, 1, '2018-03-13 23:51:26', 'SCS Seal', '20180313165122_20408648.jpg', '0', '0'),
(95, 15, '2018-03-14', 10, 20000, 'sonu (jhaji)', 'Transport', 'Vijay Laxmi Transport Carriers', '70882', '2018-03-24', 'Rajesh Jain', 10, 0, 1, '2018-03-17 00:27:43', 'SCS Seal', '20180316172739_70882.jpg', '0', '0'),
(96, 5, '2018-03-16', 4, 8000, 'khangararm', 'Transport', 'Lalji Mulji Transport', '20408696', '2018-03-23', 'Rajesh Jain', 4, 0, 1, '2018-03-17 00:30:36', 'SCS Seal', '20180316173035_20408696.jpg', '0', '0'),
(97, 6, '2018-03-16', 4, 8000, 'khangararm', 'Transport', 'Lalji Mulji Transport', '20408697', '2018-03-23', 'Rajesh Jain', 4, 0, 1, '2018-03-17 00:38:09', 'SCS Seal', '20180316173808_20408697.jpg', '0', '0'),
(98, 6, '2018-03-29', 19, 38000, 'khangararm', 'Transport', 'Lalji Mulji Transport', '20408876', '2018-04-03', 'Rajesh Jain', 19, 0, 1, '2018-03-29 23:20:34', 'SCS Seal', '20180329162033_20408876.jpg', '0', '0'),
(99, 6, '2018-04-07', 12, 24000, 'khangararm', 'Transport', 'Lalji Mulji Transport', '20408996', '2018-04-11', 'Rajesh Jain', 12, 0, 1, '2018-04-10 23:44:38', 'SCS Seal', '20180410164438_20408996.jpg', 'BE02001', 'BE04012'),
(100, 4, '2018-04-07', 12, 24000, 'khangararm', 'Transport', 'Lalji Mulji Transport', '20408997', '2018-04-11', 'Rajesh Jain', 12, 0, 1, '2018-04-10 23:46:08', 'SCS Seal', '20180410164608_20408997.jpg', 'BE02013', 'BE04024'),
(101, 15, '2018-05-04', 5, 10000, 'khangararm', 'Transport', 'Surya Travels', 'no receipt', '2018-05-11', 'Rajesh Jain', 5, 0, 1, '2018-05-04 19:51:09', 'SCS Seal', '20180504125109_no_recipt.jpg', 'BE050001', 'BE060001'),
(102, 4, '2018-05-04', 6, 12000, 'khangararm', 'Transport', 'Lalji Mulji Transport', '20409361', '2018-05-09', 'Rajesh Jain', 6, 0, 1, '2018-05-04 20:04:01', 'SCS Seal', '20180504130400_20409361.jpg', 'BE060001', 'BE072001'),
(103, 6, '2018-05-08', 8, 16000, 'khangararm', 'Transport', 'Lalji Mulji Transport', '20409425', '2018-05-14', 'Rajesh Jain', 8, 0, 1, '2018-05-09 18:06:01', 'SCS Seal', '20180509110600_20409425.jpg', 'BE072001', 'BE088001'),
(104, 4, '2018-05-12', 10, 20000, 'khangararm', 'Transport', 'Lalji Mulji Transport', '20409476', '2018-05-15', 'Rajesh Jain', 10, 0, 1, '2018-05-16 17:08:47', 'Gangadhar Swami', '20180514152500_20409476.jpg', 'BF000001', 'BF016001'),
(105, 6, '2018-05-12', 8, 16000, 'khangararm', 'Transport', 'Lalji Mulji Transport', '20409475', '2018-05-21', 'Rajesh Jain', 8, 0, 1, '2018-05-16 18:21:45', 'SCS Seal', '20180514153007_20409475.jpg', 'BF004001', 'BF024001'),
(106, 6, '2018-05-22', 5, 10000, 'khangararm', 'Transport', 'Lalji Mulji Transport', '20409603', '2018-05-30', 'Rajesh Jain', 5, 0, 1, '2018-05-22 22:24:48', 'SCS Seal', '20180522152447_20409603.jpg', '0', '0'),
(107, 4, '2018-05-22', 5, 10000, 'khangararm', 'Transport', 'Lalji Mulji Transport', '20409604', '2018-05-28', 'Rajesh Jain', 5, 0, 1, '2018-05-22 22:26:21', 'SCS Seal', '20180522152620_20409604.jpg', '0', '0'),
(108, 4, '2018-05-30', 6, 12000, 'khangararm', 'Transport', 'Lalji Mulji Transport', '20409676', '2018-06-04', 'Rajesh Jain', 6, 0, 1, '2018-05-30 22:44:33', 'SCS Seal', '20180530154433_20409676.jpg', '0', '0'),
(109, 6, '2018-05-30', 5, 10000, 'khangararm', 'Transport', 'Lalji Mulji Transport', '20409677', '2018-06-05', 'Rajesh Jain', 5, 0, 1, '2018-05-30 22:50:58', 'SCS Seal', '20180530155058_20409676.jpg', '0', '0'),
(110, 15, '2018-06-02', 10, 20000, 'jhaji', 'Transport', 'Vijay Laxmi Transport Carriers', '71484', '2018-06-12', 'Rajesh Jain', 10, 0, 1, '2018-06-04 23:05:36', 'SCS Seal', '20180604160532_71484.jpg', '0', 'BE04012'),
(111, 4, '2018-06-08', 10, 20000, 'jhaji', 'Transport', 'Falcon Cargo', '1/15197', '2018-06-09', 'Rajesh Jain', 10, 0, 1, '2018-06-09 21:15:31', 'SCS Seal', '20180609141531_1.15197.jpg', '0', '0'),
(112, 4, '2018-06-15', 13, 26000, 'khangararm', 'Transport', 'Falcon Bus Lines Pvt Ltd.', '1/15541', '2018-06-16', 'Rajesh Jain', 13, 0, 1, '2018-06-19 00:04:17', 'SCS Seal', '20180618170413_115541.jpg', '0', '0'),
(113, 6, '2018-06-19', 10, 20000, 'khangararm', 'Transport', 'Lalji Mulji Transport', '20409920', '2018-06-22', 'Rajesh Jain', 10, 0, 1, '2018-06-19 18:40:11', 'SCS Seal', '20180619114010_20409920.jpg', '0', '0'),
(114, 4, '2018-06-22', 10, 20000, 'khangararm', 'Transport', 'Lalji Mulji Transport', '20409981', '2018-06-29', 'Rajesh Jain', 10, 0, 1, '2018-06-23 18:45:59', 'SCS Seal', '20180623114559_20409981.jpg', '0', '0'),
(115, 6, '2018-06-27', 12, 24000, 'khangararm', 'Transport', 'Lalji Mulji Transport', '20410029', '2018-07-05', 'Rajesh Jain', 12, 0, 1, '2018-06-28 00:53:25', 'SCS Seal', '20180627175325_20410029.jpg', '0', '0'),
(116, 4, '2018-07-05', 14, 28000, 'jitendra', 'Transport', 'Falcon Cargo', '1/16551', '2018-07-06', 'Rajesh Jain', 14, 0, 1, '2018-07-07 01:19:10', 'SCS Seal', '20180706181910_116551.jpg', 'BH00001', 'BH24001'),
(117, 6, '2018-07-07', 10, 20000, 'khangararm', 'Transport', 'Lalji Mulji Transport', '20410139', '2018-07-12', 'Rajesh Jain', 10, 0, 1, '2018-07-08 00:44:00', 'SCS Seal', '20180707174400_20410139.jpg', 'BH24001', 'BH44001'),
(118, 4, '2018-07-13', 14, 28000, 'khangararm', 'Transport', 'Lalji Mulji Transport', '20410221', '2018-07-19', 'Rajesh Jain', 14, 0, 1, '2024-05-20 21:48:42', 'SCS Seal', '20180714143904_20410221.jpg', 'BH44001', 'BH72000'),
(119, 6, '2018-07-13', 10, 20000, 'khangararm', 'Transport', 'Lalji Mulji Transport', '20410222', '2018-07-18', 'Rajesh Jain', 10, 0, 1, '2018-07-14 21:55:18', 'SCS Seal', '20180714144905_20410222.jpg', 'BH72001', 'BH94000'),
(120, 4, '2018-07-21', 25, 50000, 'jhaji', 'Transport', 'Falcon Bus Lines Pvt Ltd.', '1/17356', '2018-07-23', 'Rajesh Jain', 25, 0, 1, '2018-07-24 00:45:09', 'SCS Seal', '20180723174509_117356.jpg', '0', '0'),
(121, 4, '2018-08-04', 6, 12000, 'Jitendra', 'Transport', 'Falcon Cargo', '1/18294', '2018-08-06', 'Rajesh Jain', 6, 0, 1, '2018-08-06 21:41:59', 'SCS Seal', '20180806144159_118294.jpeg', '0', '0'),
(122, 6, '2018-08-07', 6, 12000, 'khangararm', 'Transport', 'Lalji Mulji Transport', '20410499', '2018-08-13', 'Gangadhar Swami', 6, 0, 1, '2018-08-08 17:56:21', 'SCS Seal', '20180808105621_20410499.jpeg', '0', '0'),
(123, 4, '2018-08-07', 6, 12000, 'khangararm', 'Transport', 'Lalji Mulji Transport', '20410500', '2018-08-14', 'Gangadhar Swami', 6, 0, 1, '2018-08-08 17:57:11', 'SCS Seal', '20180808105711_20410500.jpeg', '0', '0'),
(124, 6, '2018-08-16', 13, 26000, 'sachin kamble', 'Transport', 'Lalji Mulji Transport', '20410600', '2018-08-23', 'Gangadhar Swami', 13, 0, 1, '2018-08-17 01:15:47', 'SCS Seal', '20180816181540_20410600.jpeg', '0', '0'),
(125, 4, '2018-08-16', 10, 26000, 'Jitendra', 'Transport', 'Falcon Bus Lines Pvt Ltd.', '1/18918', '2018-08-18', 'Gangadhar Swami', 10, 0, 1, '2018-08-17 23:19:04', 'SCS Seal', '20180817161904_118918.jpg', '0', '0'),
(126, 4, '2018-08-18', 6, 12000, 'sushma', 'Transport', 'Lalji Mulji Transport', '20410636', '2018-08-23', 'Gangadhar Swami', 6, 0, 1, '2018-08-18 22:25:54', 'SCS Seal', '20180818152553_20410636.jpeg', '0', '0'),
(127, 4, '2018-08-23', 8, 16000, 'khangararm', 'Transport', 'Lalji Mulji Transport', '20410688', '2018-08-29', 'Arvind Sharma', 8, 0, 1, '2018-08-24 18:12:02', 'SCS Seal', '20180824111201_20410688.jpeg', '0', '0'),
(128, 6, '2018-08-24', 10, 20000, 'jhaji', 'Transport', 'Lalji Mulji Transport', '20410705', '2018-08-28', 'Arvind Sharma', 10, 0, 1, '2018-08-25 18:50:14', 'SCS Seal', '20180825115014_20410705.jpeg', '0', '0'),
(129, 15, '2018-08-31', 7, 14000, 'Jitendra', 'Transport', 'Vijay Laxmi Transport Carriers', '20826', '2018-09-11', 'Rajesh Jain', 7, 0, 1, '2018-09-03 20:00:58', 'SCS Seal', '20180903130057_20826.jpeg', '0', '0'),
(130, 4, '2018-09-10', 9, 18000, 'sachin kamble', 'Transport', 'Lalji Mulji Transport', '20410897', '2018-09-20', 'Gangadhar Swami', 9, 0, 1, '2018-09-12 18:17:57', 'SCS Seal', '20180912111756_20410897.jpeg', '0', '0'),
(131, 6, '2018-09-10', 10, 20000, 'sachin kamble', 'Transport', 'Lalji Mulji Transport', '20410898', '2018-09-18', 'Gangadhar Swami', 10, 0, 1, '2018-09-12 18:20:51', 'SCS Seal', '20180912112051_20410898.jpeg', '0', '0'),
(132, 15, '2018-09-17', 10, 20000, 'jhaji', 'Transport', 'Vijay Laxmi Transport Carriers', '20992', '2018-09-23', 'Gangadhar Swami', 10, 0, 1, '2018-09-18 00:10:09', 'SCS Seal', '20180917171009_20992.jpeg', '0', '0'),
(133, 4, '2018-09-17', 10, 20000, 'jhaji', 'Transport', 'Lalji Mulji Transport', '20410987', '2018-09-24', 'Gangadhar Swami', 10, 0, 1, '2018-09-18 00:11:41', 'SCS Seal', '20180917171140_20410987.jpeg', '0', '0'),
(134, 6, '2018-09-17', 9, 18000, 'jhaji', 'Transport', 'Lalji Mulji Transport', '20410988', '2018-09-24', 'Gangadhar Swami', 9, 0, 1, '2018-09-18 00:12:52', 'SCS Seal', '20180917171252_20410988.jpeg', '0', '0'),
(135, 6, '2018-09-27', 30, 60000, 'jhaji', 'Transport', 'Lalji Mulji Transport', '20411130', '2018-10-04', 'Gangadhar Swami', 30, 0, 1, '2018-09-27 23:22:20', 'SCS Seal', '20180927162219_20411130.jpeg', '0', '0'),
(136, 15, '2018-10-04', 17, 34000, 'jhaji', 'Transport', 'Vijaylaxmi Transport Carriers', '72124', '2018-10-13', 'Gangadhar Swami', 17, 0, 1, '2018-10-05 20:59:04', 'SCS Seal', '20181005135904_72124.jpeg', '0', '0'),
(137, 4, '2018-10-10', 8, 16000, 'Jitendra', 'Transport', 'Falcon Cargo', 'No Receipt', '2018-10-15', 'Gangadhar Swami', 8, 0, 1, '2018-10-13 17:34:14', 'SCS Seal', '20181013103414_no_recipt.jpg', '0', '0'),
(138, 4, '2018-10-20', 32, 64000, 'jhaji', 'Transport', 'Lalji Mulji Transport', '20411452', '2018-10-24', 'Gangadhar Swami', 32, 0, 1, '2018-10-22 22:56:55', 'SCS Seal', '20181022155655_20411452.jpeg', '0', '0'),
(139, 6, '2018-10-29', 13, 26000, 'sachin kamble', 'Transport', 'Lalji Mulji Transport', 'LR No.20411574', '2018-11-02', 'Gangadhar Swami', 13, 0, 1, '2018-10-30 21:59:19', 'SCS Seal', '20181030145919_no_recipt.jpg', '0', '0'),
(140, 15, '2018-10-30', 15, 30000, 'jhaji', 'Transport', 'Vijay Laxmi Transport Carriers', '72442', '2018-11-11', 'Gangadhar Swami', 15, 0, 1, '2018-10-31 18:04:05', 'SCS Seal', '20181031110403_72442.jpeg', '0', '0'),
(141, 6, '2018-11-14', 14, 28000, 'shankar', 'Transport', 'Lalji Mulji Transport', '20411727', '2018-11-19', 'Gangadhar Swami', 14, 0, 1, '2018-11-14 22:43:03', 'SCS Seal', '20181114154303_20411727.jpeg', '0', '0'),
(142, 4, '2018-11-14', 14, 28000, 'shankar', 'Transport', 'Lalji Mulji Transport', '20411728', '2018-11-19', 'Gangadhar Swami', 14, 0, 1, '2018-11-14 22:44:08', 'SCS Seal', '20181114154408_20411728.jpeg', '0', '0'),
(143, 6, '2018-11-26', 12, 24000, 'shankar', 'Transport', 'Lalji Mulji Transport', '20411914', '2018-11-30', 'Gangadhar Swami', 12, 0, 1, '2018-11-27 19:17:41', 'SCS Seal', '20181127121738_20411914.jpeg', '0', '0'),
(144, 4, '2018-11-26', 15, 30000, 'shankar', 'Transport', 'Lalji Mulji Transport', '20411913', '2018-12-01', 'Gangadhar Swami', 15, 0, 1, '2018-11-27 19:18:56', 'SCS Seal', '20181127121855_20411913.jpeg', '0', '0'),
(145, 15, '2018-11-26', 15, 30000, 'jhaji', 'Transport', 'Vijay Laxmi Transport Carriers', '72672', '2018-12-04', 'Gangadhar Swami', 15, 0, 1, '2018-11-27 19:19:46', 'SCS Seal', '20181127121945_72672.jpeg', '0', '0'),
(146, 15, '2018-12-15', 23, 46000, 'shankar', 'Transport', 'Vijay Laxmi Transport Carriers', '72880', '2018-12-25', 'Gangadhar Swami', 23, 0, 1, '2018-12-16 00:56:11', 'SCS Seal', '20181215175610_72880.jpeg', '0', '0'),
(147, 4, '2019-01-07', 19, 38000, 'jhaji', 'Transport', 'Falcon Cargo', '1/27596', '2019-01-08', 'Gangadhar Swami', 19, 0, 1, '2019-01-08 22:09:12', 'SCS Seal', '20190108150912_127596.jpeg', '0', '0'),
(148, 6, '2019-01-09', 5, 10000, 'sushma', 'Transport', 'Lalji Mulji Transport', '20412485', '2019-01-16', 'Gangadhar Swami', 5, 0, 1, '2019-01-10 00:53:48', 'SCS Seal', '20190109175348_20412485.jpeg', '0', '0'),
(149, 6, '2019-01-15', 5, 10000, 'jhaji', 'Transport', 'Lalji Mulji Transport', '20412567', '2019-01-19', 'Gangadhar Swami', 5, 0, 1, '2019-01-16 20:42:30', 'SCS Seal', '20190116134229_20412567.jpeg', '0', '0'),
(150, 4, '2019-01-24', 6, 12000, 'sushma', 'Transport', 'Lalji Mulji Transport', '20412684', '2019-01-29', 'Gangadhar Swami', 6, 0, 1, '2019-01-25 01:23:42', 'SCS Seal', '20190124182342_20412684.jpeg', '0', '0'),
(151, 4, '2019-01-31', 5, 10000, 'PANDY', 'Transport', 'Lalji Mulji Transport ', '20412760', '2019-02-05', 'Gangadhar Swami', 5, 0, 1, '2019-01-31 23:38:14', 'SCS Seal', '20190131163814_20412760.jpeg', '0', '0'),
(152, 6, '2019-01-31', 5, 10000, 'PANDY', 'Transport', 'Lalji Mulji Transport ', '20412761', '2019-02-04', 'Gangadhar Swami', 5, 0, 1, '2019-01-31 23:39:49', 'SCS Seal', '20190131163949_20412761.jpeg', '0', '0'),
(153, 6, '2019-02-05', 6, 12000, 'jhaji', 'Transport', 'Lalji Mulji Transport ', '20412839', '2019-02-13', 'Gangadhar Swami', 6, 0, 1, '2019-02-06 00:53:44', 'SCS Seal', '20190205175343_20412839.jpeg', '0', '0'),
(154, 4, '2019-02-05', 6, 12000, 'jhaji', 'Transport', 'Lalji Mulji Transport ', '20412840', '2019-02-12', 'Gangadhar Swami', 6, 0, 1, '2019-02-06 00:55:55', 'SCS Seal', '20190205175555_20412840.jpeg', '0', '0'),
(155, 4, '2019-02-12', 6, 12000, 'jhaji', 'Transport', 'Lalji Mulji Transport ', '20412950', '2019-02-18', 'Gangadhar Swami', 6, 0, 1, '2019-02-13 00:54:43', 'SCS Seal', '20190212175443_20412950.jpeg', '0', '0'),
(156, 4, '2019-02-20', 7, 14000, 'sushma', 'Transport', 'Lalji Mulji Transport ', '20413055', '2019-02-25', 'Arvind Sharma', 7, 0, 1, '2019-02-21 00:41:20', 'SCS Seal', '20190220174118_20413055.jpeg', '0', '0'),
(157, 15, '2019-03-01', 4, 8000, 'jhaji', 'Transport', 'Vijay Laxmi Transport Carriers', '73730', '2019-03-07', 'Arvind Sharma', 4, 0, 1, '2019-03-02 00:22:59', 'SCS Seal', '20190301172258_73730.jpeg', '0', '0'),
(158, 4, '2019-03-18', 10, 20000, 'jhaji', 'Transport', 'Lalji Mulji Transport ', '20413388', '2019-03-23', 'Arvind Sharma', 10, 0, 1, '2019-03-18 22:00:39', 'SCS Seal', '20190318150038_20413388.jpeg', '0', '0'),
(159, 4, '2019-04-04', 16, 32000, 'jhaji', 'Transport', 'Lalji Mulji Transport ', '20413589', '2019-04-09', 'Arvind Sharma', 16, 0, 1, '2019-04-04 23:43:35', 'SCS Seal', '20190404164334_20413589.jpeg', '0', '0'),
(160, 6, '2019-04-04', 16, 32000, 'jhaji', 'Transport', 'Lalji Mulji Transport ', '20413590', '2019-04-10', 'Arvind Sharma', 16, 0, 1, '2019-04-04 23:50:17', 'SCS Seal', '20190404165016_20413590.jpeg', '0', '0'),
(161, 4, '2019-05-04', 10, 20000, 'jhaji', 'Transport', 'Lalji Mulji Transport ', '20413963', '2019-05-11', 'Arvind Sharma', 10, 0, 1, '2019-05-05 00:53:01', 'SCS Seal', '20190504175301_20413963.jpg', '0', '0'),
(162, 6, '2019-05-04', 17, 34000, 'jhaji', 'Transport', 'Lalji Mulji Transport ', '20413964', '2019-05-10', 'Arvind Sharma', 17, 0, 1, '2019-05-05 00:53:45', 'SCS Seal', '20190504175345_20413964.jpg', '0', '0'),
(163, 6, '2019-05-22', 25, 50000, 'Krishna', 'Transport', 'Lalji Mulji Transport ', '20414165', '2019-05-28', 'Arvind Sharma', 25, 0, 1, '2019-05-22 23:43:34', 'SCS Seal', '20190522164333_20414165_001.jpg', '0', '0'),
(164, 4, '2019-05-22', 10, 20000, 'Krishna', 'Transport', 'Lalji Mulji Transport ', '20414166', '2019-05-29', 'Arvind Sharma', 10, 0, 1, '2019-05-22 23:44:14', 'SCS Seal', '20190522164414_20414166_001.jpg', '0', '0'),
(165, 15, '2019-05-23', 15, 30000, 'jhaji', 'Transport', 'vijay laxmi transport carrier', '74528', '2019-06-02', 'Gangadhar Swami', 14, 1, 1, '2019-05-24 20:04:44', 'SCS Seal', '20190524130443_74528.jpg', '0', '0'),
(166, 15, '2019-06-19', 15, 30000, 'jhaji', 'Transport', 'Vijay Laxmi Transport Carriers', '74792', '2019-06-25', 'Arvind Sharma', 15, 0, 1, '2019-06-20 21:52:31', 'SCS Seal', '20190620145230_74792_001.jpg', '0', '0'),
(167, 4, '2019-06-19', 20, 40000, 'sanjay', 'Transport', 'Lalji Mulji Transport ', '20414500', '2019-06-25', 'Arvind Sharma', 20, 0, 1, '2019-06-20 21:54:23', 'SCS Seal', '20190620145422_20414500.jpg', '0', '0'),
(168, 6, '2019-06-19', 20, 40000, 'sanjay', 'Transport', 'Lalji Mulji Transport ', '20414502', '2019-06-26', 'Arvind Sharma', 20, 0, 1, '2019-06-20 21:56:07', 'SCS Seal', '20190620145606_20414502.jpg', '0', '0'),
(169, 6, '2019-06-20', 20, 40000, 'sanjay', 'Transport', 'Lalji Mulji Transport ', '20414507', '2019-06-26', 'Arvind Sharma', 20, 0, 1, '2019-06-20 21:56:47', 'SCS Seal', '20190620145646_20414507.jpg', '0', '0'),
(170, 6, '2019-08-29', 15, 30000, 'sanjay', 'Transport', 'Lalji Mulji Transport ', '20413469', '2019-09-09', 'Arvind Sharma', 15, 0, 1, '2019-08-29 23:31:45', 'SCS Seal', '20190829163145_20413469.jpg', '0', '0'),
(171, 4, '2019-08-29', 15, 30000, 'sanjay', 'Transport', 'Lalji Mulji Transport ', '20413470', '2019-09-06', 'Arvind Sharma', 14, 1, 1, '2019-08-29 23:32:34', 'SCS Seal', '20190829163233_20413470__1.jpg', '0', '0'),
(172, 6, '2019-10-14', 15, 30000, 'jhaji', 'Transport', 'Lalji Mulji Transport ', '20416097', '2019-10-18', 'Arvind Sharma', 15, 0, 1, '2019-10-15 00:13:28', 'SCS Seal', '20191014171327_20416097_001.jpg', '0', '0'),
(173, 4, '2019-10-14', 5, 10000, 'jhaji', 'Transport', 'Lalji Mulji Transport ', '20416096', '2019-10-18', 'Arvind Sharma', 5, 0, 1, '2019-10-15 00:14:42', 'SCS Seal', '20191014171442_20416096_001.jpg', '0', '0'),
(174, 4, '2019-10-23', 15, 30000, 'jhaji', 'Transport', 'Lalji Mulji Transport ', '20416232', '2019-10-30', 'Rajesh Jain', 15, 0, 1, '2019-10-24 19:36:40', 'SCS Seal', '20191024123640_20416232.jpg', '0', '0'),
(175, 6, '2019-10-23', 14, 28000, 'jhaji', 'Transport', 'Lalji Mulji Transport ', '20416233', '2019-10-30', 'Rajesh Jain', 14, 0, 1, '2019-10-24 19:37:47', 'SCS Seal', '20191024123747_20416233.jpg', '0', '0'),
(176, 5, '2019-11-12', 15, 30000, 'sanjay', 'Transport', 'Lalji Mulji Transport ', '20416434', '2019-11-18', 'Rajesh Jain', 15, 0, 1, '2019-11-12 21:11:22', 'SCS Seal', '20191112141122_20416434.jpg', '0', '0'),
(177, 7, '2019-11-12', 15, 30000, 'sanjay', 'Transport', 'Lalji Mulji Transport ', '20416432', '2019-11-19', 'Rajesh Jain', 15, 0, 1, '2019-11-12 21:12:37', 'SCS Seal', '20191112141237_20416432.jpg', '0', '0'),
(178, 6, '2019-11-12', 8, 16000, 'sanjay', 'Transport', 'Lalji Mulji Transport ', '20416433', '2019-11-15', 'Rajesh Jain', 8, 0, 1, '2019-11-12 21:15:26', 'SCS Seal', '20191112141525_20416433.jpg', '0', '0'),
(179, 5, '2019-12-05', 20, 40000, 'sanjay', 'Transport', 'Lalji Mulji Transport ', '20416780', '2019-12-09', 'Rajesh Jain', 20, 0, 1, '2019-12-05 22:07:38', 'SCS Seal', '20191205150738_20416780_001.jpg', '0', '0'),
(180, 4, '2019-12-05', 10, 20000, 'sanjay', 'Transport', 'Lalji Mulji Transport ', '20416782', '2019-12-11', 'Rajesh Jain', 10, 0, 1, '2019-12-05 22:15:22', 'SCS Seal', '20191205151522_20416782_001.jpg', '0', '0'),
(181, 7, '2019-12-05', 20, 40000, 'sanjay', 'Transport', 'Lalji Mulji Transport ', '20416781', '2019-12-11', 'Rajesh Jain', 20, 0, 1, '2019-12-05 22:16:17', 'SCS Seal', '20191205151617_20416781_001.jpg', '0', '0'),
(182, 5, '2019-12-31', 8, 16000, 'sanjay', 'Transport', 'Lalji Mulji Transport ', '20417144', '2020-01-03', 'Rajesh Jain', 8, 0, 1, '2019-12-31 21:28:49', 'SCS Seal', '20191231142846_20417144_001.jpg', '0', '0'),
(183, 4, '2019-12-31', 15, 30000, 'sanjay', 'Transport', 'Lalji Mulji Transport ', '20417140', '2020-01-03', 'Rajesh Jain', 15, 0, 1, '2019-12-31 21:30:03', 'SCS Seal', '20191231143003_20417140_001.jpg', '0', '0'),
(184, 7, '2020-01-23', 13, 26000, 'sanjay', 'Transport', 'Lalji Mulji Transport ', '20417495', '2020-01-28', 'Rajesh Jain', 13, 0, 1, '2020-01-24 00:10:18', 'SCS Seal', '20200123171017_20417495_001.jpg', '0', '0'),
(185, 7, '2020-02-03', 12, 24000, 'jhaji', 'Transport', 'Lalji Mulji Transport ', '20417642', '2020-02-08', 'Rajesh Jain', 12, 0, 1, '2020-02-04 00:48:16', 'SCS Seal', '20200203174816_20417642_001.jpg', '0', '0'),
(186, 7, '2020-02-07', 9, 18000, 'pandy', 'Transport', 'Lalji Mulji Transport ', '20417713', '2020-02-17', 'Rajesh Jain', 9, 0, 1, '2020-02-07 23:31:51', 'SCS Seal', '20200207163149_20417713_001.jpg', '0', '0'),
(187, 7, '2020-02-20', 20, 40000, 'sanjay', 'Transport', 'Lalji Mulji Transport ', '20417901', '2020-02-26', 'Rajesh Jain', 20, 0, 1, '2020-02-20 22:45:30', 'SCS Seal', '20200220154530_20417901.jpeg', '0', '0'),
(188, 4, '2020-02-20', 9, 18000, 'sanjay', 'Transport', 'Lalji Mulji Transport ', '20417902', '2020-02-28', 'Rajesh Jain', 9, 0, 1, '2020-02-20 22:46:57', 'SCS Seal', '20200220154656_20417902.jpeg', '0', '0'),
(189, 7, '2020-03-04', 10, 20000, 'sushma', 'Transport', 'Lalji Mulji Transport ', '20418089', '2020-03-12', 'Rajesh Jain', 10, 0, 1, '2020-03-04 20:20:22', 'SCS Seal', '20200304132022_20418089_001.jpg', '0', '0'),
(190, 7, '2020-03-06', 10, 20000, 'jhaji', 'Transport', 'Lalji Mulji Transport ', '20418121', '2020-03-12', 'Rajesh Jain', 10, 0, 1, '2020-03-06 23:13:29', 'SCS Seal', '20200306161329_20418121_001.jpg', '0', '0'),
(191, 7, '2020-03-17', 26, 52000, 'jhaji', 'Transport', 'Lalji Mulji Transport ', '20418260', '2020-04-29', 'Rajesh Jain', 26, 0, 1, '2020-03-17 22:01:09', 'SCS Seal', '20200317150108_20418260_001.jpg', '0', '0'),
(192, 7, '2020-06-09', 25, 50000, 'jhaji', 'Transport', 'Lalji Mulji Transport ', '20314393', '2020-06-16', 'Rajesh Jain', 25, 0, 1, '2020-06-09 23:06:57', 'SCS Seal', '20200609160657_20314393_001.jpg', '0', '0'),
(193, 7, '2020-08-06', 29, 58000, 'prakash tempo', 'Transport', 'Lalji Mulji Transport', '20316405', '2020-08-19', 'Rajesh Jain', 29, 0, 1, '2020-08-08 21:52:12', 'SCS Seal', '20200808145212_20316405.jpg', '0', '0'),
(194, 5, '2020-08-06', 15, 30000, 'prakash tempo', 'Transport', 'Lalji Mulji Transport', '20316407', '2020-08-10', 'Rajesh Jain', 15, 0, 1, '2020-08-08 21:53:27', 'SCS Seal', '20200808145327_20316407.jpg', '0', '0'),
(195, 5, '2020-09-14', 10, 20000, 'prakash tempo', 'Transport', 'Lalji Mulji Transport', '20317896', '2020-09-19', 'Rajesh Jain', 10, 0, 1, '2020-09-15 23:18:36', 'SCS Seal', '20200915161836_20317896.jpeg', '0', '0'),
(196, 7, '2020-09-14', 11, 22000, 'prakash tempo', 'Transport', 'Lalji Mulji Transport', '20317894', '2020-09-19', 'Rajesh Jain', 11, 0, 1, '2020-09-15 23:19:20', 'SCS Seal', '20200915161920_20317894.jpeg', '0', '0'),
(197, 7, '2020-10-24', 22, 44000, 'rajesh ', 'Transport', 'Lalji Mulji Transport', '20319757', '2020-11-07', 'Rajesh Jain', 22, 0, 1, '2020-10-26 21:15:44', 'SCS Seal', '20201026141544_20319757.jpg', '0', '0'),
(198, 5, '2020-10-24', 15, 30000, 'rajesh ', 'Transport', 'Lalji Mulji Transport', '20319756', '2020-11-07', 'Rajesh Jain', 15, 0, 1, '2020-10-26 21:17:11', 'SCS Seal', '20201026141711_20319756.jpg', '0', '0'),
(199, 7, '2020-11-12', 16, 32000, 'prakash tempo', 'Transport', 'Lalji Mulji Transport', '20320609', '2020-11-27', 'Rajesh Jain', 16, 0, 1, '2020-11-13 17:56:41', 'SCS Seal', '20201113105640_20320609.jpeg', '0', '0'),
(200, 5, '2020-11-12', 10, 20000, 'prakash tempo', 'Transport', 'Lalji Mulji Transport', '20320610', '2020-11-19', 'Rajesh Jain', 10, 0, 1, '2020-11-13 17:57:27', 'SCS Seal', '20201113105727_20320610.jpeg', '0', '0'),
(201, 7, '2020-12-21', 24, 48000, 'prakash tempo', 'Transport', 'Lalji Mulji Transport', '20322050', '2020-12-26', 'Rajesh Jain', 24, 0, 1, '2024-05-20 21:51:29', 'SCS Seal', '20201221163154_20322050.jpeg', '0', '0'),
(202, 5, '2020-12-21', 15, 30000, 'prakash tempo', 'Transport', 'Lalji Mulji Transport', '20322049', '2020-12-26', 'Rajesh Jain', 15, 0, 1, '2020-12-21 23:32:44', 'SCS Seal', '20201221163244_20322049.jpeg', '0', '0'),
(203, 7, '2021-02-01', 14, 28000, 'prakash tempo', 'Transport', 'Lalji Mulji Transport', '20323737', '2021-02-06', 'Rajesh Jain', 14, 0, 1, '2021-02-02 23:07:42', 'SCS Seal', '20210202160741_20323737.jpeg', '0', '0'),
(204, 5, '2021-02-01', 10, 20000, 'prakash tempo', 'Transport', 'Lalji Mulji Transport', '20323736', '2021-02-04', 'Arvind Sharma', 10, 0, 1, '2021-02-02 23:09:26', 'SCS Seal', '20210202160926_20323736.jpeg', '0', '0'),
(205, 5, '2021-03-05', 20, 40000, 'prakash tempo', 'Transport', 'Lalji Mulji Transport', '20325188', '2021-03-18', 'Rajesh Jain', 20, 0, 1, '2021-03-07 00:15:33', 'SCS Seal', '20210306171532_20325188.jpg', '0', '0'),
(206, 5, '2021-06-22', 9, 18000, 'jitendra', 'Transport', 'lalji mulji transport', '20328741', '2021-06-26', 'Rajesh Jain', 9, 0, 1, '2021-06-25 23:44:11', 'SCS Seal', '20210625164411_ee972a405dae4f189c1135a0f78f79ec.jpg', '0', '0'),
(207, 7, '2021-06-30', 10, 20000, 'prakash', 'Transport', 'lalji mulji transport', '20329044', '2021-07-07', 'Rajesh Jain', 10, 0, 1, '2021-07-01 21:17:06', 'SCS Seal', '20210701141706_20329044.jpg', '0', '0'),
(208, 5, '2021-06-30', 10, 20000, 'prakash', 'Transport', 'lalji mulji transport', '20329044', '2021-07-07', 'Rajesh Jain', 10, 0, 1, '2021-07-01 21:17:40', 'SCS Seal', '20210701141740_20329044.jpg', '0', '0'),
(209, 7, '2021-07-16', 12, 24000, 'PRAKASH', 'Transport', 'LALJI MULJI TRANSPORT', '20329626', '2021-07-24', 'Rajesh Jain', 12, 0, 1, '2021-07-16 23:01:53', 'SCS Seal', '20210716160152_20329626.jpeg', '0', '0'),
(210, 5, '2021-07-16', 15, 30000, 'PRAKASH', 'Transport', 'LALJI MULJI TRANSPORT', '20329627', '2021-07-24', 'Rajesh Jain', 15, 0, 1, '2021-07-16 23:02:28', 'SCS Seal', '20210716160228_20329627.jpeg', '0', '0'),
(211, 5, '2021-08-04', 15, 30000, 'rajesh', 'Transport', 'LALJI MULJI TRANSPORT', '20330365', '2021-08-07', 'Rajesh Jain', 15, 0, 1, '2021-08-04 23:03:40', 'SCS Seal', '20210804160336_20330365.jpeg', '0', '0'),
(212, 7, '2021-08-04', 25, 50000, 'rajesh', 'Transport', 'LALJI MULJI TRANSPORT', '20330366', '2021-08-20', 'Rajesh Jain', 25, 0, 1, '2021-08-04 23:04:33', 'SCS Seal', '20210804160432_20330366.jpeg', '0', '0'),
(213, 5, '2021-09-17', 30, 60000, 'PRAKASH', 'Transport', 'LALJI MULJI TRANSPORT', '20332139', '2021-09-29', 'Rajesh Jain', 30, 0, 1, '2021-09-21 23:32:15', 'SCS Seal', '20210921163215_20332139.jpeg', '0', '0'),
(214, 7, '2021-09-17', 32, 64000, 'PRAKASH', 'Transport', 'LALJI MULJI TRANSPORT', '20332140', '2021-09-29', 'Rajesh Jain', 32, 0, 1, '2021-09-21 23:33:52', 'SCS Seal', '20210921163352_20332140.jpeg', '0', '0'),
(215, 5, '2021-11-15', 18, 36000, 'Firoz', 'Transport', 'LALJI MULJI TRANSPORT', '20334542', '2021-11-19', 'Rajesh Jain', 18, 0, 1, '2021-11-17 22:04:56', 'SCS Seal', '20211117150456_20334542.jpeg', '0', '0'),
(216, 7, '2021-12-07', 15, 30000, 'Firoz', 'Transport', 'LALJI MULJI TRANSPORT', '20335374', '2021-12-13', 'Rajesh Jain', 15, 0, 1, '2021-12-08 21:42:17', 'SCS Seal', '20211208144216_img_20211208_112808.jpg', '0', '0'),
(217, 5, '2021-12-17', 7, 14000, 'PRAKASH', 'Transport', 'LALJI MULJI TRANSPORT', '20335791', '2021-12-21', 'Rajesh Jain', 7, 0, 1, '2021-12-20 22:32:30', 'SCS Seal', '20211220153230_scan_of_invoice_1_page0001.jpg', '0', '0'),
(218, 7, '2021-12-25', 7, 14000, 'jhaji', 'Transport', 'LALJI MULJI TRANSPORT', '20336151', '2021-12-30', 'Rajesh Jain', 7, 0, 1, '2021-12-28 23:53:15', 'SCS Seal', '20211228165314_lr_copy_page0001.jpg', '0', '0'),
(219, 6, '2021-12-30', 7, 14000, 'jhaji', 'Courier', 'LALJI MULJI TRANSPORT', '20336344', '2022-01-06', 'Rajesh Jain', 7, 0, 1, '2021-12-31 23:11:55', 'SCS Seal', '20211231161153_20336344_001.jpg', '0', '0'),
(220, 5, '2022-01-15', 12, 24000, 'Firoz', 'Transport', 'LALJI MULJI TRANSPORT', '20337034', '2022-01-24', 'Rajesh Jain', 12, 0, 1, '2022-01-20 23:29:14', 'SCS Seal', '20220120162914_20337034.jpeg', '0', '0'),
(221, 7, '2022-01-15', 20, 40000, 'Firoz', 'Transport', 'LALJI MULJI TRANSPORT', '20337035', '2022-01-24', 'Rajesh Jain', 20, 0, 1, '2022-01-20 23:31:21', 'SCS Seal', '20220120163121_20337035.jpeg', '0', '0'),
(222, 5, '2022-02-10', 9, 18000, 'Firoz', 'Transport', 'LALJI MULJI TRANSPORT', '20338053', '2022-02-15', 'Rajesh Jain', 9, 0, 1, '2022-02-15 17:22:54', 'SCS Seal', '20220215102254_20338053_001.jpg', '0', '0'),
(223, 7, '2022-02-10', 15, 30000, 'Firoz', 'Transport', 'LALJI MULJI TRANSPORT', '20338054', '2022-02-16', 'Rajesh Jain', 15, 0, 1, '2022-02-15 17:23:46', 'SCS Seal', '20220215102345_20338054.jpg', '0', '0'),
(224, 5, '2022-03-02', 15, 30000, 'firoz tempo', 'Transport', 'lalji mulji transport', '20338806', '2022-03-07', 'Rajesh Jain', 15, 0, 1, '2022-03-09 23:30:23', 'SCS Seal', '20220309163021_20338806.jpeg', '0', '0'),
(225, 7, '2022-03-02', 24, 48000, 'firoz tempo', 'Transport', 'lalji mulji transport', '20338807', '2022-03-08', 'Rajesh Jain', 24, 0, 1, '2022-03-09 23:31:51', 'SCS Seal', '20220309163151_20338807.jpeg', '0', '0'),
(226, 7, '2022-03-17', 6, 12000, 'firoz tempo', 'Transport', 'lalji mulji transport', '20339438', '2022-03-25', 'Rajesh Jain', 6, 0, 1, '2022-03-18 00:38:26', 'SCS Seal', '20220317173826_20339438_001.jpg', '0', '0'),
(227, 7, '2022-04-12', 10, 20000, 'firoz', 'Courier', 'Lalji Mulji Transport Ltd.', '20340439', '2022-04-18', 'Rajesh Jain', 10, 0, 1, '2022-04-14 17:50:50', 'SCS Seal', '20220414105049_mundra_01.jpg', '0', '0'),
(228, 5, '2022-04-14', 10, 20000, 'firoz', 'Transport', 'Lalji Mulji Transport Ltd.', '20340438', '2022-04-18', 'Rajesh Jain', 10, 0, 1, '2022-04-14 17:51:29', 'SCS Seal', '20220414105129_dahej_01.jpg', '0', '0'),
(229, 7, '2022-04-27', 8, 16000, 'jhaji', 'Transport', 'Lalji Mulji Transport Ltd.', '20341090', '2022-05-02', 'Rajesh Jain', 8, 0, 1, '2022-04-28 18:11:17', 'SCS Seal', '20220428111112_img_20220428_103452.jpg', '0', '0'),
(230, 5, '2022-05-09', 4, 8000, 'chaugule', 'Transport', 'Lalji Mulji Transport Ltd.', '20341539', '2022-05-16', 'Rajesh Jain', 4, 0, 1, '2022-05-10 18:36:05', 'SCS Seal', '20220510113603_20341539.jpeg', '0', '0'),
(231, 7, '2022-05-09', 8, 16000, 'chaugule', 'Transport', 'Lalji Mulji Transport Ltd.', '20341540', '2022-05-16', 'Rajesh Jain', 8, 0, 1, '2022-05-10 18:36:53', 'SCS Seal', '20220510113652_20341540.jpeg', '0', '0'),
(232, 5, '2022-05-21', 6, 12000, 'jamil', 'Transport', 'Lalji Mulji Transport Ltd.', '20341965', '2022-05-26', 'Rajesh Jain', 6, 0, 1, '2022-05-21 23:17:55', 'SCS Seal', '20220521161755_20341965.jpeg', '0', '0'),
(233, 7, '2022-05-21', 12, 24000, 'jamil', 'Transport', 'Lalji Mulji Transport Ltd.', '20341964', '2022-05-26', 'Rajesh Jain', 12, 0, 1, '2022-05-21 23:22:52', 'SCS Seal', '20220521162251_20341964.jpeg', '0', '0');
INSERT INTO `seal_delivery_notes` (`seal_delivery_note_id`, `location_id`, `send_date`, `no_bags`, `no_seals`, `sender_name`, `mode_of_transport`, `transport_name`, `ref_no`, `receive_date`, `receive_by`, `receive_bags`, `difference_bags`, `status`, `updated_on`, `updated_by`, `scan_copy`, `seal_start`, `seal_end`) VALUES
(234, 5, '2022-06-04', 4, 8000, 'jamil', 'Transport', 'Lalji Mulji Transport Ltd.', '20342496', '2022-06-09', 'Rajesh Jain', 4, 0, 1, '2022-06-06 19:49:03', 'SCS Seal', '20220606124903_20342496.jpeg', '0', '0'),
(235, 7, '2022-06-04', 5, 10000, 'jamil', 'Transport', 'Lalji Mulji Transport Ltd.', '20342497', '2022-06-09', 'Rajesh Jain', 5, 0, 1, '2022-06-06 19:50:01', 'SCS Seal', '20220606125000_20342497.jpeg', '0', '0'),
(236, 7, '2022-06-21', 14, 28000, 'jamil', 'Transport', 'Lalji Mulji Transport Ltd.', '20343111', '2022-06-25', 'Rajesh Jain', 14, 0, 1, '2022-06-22 18:12:37', 'SCS Seal', '20220622111237_20343111.jpeg', '0', '0'),
(237, 5, '2022-06-21', 7, 14000, 'jamil', 'Transport', 'Lalji Mulji Transport Ltd.', '20343110', '2022-06-25', 'Rajesh Jain', 7, 0, 1, '2022-06-22 18:13:40', 'SCS Seal', '20220622111338_20343110.jpeg', '0', '0'),
(238, 7, '2022-07-09', 14, 28000, 'firoz', 'Transport', 'Lalji Mulji Transport Ltd.', '20343819', '2022-07-14', 'Rajesh Jain', 14, 0, 1, '2022-07-10 00:37:52', 'SCS Seal', '20220709173751_20343819.jpeg', '0', '0'),
(239, 5, '2022-07-09', 5, 10000, 'firoz', 'Transport', 'Lalji Mulji Transport Ltd.', '20343820', '2022-07-13', 'Rajesh Jain', 5, 0, 1, '2022-07-10 00:38:58', 'SCS Seal', '20220709173858_20343820.jpeg', '0', '0'),
(240, 7, '2022-07-25', 14, 28000, 'firoz', 'Transport', 'Lalji Mulji Transport Ltd.', '20344384', '2022-07-30', 'Rajesh Jain', 14, 0, 1, '2022-07-26 17:52:41', 'SCS Seal', '20220726105240_20344384.jpeg', '0', '0'),
(241, 5, '2022-07-25', 5, 10000, 'firoz', 'Transport', 'Lalji Mulji Transport Ltd.', '20344383', '2022-07-30', 'Rajesh Jain', 5, 0, 1, '2022-07-26 17:53:31', 'SCS Seal', '20220726105330_20344383.jpeg', '0', '0'),
(242, 6, '2022-07-25', 5, 10000, 'firoz', 'Transport', 'Lalji Mulji Transport Ltd.', '20344385', '2022-08-03', 'Rajesh Jain', 5, 0, 1, '2022-07-26 17:55:23', 'SCS Seal', '20220726105523_20344385.jpeg', '0', '0'),
(243, 7, '2022-08-09', 12, 24000, 'firoz', 'Transport', 'Lalji Mulji Transport Ltd.', '20344997', '2022-08-17', 'Rajesh Jain', 12, 0, 1, '2022-08-11 01:01:32', 'SCS Seal', '20220810180129_20344997.jpeg', '0', '0'),
(244, 6, '2022-08-09', 11, 22000, 'firoz', 'Transport', 'Lalji Mulji Transport Ltd.', '20344998', '2022-08-16', 'Rajesh Jain', 11, 0, 1, '2022-08-11 01:03:10', 'SCS Seal', '20220810180309_20344998.jpeg', '0', '0'),
(245, 5, '2022-08-30', 15, 30000, 'jamil', 'Transport', 'Lalji Mulji Transport Ltd.', '20345702', '2022-09-05', 'Rajesh Jain', 15, 0, 1, '2022-08-30 21:35:09', 'SCS Seal', '20220830143509_20345702.jpeg', '0', '0'),
(246, 6, '2022-08-30', 5, 10000, 'jamil', 'Transport', 'Lalji Mulji Transport Ltd.', '20345701', '2022-09-04', 'Rajesh Jain', 5, 0, 1, '2022-08-30 21:36:02', 'SCS Seal', '20220830143602_20345701.jpeg', '0', '0'),
(247, 5, '2022-09-23', 10, 20000, 'firoz', 'Transport', 'Lalji Mulji Transport Ltd.', '20346637', '2022-09-29', 'Rajesh Jain', 10, 0, 1, '2022-09-24 22:14:20', 'SCS Seal', '20220924151419_20346637.jpeg', '0', '0'),
(248, 6, '2022-09-23', 10, 20000, 'firoz', 'Transport', 'Lalji Mulji Transport Ltd.', '20346638', '2022-09-30', 'Rajesh Jain', 10, 0, 1, '2022-09-24 22:16:40', 'SCS Seal', '20220924151640_20346638.jpeg', '0', '0'),
(249, 6, '2022-09-23', 5, 10000, 'firoz', 'Transport', 'Vijay Laxmi Transport Carriers', '81656', '2022-09-29', 'Rajesh Jain', 5, 0, 1, '2022-09-24 22:20:45', 'SCS Seal', '20220924152045_81656.jpeg', '0', '0'),
(250, 5, '2022-11-02', 9, 18000, 'firoz', 'Transport', 'Lalji Mulji Transport Ltd.', '55000693', '2022-11-10', 'Arvind Sharma', 9, 0, 1, '2022-11-09 20:58:05', 'SCS Seal', '20221109135803_55000693.jpeg', '0', '0'),
(251, 7, '2022-11-02', 5, 10000, 'firoz', 'Transport', 'Lalji Mulji Transport Ltd.', '55000694', '2022-11-11', 'Rajesh Jain', 5, 0, 1, '2022-11-09 20:58:51', 'SCS Seal', '20221109135851_55000694.jpeg', '0', '0'),
(252, 40, '2022-11-02', 7, 14000, 'firoz', 'Transport', 'Vijay Laxmi Transport Carriers', '81934', '2022-11-24', 'Arvind Sharma', 7, 0, 1, '2022-11-09 21:10:03', 'SCS Seal', '20221109141003_81934.jpeg', '0', '0'),
(253, 6, '2022-11-28', 4, 8000, 'bahadur', 'Transport', 'Lalji Mulji Transport Ltd.', '55001688', '2022-12-02', 'Rajesh Jain', 4, 0, 1, '2022-11-30 23:30:55', 'SCS Seal', '20221130163054_55001688.jpeg', '0', '0'),
(254, 7, '2022-12-09', 10, 20000, 'jamil', 'Transport', 'Lalji Mulji Transport Ltd.', '55050115', '2022-12-15', 'Rajesh Jain', 10, 0, 1, '2022-12-11 00:24:16', 'SCS Seal', '20221210172416_55050115.jpeg', '0', '0'),
(255, 5, '2022-12-09', 5, 10000, 'jamil', 'Transport', 'Lalji Mulji Transport Ltd.', '55050113', '2022-12-22', 'Rajesh Jain', 5, 0, 1, '2022-12-11 00:24:56', 'SCS Seal', '20221210172456_55050113.jpeg', '0', '0'),
(256, 6, '2022-12-09', 5, 10000, 'jamil', 'Transport', 'Lalji Mulji Transport Ltd.', '55050114', '2022-12-19', 'Rajesh Jain', 5, 0, 1, '2022-12-11 00:25:36', 'SCS Seal', '20221210172536_55050114.jpeg', '0', '0'),
(257, 7, '2023-01-04', 5, 10000, 'jamil', 'Transport', 'Lalji Mulji Transport Ltd.', '55051123', '2023-01-12', 'Rajesh Jain', 5, 0, 1, '2023-01-05 23:58:54', 'SCS Seal', '20230105165854_55051123.jpeg', '0', '0'),
(258, 6, '2023-01-04', 5, 10000, 'jamil', 'Transport', 'Lalji Mulji Transport Ltd.', '55051124', '2023-01-11', 'Rajesh Jain', 5, 0, 1, '2023-01-05 23:59:53', 'SCS Seal', '20230105165953_55051124.jpeg', '0', '0'),
(259, 6, '2023-01-04', 5, 10000, 'jamil', 'Transport', 'Lalji Mulji Transport Ltd.', '55051122', '2023-01-12', 'Rajesh Jain', 5, 0, 1, '2023-01-06 00:01:49', 'SCS Seal', '20230105170149_55051122.jpeg', '0', '0'),
(260, 14, '2023-01-04', 5, 10000, 'jamil', 'Transport', 'Lalji Mulji Transport Ltd.', '5913', '1970-01-01', 'Arvind Sharma', 5, 0, 1, '2023-01-06 00:03:12', 'SCS Seal', '20230105170312_5913.jpeg', '0', '0'),
(261, 6, '2023-02-11', 3, 6000, 'jamil', 'Transport', 'Lalji Mulji Transport Ltd.', '55072566', '2023-02-15', 'Rajesh Jain', 3, 0, 1, '2023-02-13 23:34:47', 'SCS Seal', '20230213163447_20230213_at_11.42.08.jpeg', '0', '0'),
(262, 6, '2023-02-22', 4, 8000, 'jamil', 'Transport', 'Lalji Mulji Transport Ltd.', '55072962', '2023-02-27', 'Rajesh Jain', 4, 0, 1, '2023-02-24 01:11:39', 'SCS Seal', '20230223181138_55072962.jpeg', '0', '0'),
(263, 5, '2023-02-22', 4, 8000, 'jamil', 'Transport', 'Lalji Mulji Transport Ltd.', '55072963', '2023-02-27', 'Rajesh Jain', 4, 0, 1, '2023-02-24 01:12:38', 'SCS Seal', '20230223181238_55072963.jpeg', '0', '0'),
(264, 7, '2023-03-06', 3, 6000, 'jamil', 'Transport', 'Lalji Mulji Transport Ltd.', '55073435', '2023-03-14', 'Rajesh Jain', 3, 0, 1, '2023-03-10 23:39:40', 'SCS Seal', '20230310163938_55073435_1.jpeg', '0', '0'),
(265, 5, '2023-03-06', 5, 10000, 'jamil', 'Transport', 'Lalji Mulji Transport Ltd.', '55073434', '2023-03-11', 'Rajesh Jain', 5, 0, 1, '2023-03-10 23:40:20', 'SCS Seal', '20230310164020_55073434_01.jpeg', '0', '0'),
(266, 5, '2023-03-16', 5, 10000, 'jamil', 'Transport', 'Lalji Mulji Transport Ltd.', '55073811', '2023-03-21', 'Rajesh Jain', 5, 0, 1, '2023-03-17 21:33:56', 'SCS Seal', '20230317143356_55073811.jpeg', '0', '0'),
(267, 7, '2023-03-16', 5, 10000, 'jamil', 'Transport', 'Lalji Mulji Transport Ltd.', '55073810', '2023-03-24', 'Rajesh Jain', 5, 0, 1, '2023-03-17 21:34:45', 'SCS Seal', '20230317143445_55073810.jpeg', '0', '0'),
(268, 6, '2023-03-16', 5, 10000, 'jamil', 'Transport', 'Lalji Mulji Transport Ltd.', '5507812', '2023-03-21', 'Rajesh Jain', 5, 0, 1, '2023-03-17 21:35:36', 'SCS Seal', '20230317143536_55073812.jpeg', '0', '0'),
(269, 14, '2023-03-16', 9, 18000, 'jamil', 'Transport', 'S.B.TRANS SOLUTION', '5964', '2023-03-24', 'Rajesh Jain', 9, 0, 1, '2023-03-17 21:36:32', 'SCS Seal', '20230317143632_5964.jpeg', '0', '0'),
(270, 5, '2023-03-23', 7, 14000, 'jamil', 'Transport', 'Lalji Mulji Transport Ltd.', '55074023', '2023-04-03', 'Rajesh Jain', 7, 0, 1, '2023-03-24 23:56:49', 'SCS Seal', '20230324165649_55074026.jpeg', '0', '0'),
(271, 7, '2023-03-23', 7, 14000, 'jamil', 'Transport', 'Lalji Mulji Transport Ltd.', '55074025', '2023-04-03', 'Rajesh Jain', 7, 0, 1, '2023-03-24 23:57:36', 'SCS Seal', '20230324165736_55074025.jpeg', '0', '0'),
(272, 7, '2023-03-30', 7, 14000, 'jamil', 'Transport', 'Lalji Mulji Transport Ltd.', '55074324', '2023-04-11', 'Rajesh Jain', 7, 0, 1, '2023-04-01 18:00:56', 'SCS Seal', '20230401110055_55074324.jpeg', '0', '0'),
(273, 14, '2023-04-12', 10, 20000, 'jamil', 'Transport', 'S.B.TRANS SOLUTION', '5749', '2023-04-28', 'Rajesh Jain', 10, 0, 1, '2023-04-14 00:09:13', 'SCS Seal', '20230413170913_5749.jpeg', '0', '0'),
(274, 7, '2023-04-12', 10, 20000, 'jamil', 'Transport', 'Lalji Mulji Transport Ltd.', '55074739', '2023-04-20', 'Rajesh Jain', 10, 0, 1, '2023-04-14 00:07:28', 'SCS Seal', '20230413170727_55074739.jpeg', '0', '0'),
(275, 5, '2023-04-12', 5, 10000, 'jamil', 'Transport', 'Lalji Mulji Transport Ltd.', '55074740', '2023-04-20', 'Rajesh Jain', 5, 0, 1, '2023-04-14 00:08:57', 'SCS Seal', '20230413170857_55074740.jpeg', '0', '0'),
(276, 5, '2023-04-28', 3, 6000, 'jamil', 'Transport', 'Lalji Mulji Transport Ltd.', '55075374', '2023-05-07', 'Rajesh Jain', 3, 0, 1, '2023-05-04 00:51:44', 'SCS Seal', '20230503175141_55075374.jpeg', '0', '0'),
(277, 7, '2023-04-28', 7, 14000, 'jamil', 'Transport', 'Lalji Mulji Transport Ltd.', '55075375', '2023-05-08', 'Arvind Sharma', 7, 0, 1, '2023-05-04 00:52:42', 'SCS Seal', '20230503175242_55075375.jpeg', '0', '0'),
(278, 7, '2023-05-15', 13, 26000, 'jamil', 'Transport', 'Lalji Mulji Transport Ltd.', '55075919', '2023-05-22', 'Rajesh Jain', 13, 0, 1, '2023-05-17 00:51:33', 'SCS Seal', '20230516175132_55075919.jpeg', '0', '0'),
(279, 5, '2023-05-15', 13, 26000, 'jamil', 'Transport', 'Lalji Mulji Transport Ltd.', '55075918', '2023-05-20', 'Rajesh Jain', 13, 0, 1, '2023-05-17 00:52:13', 'SCS Seal', '20230516175213_55075918.jpeg', '0', '0'),
(280, 5, '2023-05-29', 6, 12000, 'jamil', 'Transport', 'Lalji Mulji Transport Ltd.', '55018407', '2023-06-07', 'Rajesh Jain', 6, 0, 1, '2023-05-30 23:28:17', 'SCS Seal', '20230530162817_55018407.jpeg', '0', '0'),
(281, 7, '2023-05-29', 6, 12000, 'jamil', 'Transport', 'Lalji Mulji Transport Ltd.', '55018406', '2023-06-04', 'Rajesh Jain', 6, 0, 1, '2023-05-30 23:29:15', 'SCS Seal', '20230530162915_55018407.jpeg', '0', '0'),
(282, 14, '2023-05-29', 5, 10000, 'jamil', 'Transport', 'SARASWATI LOGISTICS & CARGO', '1656', '2023-06-08', 'Rajesh Jain', 5, 0, 1, '2023-05-30 23:30:23', 'SCS Seal', '20230530163023_1656.jpeg', '0', '0'),
(283, 5, '2023-06-13', 5, 10000, 'jamil', 'Transport', 'Lalji Mulji Transport Ltd.', '55018938', '2023-06-23', 'Rajesh Jain', 5, 0, 1, '2023-06-15 18:38:46', 'SCS Seal', '20230615113845_55018938.jpeg', '0', '0'),
(284, 7, '2023-06-13', 11, 22000, 'jamil', 'Transport', 'Lalji Mulji Transport Ltd.', '55018937', '2023-06-22', 'Rajesh Jain', 11, 0, 1, '2023-06-15 18:39:39', 'SCS Seal', '20230615113938_55018937.jpeg', '0', '0'),
(285, 6, '2023-06-13', 10, 20000, 'jamil', 'Transport', 'Lalji Mulji Transport Ltd.', '55018936', '2023-06-22', 'Rajesh Jain', 10, 0, 1, '2023-06-15 18:41:31', 'SCS Seal', '20230615114130_55018936.jpeg', '0', '0'),
(286, 7, '2023-06-20', 4, 8000, 'jamil', 'Transport', 'Lalji Mulji Transport Ltd.', '55019197', '2023-06-30', 'Rajesh Jain', 4, 0, 1, '2023-06-22 23:14:48', 'SCS Seal', '20230622161446_55019197.jpeg', '0', '0'),
(287, 14, '2023-06-20', 6, 12000, 'jamil', 'Transport', 'SARASWATI LOGISTICS & CARGO', '2399', '2023-06-30', 'Rajesh Jain', 6, 0, 1, '2023-06-22 23:15:35', 'SCS Seal', '20230622161535_2399.jpeg', '0', '0'),
(288, 7, '2023-07-14', 11, 22000, 'jamil', 'Transport', 'Lalji Mulji Transport Ltd.', '55170082', '2023-07-27', 'Rajesh Jain', 11, 0, 1, '2023-07-18 00:35:07', 'SCS Seal', '20230717173507_55170082.jpeg', '0', '0'),
(289, 5, '2023-07-14', 5, 10000, 'jamil', 'Transport', 'Lalji Mulji Transport Ltd.', '55170083', '2023-07-20', 'Rajesh Jain', 5, 0, 1, '2023-07-18 00:35:59', 'SCS Seal', '20230717173559_55170083.jpeg', '0', '0'),
(290, 14, '2023-07-14', 5, 10000, 'jamil', 'Transport', 'SARASWATI LOGISTICS & CARGO', '2451', '2023-07-22', 'Rajesh Jain', 5, 0, 1, '2023-07-18 00:36:41', 'SCS Seal', '20230717173641_2451.jpeg', '0', '0'),
(291, 5, '2023-08-03', 6, 12000, 'jamil', 'Transport', 'Lalji Mulji Transport Ltd.', '55170790', '2023-08-17', 'Harshit Jain', 6, 0, 1, '2023-08-05 18:56:55', 'SCS Seal', '20230805115655_55170790.jpeg', '0', '0'),
(292, 7, '2023-08-03', 14, 28000, 'jamil', 'Transport', 'Lalji Mulji Transport Ltd.', '55170791', '2023-08-16', 'Harshit Jain', 14, 0, 1, '2023-08-05 18:57:38', 'SCS Seal', '20230805115737_55170791.jpeg', '0', '0'),
(293, 14, '2023-08-03', 5, 10000, 'jamil', 'Transport', 'SARASWATI LOGISTICS & CARGO', '2494', '2023-08-07', 'Arvind Sharma', 5, 0, 1, '2023-08-05 18:58:19', 'SCS Seal', '20230805115817_2494.jpeg', '0', '0'),
(294, 5, '2023-09-15', 13, 26000, 'jamil', 'Transport', 'Lalji Mulji Transport Ltd.', '55212295', '2023-09-19', 'Harshit Jain', 13, 0, 1, '2023-09-18 17:15:15', 'SCS Seal', '20230918101513_55212295.jpeg', '0', '0'),
(295, 14, '2023-09-15', 4, 8000, 'jamil', 'Transport', 'SAI KAILASH TRANSPORT CARRIERS', '14249', '2023-09-23', 'Harshit Jain', 4, 0, 1, '2023-09-18 17:16:30', 'SCS Seal', '20230918101628_14249.jpeg', '0', '0'),
(296, 6, '2023-09-15', 4, 8000, 'jamil', 'Transport', 'SAI KAILASH TRANSPORT CARRIERS', '14248', '2023-10-07', 'Arvind Sharma', 4, 0, 1, '2023-09-18 17:17:52', 'SCS Seal', '20230918101750_14248.jpeg', '0', '0'),
(297, 7, '2023-10-14', 10, 20000, 'jamil', 'Transport', 'Lalji Mulji Transport Ltd.', '55213410', '2023-10-21', 'Arvind Sharma', 10, 0, 1, '2024-05-20 21:42:55', 'SCS Seal', '20231017133327_55213410.jpeg', '0', '0'),
(298, 5, '2023-10-14', 11, 22000, 'jamil', 'Transport', 'Lalji Mulji Transport Ltd.', '55213409', '2023-10-19', 'Arvind Sharma', 11, 0, 1, '2023-10-17 20:34:09', 'SCS Seal', '20231017133409_55213409.jpeg', '0', '0'),
(299, 7, '2023-11-04', 9, 18000, 'jamil', 'Transport', 'Lalji Mulji Transport Ltd.', '55244216', '2023-11-11', 'Arvind Sharma', 9, 0, 1, '2023-11-08 00:15:32', 'SCS Seal', '20231107171531_55244216.jpeg', '0', '0'),
(300, 5, '2023-11-04', 10, 20000, 'jamil', 'Transport', 'Lalji Mulji Transport Ltd.', '55244217', '2023-11-08', 'Arvind Sharma', 10, 0, 1, '2023-11-08 00:16:20', 'SCS Seal', '20231107171620_55244217.jpeg', '0', '0'),
(301, 12, '2023-11-25', 4, 8000, 'JHAJI', 'Transport', 'BUS', 'NO RECEIPT', '1970-01-01', 'Arvind Sharma', 4, 0, 1, '2023-11-27 19:04:54', 'SCS Seal', '20231127120451_1656.jpeg', '0', '0'),
(302, 5, '2023-11-30', 5, 10000, 'jamil', 'Transport', 'Lalji Mulji Transport Ltd.', '55244901', '1970-01-01', 'Arvind Sharma', 4, 1, 1, '2023-12-01 23:30:52', 'SCS Seal', '20231201163050_55244901.jpeg', '0', '0'),
(303, 7, '2023-11-30', 3, 6000, 'jamil', 'Transport', 'Lalji Mulji Transport Ltd.', '55244902', '2023-12-10', 'Arvind Sharma', 3, 0, 1, '2023-12-01 23:31:45', 'SCS Seal', '20231201163144_55244902.jpeg', '0', '0'),
(304, 5, '2023-12-07', 3, 6000, 'jamil', 'Transport', 'Lalji Mulji Transport Ltd.', '55245155', '1970-01-01', 'Arvind Sharma', 3, 0, 1, '2023-12-08 23:25:07', 'SCS Seal', '20231208162505_55245155.jpeg', '0', '0'),
(305, 7, '2023-12-07', 3, 6000, 'jamil', 'Transport', 'Lalji Mulji Transport Ltd.', '55245154', '1970-01-01', 'Arvind Sharma', 3, 0, 1, '2023-12-08 23:25:45', 'SCS Seal', '20231208162545_55245154.jpeg', '0', '0'),
(306, 5, '2023-12-14', 3, 6000, 'jamil', 'Transport', 'Lalji Mulji Transport Ltd.', '55245384', '1970-01-01', 'Arvind Sharma', 3, 0, 1, '2023-12-16 00:52:54', 'SCS Seal', '20231215175253_55245384.jpeg', '0', '0'),
(307, 7, '2023-12-14', 3, 6000, 'jamil', 'Transport', 'Lalji Mulji Transport Ltd.', '55245383', '2023-12-20', 'Arvind Sharma', 3, 0, 1, '2023-12-16 00:53:34', 'SCS Seal', '20231215175334_55245383.jpeg', '0', '0'),
(308, 7, '2023-12-21', 4, 8000, 'JHAJI', 'Transport', 'Lalji Mulji Transport Ltd.', '55245590', '2023-12-27', 'Arvind Sharma', 4, 0, 1, '2024-05-20 21:42:29', 'SCS Seal', '20231221174240_55245590.jpeg', '0', '0'),
(309, 12, '2023-12-21', 4, 8000, 'JHAJI', 'Transport', 'BUS', 'bus (no receipt)', '2023-12-22', 'Arvind Sharma', 4, 0, 1, '2024-05-20 21:42:11', 'SCS Seal', '20231221174412_55245590.jpeg', '0', '0'),
(310, 7, '2023-12-26', 5, 10000, 'jamil', 'Transport', 'Lalji Mulji Transport Ltd.', '55245737', '2024-01-02', 'Arvind Sharma', 5, 0, 1, '2023-12-27 22:56:01', 'SCS Seal', '20231227155601_55245737.jpeg', '0', '0'),
(311, 12, '2023-12-27', 5, 10000, 'JHAJI', 'Transport', 'BUS', 'NO RECEIPT', '2024-01-01', 'Arvind Sharma', 5, 0, 1, '2023-12-27 22:56:38', 'SCS Seal', '20231227155638_55245737.jpeg', '0', '0'),
(312, 14, '2023-12-26', 10, 20000, 'jamil', 'Transport', 'S.B.TRANS SOLUTION', '6501', '1970-01-01', 'Arvind Sharma', 10, 0, 1, '2023-12-27 22:57:13', 'SCS Seal', '20231227155713_6501.jpeg', '0', '0'),
(313, 7, '2024-01-03', 4, 8000, 'jamil', 'Transport', 'Lalji Mulji Transport Ltd.', '55245991', '2024-01-08', 'Arvind Sharma', 4, 0, 1, '2024-01-04 22:52:24', 'SCS Seal', '20240104155224_55245991.jpeg', '0', '0'),
(314, 5, '2024-01-03', 4, 8000, 'jamil', 'Transport', 'Lalji Mulji Transport Ltd.', '55245990', '2024-01-08', 'Arvind Sharma', 4, 0, 1, '2024-01-04 22:53:07', 'SCS Seal', '20240104155307_55245990.jpeg', '0', '0'),
(315, 5, '2024-01-09', 3, 6000, 'JHAJI', 'Transport', 'Lalji Mulji Transport Ltd.', '55252187', '2024-01-17', 'Arvind Sharma', 3, 0, 1, '2024-01-09 22:04:57', 'SCS Seal', '20240109150457_55252187.jpeg', '0', '0'),
(316, 7, '2024-01-09', 3, 6000, 'JHAJI', 'Transport', 'Lalji Mulji Transport Ltd.', '55252188', '2024-01-17', 'Arvind Sharma', 3, 0, 1, '2024-01-09 22:05:29', 'SCS Seal', '20240109150529_55252188.jpeg', '0', '0'),
(317, 12, '2024-01-09', 5, 10000, 'JHAJI', 'Transport', 'BUS', 'NO RECEIPT', '2024-01-10', 'Arvind Sharma', 5, 0, 1, '2024-01-09 22:11:30', 'SCS Seal', '20240109151130_noreceipt.jpg', '0', '0'),
(318, 7, '2024-01-15', 5, 10000, 'jamil', 'Transport', 'Lalji Mulji Transport Ltd.', '55252431', '2024-01-20', 'Arvind Sharma', 5, 0, 1, '2024-01-17 23:12:21', 'SCS Seal', '20240117161221_55252431.jpeg', '0', '0'),
(319, 5, '2024-01-15', 4, 8000, 'jamil', 'Transport', 'Lalji Mulji Transport Ltd.', '55252430', '2024-01-20', 'Arvind Sharma', 4, 0, 1, '2024-01-17 23:13:09', 'SCS Seal', '20240117161309_55252430.jpeg', '0', '0'),
(320, 5, '2024-01-24', 3, 6000, 'JHAJI', 'Transport', 'Lalji Mulji Transport Ltd.', '55252705', '2024-01-29', 'Arvind Sharma', 3, 0, 1, '2024-01-24 23:35:11', 'SCS Seal', '20240124163509_55252705.jpeg', '0', '0'),
(321, 7, '2024-01-24', 2, 10000, 'JHAJI', 'Transport', 'Lalji Mulji Transport Ltd.', '55252706', '2024-01-29', 'Arvind Sharma', 2, 0, 1, '2024-01-24 23:35:49', 'SCS Seal', '20240124163549_55252706.jpeg', '0', '0'),
(322, 12, '2024-01-24', 4, 8000, 'JHAJI', 'Transport', 'BUS', 'NO RECEIPT', '2024-01-25', 'Arvind Sharma', NULL, 4, 1, '2024-01-24 23:37:06', 'SCS Seal', '20240124163706_noreceipt.jpg', '0', '0'),
(323, 12, '2024-02-04', 5, 10000, 'JHAJI', 'Transport', 'BUS', 'bus', '2024-02-05', 'Arvind Sharma', 5, 0, 1, '2024-02-08 23:08:20', 'SCS Seal', '20240208160820_noreceipt.jpg', '0', '0'),
(324, 7, '2024-02-05', 3, 6000, 'jamil', 'Transport', 'Lalji Mulji Transport Ltd.', '55253103', '2024-02-10', 'Arvind Sharma', 3, 0, 1, '2024-02-08 23:08:58', 'SCS Seal', '20240208160857_55253103.jpeg', '0', '0'),
(325, 5, '2024-02-05', 3, 6000, 'jamil', 'Transport', 'Lalji Mulji Transport Ltd.', '55253102', '2024-02-10', 'Arvind Sharma', 3, 0, 1, '2024-02-08 23:09:40', 'SCS Seal', '20240208160940_55253102.jpeg', '0', '0'),
(326, 12, '2024-02-13', 7, 14000, 'JHAJI', 'Transport', 'BUS', 'NO RECEIPT', '1970-01-01', 'Arvind Sharma', 7, 0, 1, '2024-02-15 18:33:04', 'SCS Seal', '20240215113304_noreceipt.jpg', '0', '0'),
(327, 7, '2024-02-20', 5, 10000, 'jamil', 'Transport', 'Lalji Mulji Transport Ltd.', '55253672', '2024-02-24', 'Arvind Sharma', 5, 0, 1, '2024-02-21 23:43:11', 'SCS Seal', '20240221164311_55253672.jpeg', '0', '0'),
(328, 5, '2024-02-20', 8, 16000, 'jamil', 'Transport', 'Lalji Mulji Transport Ltd.', '55253673', '2024-02-26', 'Arvind Sharma', 8, 0, 1, '2024-02-21 23:44:19', 'SCS Seal', '20240221164419_55253673.jpeg', '0', '0'),
(329, 14, '2024-02-20', 7, 14000, 'jamil', 'Transport', 'SARASWATI LOGISTICS & CARGO', '1141', '2024-02-24', 'Arvind Sharma', 7, 0, 1, '2024-02-21 23:45:22', 'SCS Seal', '20240221164521_1141.jpeg', '0', '0'),
(330, 12, '2024-02-21', 5, 10000, 'JHAJI', 'Transport', 'BUS', 'NO RECEIPT', '2024-02-26', 'Arvind Sharma', 5, 0, 1, '2024-02-21 23:46:33', 'SCS Seal', '20240221164633_noreceipt.jpg', '0', '0'),
(331, 7, '2024-02-20', 4, 8000, 'jamil', 'Transport', 'SARASWATI LOGISTICS & CARGO', '1140(Singrali UP)', '2024-02-26', 'Arvind Sharma', 4, 0, 1, '2024-02-21 23:48:53', 'SCS Seal', '20240221164853_1140.jpeg', '0', '0'),
(332, 7, '2024-02-29', 7, 14000, 'jamil', 'Transport', 'Lalji Mulji Transport Ltd.', '55256007', '2024-03-13', 'Arvind Sharma', 7, 0, 1, '2024-03-05 18:00:55', 'SCS Seal', '20240305110055_55256007.jpeg', '0', '0'),
(333, 5, '2024-02-29', 4, 8000, 'jamil', 'Transport', 'Lalji Mulji Transport Ltd.', '55256008', '2024-03-13', 'Arvind Sharma', 4, 0, 1, '2024-03-05 18:01:33', 'SCS Seal', '20240305110133_55256008.jpeg', '0', '0'),
(334, 6, '2024-02-29', 7, 14000, 'jamil', 'Transport', 'Lalji Mulji Transport Ltd.', '55256009', '2024-03-11', 'Arvind Sharma', 7, 0, 1, '2024-03-05 18:04:37', 'SCS Seal', '20240305110436_55256009.jpeg', '0', '0'),
(335, 12, '2024-03-01', 6, 12000, 'JHAJI', 'Transport', 'BUS', 'NO RECEIPT', '2024-03-09', 'Arvind Sharma', 6, 0, 1, '2024-03-05 18:05:24', 'SCS Seal', '20240305110524_noreceipt.jpg', '0', '0'),
(336, 7, '2024-03-16', 6, 12000, 'jamil', 'Transport', 'Lalji Mulji Transport Ltd.', '55256582', '2024-03-26', 'Arvind Sharma', 6, 0, 1, '2024-03-18 23:55:10', 'SCS Seal', '20240318165509_55256582.jpeg', '0', '0'),
(337, 6, '2024-03-16', 5, 10000, 'jamil', 'Transport', 'Lalji Mulji Transport Ltd.', '55256583', '2024-03-22', 'Arvind Sharma', 5, 0, 1, '2024-03-18 23:55:49', 'SCS Seal', '20240318165549_55256583.jpeg', '0', '0'),
(338, 14, '2024-03-16', 5, 10000, 'jamil', 'Transport', 'SARASWATI LOGISTICS & CARGO', '2860', '2024-03-20', 'Arvind Sharma', 5, 0, 1, '2024-03-18 23:56:47', 'SCS Seal', '20240318165646_2860.jpeg', '0', '0'),
(339, 12, '2024-03-17', 10, 20000, 'JHAJI', 'Transport', 'BUS', 'NO RECEIPT', '2024-03-18', 'Arvind Sharma', 10, 0, 1, '2024-03-18 23:57:48', 'SCS Seal', '20240318165748_noreceipt.jpg', '0', '0'),
(340, 7, '2024-03-30', 11, 22000, 'jamil', 'Transport', 'Lalji Mulji Transport Ltd.', '55257023', '2024-04-09', 'Arvind Sharma', 11, 0, 1, '2024-04-05 18:26:02', 'SCS Seal', '20240405112601_55257023.jpeg', '0', '0'),
(341, 12, '2024-03-31', 10, 20000, 'JHAJI', 'Transport', 'BUS', 'NO RECEIPT', '2024-04-09', 'Arvind Sharma', 10, 0, 1, '2024-04-05 18:27:15', 'SCS Seal', '20240405112715_noreceipt.jpg', '0', '0'),
(342, 7, '2024-04-12', 15, 30000, 'jamil', 'Transport', 'Lalji Mulji Transport Ltd.', '55257448', '2024-04-25', 'Arvind Sharma', 15, 0, 1, '2024-04-16 23:50:38', 'SCS Seal', '20240416165038_55257448.jpeg', '0', '0'),
(343, 12, '2024-04-13', 7, 14000, 'JHAJI', 'Transport', 'BUS', 'NO RECEIPT', '2024-04-22', 'Arvind Sharma', 7, 0, 1, '2024-04-16 23:51:56', 'SCS Seal', '20240416165155_noreceipt.jpg', '0', '0'),
(344, 5, '2024-04-12', 5, 10000, 'jamil', 'Transport', 'Lalji Mulji Transport Ltd.', '55257449', '2024-04-24', 'Arvind Sharma', 5, 0, 1, '2024-04-16 23:53:12', 'SCS Seal', '20240416165312_55257449.jpeg', '0', '0'),
(345, 14, '2024-04-12', 5, 10000, 'jamil', 'Transport', 'SARASWATI LOGISTICS & CARGO', '2963', '2024-04-23', 'Arvind Sharma', 5, 0, 1, '2024-04-16 23:54:03', 'SCS Seal', '20240416165403_2963.jpeg', '0', '0'),
(346, 39, '2024-04-12', 3, 6000, 'jamil', 'Transport', 'SARASWATI LOGISTICS & CARGO', '2965', '2024-04-23', 'Arvind Sharma', 3, 0, 1, '2024-04-16 23:59:45', 'SCS Seal', '20240416165945_2965.jpeg', '0', '0'),
(347, 6, '2024-05-07', 7, 14000, 'jamil', 'Transport', 'Lalji Mulji Transport Ltd.', '55300234', '2024-05-14', 'Arvind Sharma', 7, 0, 1, '2024-05-09 18:43:53', 'SCS Seal', '20240509114351_55300234.jpeg', '0', '0'),
(348, 7, '2024-05-07', 22, 44000, 'jamil', 'Transport', 'Lalji Mulji Transport Ltd.', '55300233', '2024-05-13', 'Arvind Sharma', 22, 0, 1, '2024-05-09 18:44:38', 'SCS Seal', '20240509114438_55300233.jpeg', '0', '0'),
(349, 14, '2024-05-07', 10, 20000, 'jamil', 'Transport', 'SARASWATI LOGISTICS & CARGO', '7041', '2024-05-18', 'Arvind Sharma', 10, 0, 1, '2024-05-09 18:45:24', 'SCS Seal', '20240509114523_7041.jpeg', '0', '0'),
(350, 5, '2024-05-18', 5, 10000, 'jamil', 'Transport', 'Lalji Mulji Transport Ltd.', '55300612', '2024-05-27', 'Arvind Sharma', 5, 0, 1, '2024-05-20 21:37:05', 'SCS Seal', '20240520143704_55300612.jpeg', '0', '0'),
(351, 12, '2024-05-19', 15, 30000, 'JHAJI', 'Transport', 'BUS', 'NO RECEIPT', '2024-05-20', 'Arvind Sharma', 15, 0, 1, '2024-05-20 21:38:40', 'SCS Seal', '20240520143840_noreceipt.jpg', '0', '0'),
(352, 39, '2024-05-18', 3, 6000, 'jamil', 'Transport', 'SARASWATI LOGISTICS & CARGO', '7070', '2024-05-24', 'Arvind Sharma', 3, 0, 1, '2024-05-20 21:41:38', 'SCS Seal', '20240520144138_7070.jpeg', '0', '0'),
(353, 5, '2024-06-15', 10, 20000, 'Jamil', 'Transport', 'Lalji Mulji Transport Ltd.', '55301601', '2024-06-20', 'Arvind Sharma', 10, 0, 1, '2024-06-18 22:09:48', 'SCS Seal', '20240618150946_55301601.jpeg', '0', '0'),
(354, 7, '2024-06-15', 10, 20000, 'Jamil', 'Transport', 'Lalji Mulji Transport Ltd.', '55301600', '2024-06-22', 'Arvind Sharma', 10, 0, 1, '2024-06-18 22:10:33', 'SCS Seal', '20240618151033_55301600.jpeg', '0', '0'),
(355, 5, '2024-07-05', 9, 18000, 'Jamil', 'Transport', 'Lalji Mulji Transport Ltd.', '55376289', '2024-07-11', 'Arvind Sharma', 9, 0, 1, '2024-07-07 01:22:06', 'SCS Seal', '20240706182203_55376289.jpeg', '0', '0'),
(356, 7, '2024-07-05', 15, 30000, 'Jamil', 'Transport', 'Lalji Mulji Transport Ltd.', '55376288', '2024-07-15', 'Arvind Sharma', 15, 0, 1, '2024-07-07 01:23:00', 'SCS Seal', '20240706182300_55376288.jpeg', '0', '0'),
(357, 14, '2024-07-05', 10, 20000, 'jhaji', 'Transport', 'Saraswati Logistics & Cargo', '7175', '2024-07-10', 'Arvind Sharma', 10, 0, 1, '2024-07-07 01:24:58', 'SCS Seal', '20240706182458_7175.jpeg', '0', '0'),
(358, 7, '2024-07-25', 10, 20000, 'jamil', 'Transport', 'Lalji Mulji Transport', '55376988', '2024-08-05', 'Arvind Sharma', 10, 0, 1, '2024-07-30 00:43:58', 'SCS Seal', '20240729174358_55376988.jpeg', '0', '0'),
(359, 39, '2024-07-25', 3, 6000, 'jamil', 'Transport', 'SARASWATI LOGISTICS & CARGO', '7326', '2024-07-30', 'Arvind Sharma', 3, 0, 1, '2024-07-30 00:46:05', 'SCS Seal', '20240729174604_7326.jpeg', '0', '0'),
(360, 6, '2024-07-25', 10, 20000, 'jamil', 'Transport', 'Lalji Mulji Transport', '55376987', '2024-08-05', 'Arvind Sharma', 10, 0, 1, '2024-07-30 00:47:41', 'SCS Seal', '20240729174740_55376987.jpeg', '0', '0'),
(361, 5, '2024-08-14', 10, 20000, 'Jamil', 'Transport', 'Lalji Mulji Transport', 'MUM55377705', '2024-08-27', 'Arvind Sharma', 10, 0, 1, '2024-08-18 01:08:51', 'Harshit Jain', '20240817180851_55377705.jpeg', '0', '0'),
(362, 7, '2024-08-14', 5, 10000, 'Jamil', 'Transport', 'Lalji Mulji Transport', 'MUM55377704', '2024-08-27', 'Arvind Sharma', 5, 0, 1, '2024-08-18 01:11:31', 'Harshit Jain', '20240817181131_55377704.jpeg', '0', '0'),
(363, 7, '2024-08-14', 16, 32000, 'Jamil', 'Transport', 'Lalji Mulji Transport', 'MUM55377703', '2024-08-27', 'Arvind Sharma', 16, 0, 1, '2024-08-18 01:12:30', 'Harshit Jain', '20240817181230_55377703.jpeg', '0', '0'),
(364, 14, '2024-08-14', 5, 10000, 'Jha ji', 'Transport', 'SARASWATI LOGISTICS & CARGO', '7378', '2024-08-26', 'Arvind Sharma', 5, 0, 1, '2024-08-18 01:20:16', 'Harshit Jain', '20240817182016_7378.jpeg', '0', '0'),
(365, 12, '2024-08-16', 10, 20000, 'Jha ji', 'Courier', 'BUS', 'No', '2024-08-17', 'Arvind Sharma', 10, 0, 1, '2024-08-18 01:22:40', 'Harshit Jain', '20240817182240_noreceipt.jpg', '0', '0'),
(366, 7, '2024-09-03', 10, 20000, 'jamil', 'Transport', 'Lalji Mulji Transport Ltd.', '55388244', '2024-09-07', 'Arvind Sharma', 10, 0, 1, '2024-09-04 23:23:53', 'Sushma', '20240904162353_55388244.jpeg', 'DE-00001', 'DE-00010'),
(367, 5, '2024-09-03', 5, 10000, 'jamil', 'Transport', 'Lalji Mulji Transport Ltd.', '55388243', '2024-09-10', 'Arvind Sharma', 5, 0, 1, '2024-09-04 23:25:12', 'Sushma', '20240904162512_55388243.jpeg', 'DE-00011', 'DE-00015'),
(368, 6, '2024-09-03', 5, 10000, 'jamil', 'Transport', 'Lalji Mulji Transport Ltd.', '55388242', '2024-09-18', 'Arvind Sharma', 5, 0, 1, '2024-09-04 23:33:37', 'Sushma', '20240904163336_55388242.jpeg', 'DE-00015', 'DE-00020'),
(369, 7, '2024-09-20', 15, 30000, 'jamil', 'Transport', 'Lalji Mulji Transport Ltd.', '55388845', '2024-09-28', 'Arvind Sharma', 14, 1, 1, '2024-09-22 00:16:57', 'Sushma', '20240921171657_55388845.jpeg', '0', '0'),
(370, 5, '2024-09-20', 5, 10000, 'jamil', 'Transport', 'Lalji Mulji Transport Ltd.', '55388844', '2024-09-28', 'Arvind Sharma', 5, 0, 1, '2024-09-22 00:17:48', 'Sushma', '20240921171748_55388844.jpeg', '0', '0'),
(371, 6, '2024-09-20', 5, 10000, 'jamil', 'Transport', 'Lalji Mulji Transport Ltd.', '55388846', '2024-09-28', 'Arvind Sharma', 5, 0, 1, '2024-09-22 00:18:32', 'Sushma', '20240921171832_55388846.jpeg', '0', '0'),
(372, 39, '2024-09-20', 3, 6000, 'jamil', 'Transport', 'SARASWATI LOGISTICS & CARGO', '7480', '2024-09-28', 'Arvind Sharma', 3, 0, 1, '2024-09-22 00:20:29', 'Sushma', '20240921172029_7480.jpeg', '0', '0'),
(373, 14, '2024-09-20', 10, 20000, 'jamil', 'Transport', 'SARASWATI LOGISTICS & CARGO', '7479', '1970-01-01', 'Arvind Sharma', 10, 0, 1, '2024-09-22 00:21:22', 'Sushma', '20240921172121_7479.jpeg', '0', '0'),
(374, 7, '2024-10-11', 14, 28000, 'jamil', 'Transport', 'Lalji Mulji Transport Ltd.', '55389634', '2024-10-23', 'Arvind Sharma', 14, 0, 1, '2024-10-15 18:47:38', 'Sushma', '20241015114737_55389634.jpeg', '0', '0'),
(375, 5, '2024-10-11', 14, 28000, 'jamil', 'Transport', 'Lalji Mulji Transport Ltd.', '55389633', '2024-10-23', 'Arvind Sharma', 14, 0, 1, '2024-10-15 18:48:29', 'Sushma', '20241015114828_55389633.jpeg', '0', '0'),
(376, 7, '2024-10-30', 10, 20000, 'jamil', 'Transport', 'Lalji Mulji Transport Ltd.', '55440350', '2024-12-12', 'Arvind Sharma', 10, 0, 1, '2024-11-04 23:52:15', 'Sushma', '20241104165214_55440350.jpeg', '0', '0'),
(377, 6, '2024-10-30', 6, 12000, 'jamil', 'Transport', 'Lalji Mulji Transport Ltd.', '55440349', '2024-12-12', 'Arvind Sharma', 6, 0, 1, '2024-11-04 23:53:27', 'Sushma', '20241104165326_55440349.jpeg', '0', '0'),
(378, 14, '2024-10-30', 10, 20000, 'jamil', 'Transport', 'SARASWATI LOGISTICS & CARGO', '7594', '2024-11-08', 'Arvind Sharma', 10, 0, 1, '2024-11-04 23:55:03', 'Sushma', '20241104165503_7594.jpeg', '0', '0'),
(379, 12, '2024-10-31', 10, 20000, 'JHAJI', 'Transport', 'BUS', 'bus (no receipt)', '2024-11-04', 'Arvind Sharma', 10, 0, 1, '2024-11-04 23:56:24', 'Sushma', '20241104165624_noreceipt.jpg', '0', '0'),
(380, 14, '2024-12-03', 10, 20000, 'jamil', 'Transport', 'SARASWATI LOGISTICS & CARGO', '7666', '2024-12-12', 'Arvind Sharma', 10, 0, 1, '2024-12-04 23:36:35', 'Sushma', '20241204163634_7666.jpeg', '0', '0'),
(381, 5, '2024-12-03', 10, 20000, 'jamil', 'Transport', 'Lalji Mulji Transport Ltd.', '55441350', '2024-12-13', 'Arvind Sharma', 10, 0, 1, '2024-12-04 23:37:37', 'Sushma', '20241204163737_55441350.jpeg', '0', '0'),
(382, 7, '2024-12-03', 10, 20000, 'jamil', 'Transport', 'Lalji Mulji Transport Ltd.', '55441348', '2024-12-13', 'Arvind Sharma', 10, 0, 1, '2024-12-04 23:38:34', 'Sushma', '20241204163834_55441348.jpeg', '0', '0'),
(383, 6, '2024-12-03', 10, 20000, 'jamil', 'Transport', 'Lalji Mulji Transport Ltd.', '55441349', '2024-12-13', 'Arvind Sharma', 10, 0, 1, '2024-12-04 23:39:24', 'Sushma', '20241204163923_55441349.jpeg', '0', '0'),
(384, 39, '2024-12-03', 4, 8000, 'jamil', 'Transport', 'SARASWATI LOGISTICS & CARGO', '7667', '2024-12-10', 'Arvind Sharma', 4, 0, 1, '2024-12-04 23:40:37', 'Sushma', '20241204164037_7667.jpeg', '0', '0'),
(385, 6, '2024-12-23', 4, 8000, 'jamil', 'Transport', 'Lalji Mulji Transport Ltd.', '55472021', '2025-01-15', 'Arvind Sharma', 4, 0, 1, '2024-12-24 23:23:00', 'Sushma', '20241224162258_55472021.jpeg', '0', '0'),
(386, 14, '2024-12-23', 10, 20000, 'jamil', 'Transport', 'SARASWATI LOGISTICS & CARGO', '7806', '2025-01-01', 'Arvind Sharma', 10, 0, 1, '2024-12-24 23:23:52', 'Sushma', '20241224162351_7806.jpeg', '0', '0'),
(387, 5, '2025-01-08', 15, 30000, 'jamil', 'Transport', 'Lalji Mulji Transport Ltd.', '55472616', '2025-02-01', 'Arvind Sharma', 15, 0, 1, '2025-01-11 00:42:16', 'Sushma', '20250110174216_55472616.jpeg', '0', '0'),
(388, 6, '2025-01-08', 5, 10000, 'jamil', 'Transport', 'Lalji Mulji Transport Ltd.', '55472615', '2025-01-15', 'Arvind Sharma', 5, 0, 1, '2025-01-11 00:43:45', 'Sushma', '20250110174345_55472615.jpeg', '0', '0'),
(389, 7, '2025-01-17', 16, 32000, 'jamil', 'Transport', 'Lalji Mulji Transport Ltd.', '55472935', '2025-02-01', 'Arvind Sharma', 16, 0, 1, '2025-01-21 00:01:40', 'Sushma', '20250120170140_55472935.jpeg', '0', '0'),
(390, 14, '2025-01-17', 10, 20000, 'jamil', 'Transport', 'SARASWATI LOGISTICS & CARGO', '7864', '2025-02-01', 'Arvind Sharma', 10, 0, 1, '2025-01-21 00:03:05', 'Sushma', '20250120170305_7864.jpeg', '0', '0'),
(391, 5, '2025-02-10', 5, 10000, 'jamil', 'Transport', 'Lalji Mulji Transport Ltd.', '55473786', '2025-03-08', 'Arvind Sharma', 5, 0, 1, '2025-02-12 00:33:02', 'Sushma', '20250211173302_55473786.jpeg', '0', '0'),
(392, 7, '2025-02-10', 9, 18000, 'jamil', 'Transport', 'Lalji Mulji Transport Ltd.', '55473789', '2025-03-31', 'Arvind Sharma', 9, 0, 1, '2025-02-12 00:33:56', 'Sushma', '20250211173356_55473789.jpeg', '0', '0'),
(393, 6, '2025-02-10', 7, 14000, 'jamil', 'Transport', 'Lalji Mulji Transport Ltd.', '55473787', '2025-03-31', 'Arvind Sharma', 7, 0, 1, '2025-02-12 00:34:53', 'Sushma', '20250211173453_55473787.jpeg', '0', '0'),
(394, 14, '2025-02-10', 10, 20000, 'jamil', 'Transport', 'SARASWATI LOGISTICS & CARGO', '7780', '2025-02-28', 'Arvind Sharma', 10, 0, 1, '2025-02-12 00:35:42', 'Sushma', '20250211173542_7780.jpeg', '0', '0'),
(395, 7, '2025-03-06', 10, 20000, 'jamil', 'Transport', 'Lalji Mulji Transport Ltd.', '55474637', '2025-03-13', 'Arvind Sharma', 10, 0, 1, '2025-03-08 00:46:48', 'Sushma', '20250307174648_55474637.jpeg', '0', '0'),
(396, 5, '2025-03-06', 20, 40000, 'jamil', 'Transport', 'Lalji Mulji Transport Ltd.', '55474639', '2025-03-14', 'Arvind Sharma', 20, 0, 1, '2025-03-08 00:47:40', 'Sushma', '20250307174740_55474639.jpeg', '0', '0'),
(397, 6, '2025-03-06', 9, 18000, 'jamil', 'Transport', 'Lalji Mulji Transport Ltd.', '55474638', '2025-03-13', 'Arvind Sharma', 9, 0, 1, '2025-03-08 00:48:14', 'Sushma', '20250307174814_55474638.jpeg', '0', '0'),
(398, 39, '2025-03-06', 5, 10000, 'jamil', 'Transport', 'SARASWATI LOGISTICS & CARGO', '8054', '2025-03-13', 'Arvind Sharma', 5, 0, 1, '2025-03-08 00:49:31', 'Sushma', '20250307174931_8054.jpeg', '0', '0'),
(399, 5, '2025-04-04', 20, 40000, 'jamil', 'Courier', 'Lalji Mulji Transport', '55475513', '2025-04-15', 'Arvind Sharma', 20, 0, 1, '2025-04-05 22:47:06', 'Sushma', '20250405154706_55475513.jpeg', '0', '0'),
(400, 7, '2025-04-04', 5, 10000, 'jamil', 'Transport', 'Lalji Mulji Transport Ltd.', '55475511', '2025-04-18', 'Arvind Sharma', 5, 0, 1, '2025-04-05 22:47:57', 'Sushma', '20250405154757_55475511.jpeg', '0', '0'),
(401, 6, '2025-04-04', 6, 12000, 'jamil', 'Transport', 'Lalji Mulji Transport', '55475512', '2025-04-17', 'Arvind Sharma', 0, 6, 1, '2025-04-05 22:48:43', 'Sushma', '20250405154843_55475512.jpeg', '0', '0'),
(402, 39, '2025-04-04', 5, 10000, 'jamil', 'Transport', 'SARASWATI LOGISTICS & CARGO', '8139', '2025-04-12', 'Arvind Sharma', 5, 0, 1, '2025-04-05 22:49:42', 'Sushma', '20250405154942_8139.jpeg', '0', '0'),
(403, 14, '2025-04-04', 5, 10000, 'jamil', 'Transport', 'SARASWATI LOGISTICS & CARGO', '8138', '2025-04-11', 'Arvind Sharma', 5, 0, 1, '2025-04-05 22:50:26', 'Sushma', '20250405155025_8138.jpeg', '0', '0'),
(404, 7, '2025-05-09', 20, 40000, 'jamil', 'Transport', 'Lalji Mulji Transport Ltd.', '55500680', '2025-05-19', 'Arvind Sharma', 20, 0, 1, '2025-05-10 00:31:07', 'Sushma', '20250509173107_55500680.jpeg', '0', '0'),
(405, 5, '2025-05-09', 10, 20000, 'jamil', 'Transport', 'Lalji Mulji Transport Ltd.', '55500681', '2025-05-17', 'Arvind Sharma', 10, 0, 1, '2025-05-10 00:31:53', 'Sushma', '20250509173153_55500681.jpeg', '0', '0'),
(406, 14, '2025-05-09', 10, 20000, 'jamil', 'Transport', 'SARASWATI LOGISTICS & CARGO', '8228', '2025-05-13', 'Arvind Sharma', 10, 0, 1, '2025-05-10 00:32:35', 'Sushma', '20250509173235_8228.jpeg', '0', '0'),
(407, 39, '2025-05-09', 3, 6000, 'jamil', 'Transport', 'SARASWATI LOGISTICS & CARGO', '8229', '2025-05-17', 'Arvind Sharma', 3, 0, 1, '2025-05-10 00:33:11', 'Sushma', '20250509173311_8229.jpeg', '0', '0'),
(408, 5, '2025-05-28', 14, 28000, 'jamil', 'Transport', 'Lalji Mulji Transport Ltd.', '55501306', '2025-06-07', 'Arvind Sharma', 14, 0, 1, '2025-05-30 00:31:33', 'Sushma', '20250529173132_55501306.jpeg', '0', '0'),
(409, 7, '2025-05-28', 10, 20000, 'jamil', 'Transport', 'Lalji Mulji Transport Ltd.', '55501305', '2025-06-07', 'Arvind Sharma', 10, 0, 1, '2025-05-30 00:32:26', 'Sushma', '20250529173226_55501305.jpeg', '0', '0'),
(410, 14, '2025-05-28', 23, 46000, 'jamil', 'Transport', 'SARASWATI LOGISTICS & CARGO', '8280', '2025-06-03', 'Arvind Sharma', 23, 0, 1, '2025-05-30 00:33:12', 'Sushma', '20250529173312_8280.jpeg', '0', '0'),
(411, 7, '2025-07-02', 12, 24000, 'jamil', 'Transport', 'Lalji Mulji Transport Ltd.', '55512434', '1970-01-01', 'Omkar Chavan', 0, 12, 1, '2025-07-05 00:54:01', 'Sushma', '20250704175019_55512434.jpeg', '0', '0'),
(412, 6, '2025-07-02', 8, 16000, 'jamil', 'Transport', 'Lalji Mulji Transport Ltd.', '55512433', '1997-12-23', 'Omkar Chavan', 0, 8, 1, '2025-07-05 00:53:52', 'Sushma', '20250704175109_55512433.jpeg', '0', '0'),
(415, 36, '2025-07-25', 100, 5000, 'Mithesh', 'Transport', 'ABC', '12345', '1970-01-01', 'siddhi', 2, 98, 1, '2025-07-25 11:12:38', 'Soumen Das', '20250725164237_1784_fuji_10.png', '0', '0'),
(416, 5, '2025-07-25', 50, 2000, 'Atharv', 'Courier', 'Express', '6467541', '1970-01-01', 'siddhi', 1, 49, 1, '2025-09-10 01:19:19', '1', '20250910064919_Screenshot_2025-07-04_162423.png', '0', '0'),
(423, 9, '2025-08-29', 3, 2, 'Neeraj chaudhary', 'Courier', 'testtttt', '345346543123', '1970-01-01', 'Omkar Chavan', 1, 2, 1, '2025-09-19 06:44:39', '276', '20250829081228_Screenshot_2025-07-04_162236.png', '45', '35'),
(430, 1, '2025-09-17', 6, 12, 'omkar', 'Courier', 'test', '567788', '1970-01-01', 'Omkar Chavan', 5, 1, 1, '2025-09-17 05:12:07', '276', '20250917104040_strength.png', '45', '55'),
(431, 1, '1970-01-01', 6, 8, 'omkar', 'Transport', 'omkar1', 'test123', '2025-09-19', 'Omkar Chavan', 2, 4, 1, '2025-09-19 06:44:11', '276', '20250919121156_log.png', '45', '25'),
(432, 1, '2025-09-21', 5, 5, 'omkar', 'Transport', 'transport', 'test34', '2025-09-22', 'Omkar Chavan', 4, 1, 1, '2025-09-21 23:16:46', '276', '20250922042648_Screenshot_2025-09-20_123352.png', '45', '69');

-- --------------------------------------------------------

--
